From mboxrd@z Thu Jan 1 00:00:00 1970 From: xen.org Subject: [linux-linus test] 29399: regressions - FAIL Date: Sat, 19 Jul 2014 23:07:01 +0100 Message-ID: Mime-Version: 1.0 Content-Type: multipart/mixed; boundary="===============1047120934660898777==" Return-path: List-Unsubscribe: , List-Post: List-Help: List-Subscribe: , Sender: xen-devel-bounces@lists.xen.org Errors-To: xen-devel-bounces@lists.xen.org To: xen-devel@lists.xensource.com Cc: ian.jackson@eu.citrix.com List-Id: xen-devel@lists.xenproject.org --===============1047120934660898777== Content-Type: text/plain Content-Length: 13971 Content-Transfer-Encoding: quoted-printable flight 29399 linux-linus real [real] http://www.chiark.greenend.org.uk/~xensrcts/logs/29399/ Regressions :-( Tests which did not succeed and are blocking, including tests which could not be run: test-armhf-armhf-xl 9 guest-start fail REGR. vs. 29310 test-amd64-i386-qemut-rhel6hvm-amd 5 xen-boot fail REGR. vs. 29310 test-amd64-i386-qemuu-rhel6hvm-amd 5 xen-boot fail REGR. vs. 29310 Regressions which are regarded as allowable (not blocking): test-amd64-i386-xl-multivcpu 15 guest-localmigrate/x10 fail like 29310 test-amd64-i386-xl-credit2 15 guest-localmigrate/x10 fail like 29310 test-amd64-i386-freebsd10-i386 7 freebsd-install fail like 29310 test-amd64-i386-freebsd10-amd64 7 freebsd-install fail like 29310 test-amd64-i386-xl-qemuu-debianhvm-amd64 5 xen-boot fail like 29310 test-amd64-i386-rhel6hvm-amd 7 redhat-install fail blocked in 29310 test-amd64-i386-xl-qemut-debianhvm-amd64 5 xen-boot fail like 29310 test-amd64-i386-xl 7 debian-install fail blocked in 29310 test-amd64-amd64-xl-sedf 15 guest-localmigrate/x10 fail like 29310 test-amd64-amd64-xl-sedf-pin 15 guest-localmigrate/x10 fail like 29310 test-amd64-i386-pair 17 guest-migrate/src_host/dst_host fail like 29310 test-amd64-amd64-xl-qemuu-winxpsp3 7 windows-install fail like 29310 Tests which did not succeed, but are not blocking: test-amd64-i386-libvirt 9 guest-start fail never pass test-armhf-armhf-libvirt 9 guest-start fail never pass test-amd64-amd64-libvirt 9 guest-start fail never pass test-amd64-i386-xl-qemuu-winxpsp3-vcpus1 14 guest-stop fail never pass test-amd64-i386-xl-qemuu-winxpsp3 14 guest-stop fail never pass test-amd64-i386-xl-qemut-win7-amd64 14 guest-stop fail never pass test-amd64-i386-xl-qemuu-win7-amd64 14 guest-stop fail never pass test-amd64-i386-xl-win7-amd64 14 guest-stop fail never pass test-amd64-amd64-xl-qemut-win7-amd64 14 guest-stop fail never pass test-amd64-amd64-xl-winxpsp3 14 guest-stop fail never pass test-amd64-amd64-xl-qemut-winxpsp3 14 guest-stop fail never pass test-amd64-amd64-xl-pcipt-intel 9 guest-start fail never pass test-amd64-amd64-xl-win7-amd64 14 guest-stop fail never pass test-amd64-i386-xl-winxpsp3-vcpus1 14 guest-stop fail never pass test-amd64-i386-xl-qemut-winxpsp3-vcpus1 14 guest-stop fail never pass test-amd64-i386-xl-winxpsp3 14 guest-stop fail never pass test-amd64-i386-xl-qemut-winxpsp3 14 guest-stop fail never pass test-amd64-amd64-xl-qemuu-win7-amd64 14 guest-stop fail never pass version targeted for testing: linux f83971912231fe5390d2357442b6c25bb8076d9b baseline version: linux 1795cd9b3a91d4b5473c97f491d63892442212ab ------------------------------------------------------------ People who touched revisions under test: Aaron Brown Aaron Plattner Alan Cox Alex Wang Alexander Aring Alexander Smirnov Alexey Khoroshilov Amir Vadai Amitkumar Karwar Amritha Nambiar Anand Avati Andrea Adami Andrea Merello Andrew Vagin Andrey Utkin Andy Zhou Arend van Spriel Arik Nemtsov Arik Nemtsov Arnaldo Carvalho de Melo Artem Bityutskiy Avinash Patil Bartosz Markowski Ben Pfaff Benjamin Herrenschmidt Benjamin LaHaise Bernd Wachter Bing Zhao Bj=C3=B8rn Mork Bob Peterson Brian Norris Christoph Paasch Christoph Schulz Daniel Borkmann Daniel Mack Dave Chinner Dave Chinner David Miller David S. Miller David Vrabel Denis Kirjanov Ding Tianhong dingtianhong Dmitry Eremin-Solenikov Dmitry Popov Don Zickus Edward Allcutt Eliad Peller Eliad Peller Emmanuel Grumbach Eric Dumazet Fabian Frederick Florian Fainelli Francois Romieu fran=C3=A7ois romieu Geert Uytterhoeven Guenter Roeck Hangbin Liu Hannes Frederic Sowa HATAYAMA Daisuke Hayes Wang hayeswang Heiko Schocher Helmut Schaa Himangi Saraogi Ilan Peer Ingo Molnar James Chapman James M Leddy Jan Kara Jarno Rajahalme Jason Wang Jeff Kirsher Jesse Gross Jim Young Jiri Olsa Jiri Olsa Joe Thornber Johan Hedberg Johannes Berg John W. Linville Jon Maloy Jon Paul Maloy Joonyoung Shim Joseph Gasparakis Julia Lawall Kalle Valo Linus Torvalds Linus Walleij Loic Poulain Loic Prylli Lukasz Rymanowski Maciej W. Rozycki Madalin-Cristian Bucur Maithili Hinge Marcel Holtmann Marek Marczykowski Martin Lau Mathias Krause Mauro Max Stepanov Maxim Patlasov Michael Welling Michal Kazior Mike Snitzer Miklos Szeredi Namhyung Kim Neal Cardwell Nikolay Aleksandrov Niu Yawei Niu Yawei Oleg Nesterov Olivier Sobrie Or Gerlitz Oren Givon Pavel Emelyanov Pekon Gupta Peter Zijlstra Pravin B Shelar Richard Cochran Richard Weinberger Rickard Strandqvist Robert Elliot Sasha Levin Sathya Perla Simon Que Stefan Assmann Stefan Richter Stefan S=C3=B8rensen Stefano Stabellini Steven Rostedt (Red Hat) Steven Rostedt Steven Whitehouse Suresh Reddy Takashi Iwai Ted Juan Thierry Reding Thomas Fitzsimmons Thomas Petazzoni Todd Fujinaka Tom Herbert Vince Bridgers Vincent Guittot Wei Zhang Xinming Hu Yijing Wang Ying Xue YOSHIFUJI Hideaki Yuchung Cheng zhangwei(Jovi) Zhao Qiang ------------------------------------------------------------ jobs: build-amd64 pass build-armhf pass build-i386 pass build-amd64-libvirt pass build-armhf-libvirt pass build-i386-libvirt pass build-amd64-pvops pass build-armhf-pvops pass build-i386-pvops pass build-amd64-rumpuserxen pass build-i386-rumpuserxen pass test-amd64-amd64-xl pass test-armhf-armhf-xl fail test-amd64-i386-xl fail test-amd64-i386-rhel6hvm-amd fail test-amd64-i386-qemut-rhel6hvm-amd fail test-amd64-i386-qemuu-rhel6hvm-amd fail test-amd64-amd64-xl-qemut-debianhvm-amd64 pass test-amd64-i386-xl-qemut-debianhvm-amd64 fail test-amd64-amd64-xl-qemuu-debianhvm-amd64 pass test-amd64-i386-xl-qemuu-debianhvm-amd64 fail test-amd64-i386-freebsd10-amd64 fail test-amd64-amd64-xl-qemuu-ovmf-amd64 pass test-amd64-i386-xl-qemuu-ovmf-amd64 pass test-amd64-amd64-rumpuserxen-amd64 pass test-amd64-amd64-xl-qemut-win7-amd64 fail test-amd64-i386-xl-qemut-win7-amd64 fail test-amd64-amd64-xl-qemuu-win7-amd64 fail test-amd64-i386-xl-qemuu-win7-amd64 fail test-amd64-amd64-xl-win7-amd64 fail test-amd64-i386-xl-win7-amd64 fail test-amd64-i386-xl-credit2 fail test-amd64-i386-freebsd10-i386 fail test-amd64-i386-rumpuserxen-i386 pass test-amd64-amd64-xl-pcipt-intel fail test-amd64-i386-rhel6hvm-intel pass test-amd64-i386-qemut-rhel6hvm-intel pass test-amd64-i386-qemuu-rhel6hvm-intel pass test-amd64-amd64-libvirt fail test-armhf-armhf-libvirt fail test-amd64-i386-libvirt fail test-amd64-i386-xl-multivcpu fail test-amd64-amd64-pair pass test-amd64-i386-pair fail test-amd64-amd64-xl-sedf-pin fail test-amd64-amd64-xl-sedf fail test-amd64-i386-xl-qemut-winxpsp3-vcpus1 fail test-amd64-i386-xl-qemuu-winxpsp3-vcpus1 fail test-amd64-i386-xl-winxpsp3-vcpus1 fail test-amd64-amd64-xl-qemut-winxpsp3 fail test-amd64-i386-xl-qemut-winxpsp3 fail test-amd64-amd64-xl-qemuu-winxpsp3 fail test-amd64-i386-xl-qemuu-winxpsp3 fail test-amd64-amd64-xl-winxpsp3 fail test-amd64-i386-xl-winxpsp3 fail ------------------------------------------------------------ sg-report-flight on osstest.cam.xci-test.com logs: /home/xc_osstest/logs images: /home/xc_osstest/images Logs, config files, etc. are available at http://www.chiark.greenend.org.uk/~xensrcts/logs Test harness code can be found at http://xenbits.xensource.com/gitweb=3Fp=3Dosstest.git;a=3Dsummary Not pushing. (No revision log; it would be 4096 lines long.) --===============1047120934660898777== Content-Type: text/plain; charset="us-ascii" MIME-Version: 1.0 Content-Transfer-Encoding: 7bit Content-Disposition: inline _______________________________________________ Xen-devel mailing list Xen-devel@lists.xen.org http://lists.xen.org/xen-devel --===============1047120934660898777==--