xen-devel.lists.xenproject.org archive mirror
 help / color / mirror / Atom feed
From: xen.org <Ian.Jackson@eu.citrix.com>
To: xen-devel@lists.xensource.com
Cc: ian.jackson@eu.citrix.com
Subject: [linux-linus test] 29410: regressions - trouble: blocked/broken/fail/pass
Date: Sun, 20 Jul 2014 22:33:46 +0100	[thread overview]
Message-ID: <osstest-29410-mainreport@xen.org> (raw)

[-- Attachment #1: Type: text/plain, Size: 16695 bytes --]

flight 29410 linux-linus real [real]
http://www.chiark.greenend.org.uk/~xensrcts/logs/29410/

Regressions :-(

Tests which did not succeed and are blocking,
including tests which could not be run:
 test-amd64-i386-qemut-rhel6hvm-amd  5 xen-boot            fail REGR. vs. 29310
 test-amd64-i386-qemuu-rhel6hvm-amd  5 xen-boot            fail REGR. vs. 29310
 test-amd64-amd64-xl           3 host-install(3)         broken REGR. vs. 29310
 test-amd64-amd64-xl-qemuu-win7-amd64  7 windows-install   fail REGR. vs. 29310
 build-armhf-pvops             5 kernel-build              fail REGR. vs. 29310

Regressions which are regarded as allowable (not blocking):
 test-amd64-i386-xl-multivcpu 15 guest-localmigrate/x10       fail   like 29310
 test-amd64-i386-xl-credit2   15 guest-localmigrate/x10       fail   like 29310
 test-amd64-i386-freebsd10-i386  7 freebsd-install              fail like 29310
 test-amd64-i386-freebsd10-amd64  7 freebsd-install             fail like 29310
 test-amd64-i386-xl-qemuu-debianhvm-amd64  5 xen-boot           fail like 29310
 test-amd64-i386-rhel6hvm-amd  5 xen-boot                     fail   like 29310
 test-amd64-i386-xl-qemut-debianhvm-amd64  5 xen-boot           fail like 29310
 test-amd64-i386-xl            5 xen-boot                     fail   like 29310
 test-amd64-amd64-xl-sedf     15 guest-localmigrate/x10       fail   like 29310
 test-amd64-amd64-xl-sedf-pin 15 guest-localmigrate/x10       fail   like 29310
 test-amd64-i386-pair        17 guest-migrate/src_host/dst_host fail like 29310
 test-amd64-amd64-xl-qemuu-winxpsp3  7 windows-install          fail like 29310

Tests which did not succeed, but are not blocking:
 test-amd64-i386-libvirt       9 guest-start                  fail   never pass
 test-armhf-armhf-libvirt      1 build-check(1)               blocked  n/a
 test-amd64-amd64-libvirt      9 guest-start                  fail   never pass
 test-armhf-armhf-xl           1 build-check(1)               blocked  n/a
 test-amd64-i386-xl-qemuu-winxpsp3-vcpus1 14 guest-stop         fail never pass
 test-amd64-i386-xl-qemuu-winxpsp3 14 guest-stop                fail never pass
 test-amd64-i386-xl-qemut-win7-amd64 14 guest-stop              fail never pass
 test-amd64-i386-xl-qemuu-win7-amd64 14 guest-stop              fail never pass
 test-amd64-i386-xl-win7-amd64 14 guest-stop                   fail  never pass
 test-amd64-amd64-xl-qemut-win7-amd64 14 guest-stop             fail never pass
 test-amd64-amd64-xl-winxpsp3 14 guest-stop                   fail   never pass
 test-amd64-amd64-xl-qemut-winxpsp3 14 guest-stop               fail never pass
 test-amd64-amd64-xl-pcipt-intel  9 guest-start                 fail never pass
 test-amd64-amd64-xl-win7-amd64 14 guest-stop                   fail never pass
 test-amd64-i386-xl-winxpsp3-vcpus1 14 guest-stop               fail never pass
 test-amd64-i386-xl-qemut-winxpsp3-vcpus1 14 guest-stop         fail never pass
 test-amd64-i386-xl-winxpsp3  14 guest-stop                   fail   never pass
 test-amd64-i386-xl-qemut-winxpsp3 14 guest-stop                fail never pass

version targeted for testing:
 linux                d057190925d994b808e1d07e6c76b90a32caac77
baseline version:
 linux                1795cd9b3a91d4b5473c97f491d63892442212ab

------------------------------------------------------------
People who touched revisions under test:
  Aaron Brown <aaron.f.brown@intel.com>
  Aaron Plattner <aplattner@nvidia.com>
  Alan Cox <alan@linux.intel.com>
  Alex Deucher <alexander.deucher@amd.com>
  Alex Wang <alexw@nicira.com>
  Alexander Aring <alex.aring@gmail.com>
  Alexander Smirnov <alex.bluesman.sminov@gmail.com>
  Alexandre Belloni <alexandre.belloni@free-electrons.com>
  Alexey Khoroshilov <khoroshilov@ispras.ru>
  Amir Vadai <amirv@mellanox.com>
  Amit Shah <amit.shah@redhat.com>
  Amitkumar Karwar <akarwar@marvell.com>
  Amritha Nambiar <amritha.nambiar@intel.com>
  Anand Avati <avati@redhat.com>
  Andrea Adami <andrea.adami@gmail.com>
  Andrea Merello <andrea.merello@gmail.com>
  Andrew Lunn <andrew@lunn.ch>
  Andrew Vagin <avagin@openvz.org>
  Andrey Utkin <andrey.krieger.utkin@gmail.com>
  Andy Zhou <azhou@nicira.com>
  Ard Biesheuvel <ard.biesheuvel@linaro.org>
  Arend van Spriel <arend@broadcom.com>
  Arik Nemtsov <arik@wizery.com>
  Arik Nemtsov <arikx.nemtsov@intel.com>
  Arnaldo Carvalho de Melo <acme@redhat.com>
  Arne Ruhnau <arne.ruhnau@target-sg.com>
  Artem Bityutskiy <artem.bityutskiy@linux.intel.com>
  Avinash Patil <patila@marvell.com>
  Axel Lin <axel.lin@ingics.com>
  Bartosz Markowski <bartosz.markowski@tieto.com>
  Ben Pfaff <blp@nicira.com>
  Ben Skeggs <bskeggs@redhat.com>
  Benjamin Herrenschmidt <benh@kernel.crashing.org>
  Benjamin LaHaise <bcrl@kvack.org>
  Bernd Wachter <bernd.wachter@jolla.com>
  Bing Zhao <bzhao@marvell.com>
  Bjørn Mork <bjorn@mork.no>
  Bo Shen <voice.shen@atmel.com>
  Bob Peterson <rpeterso@redhat.com>
  Boris Brezillon <boris.brezillon@free-electrons.com>
  Boris Ostrovsky <boris.ostrovsky@oracle.com>
  Brian Norris <computersforpeace@gmail.com>
  Brian W Hart <hartb@linux.vnet.ibm.com>
  Catalin Marinas <catalin.marinas@arm.com>
  Christoph Paasch <christoph.paasch@uclouvain.be>
  Christoph Schulz <develop@kristov.de>
  Daniel Borkmann <dborkman@redhat.com>
  Daniel Mack <zonque@gmail.com>
  Darren Hart <dvhart@linux.intel.com>
  Dave Airlie <airlied@redhat.com>
  Dave Chinner <david@fromorbit.com>
  Dave Chinner <dchinner@redhat.com>
  David Heidelberger <david.heidelberger@ixit.cz>
  David Miller <davem@davemloft.net>
  David S. Miller <davem@davemloft.net>
  David Vrabel <david.vrabel@citrix.com>
  Davidlohr Bueso <davidlohr@hp.com>
  Denis Kirjanov <kda@linux-powerpc.org>
  Dianfang Zhang <zhangdianfang@huawei.com>
  Ding Tianhong <dingtianhong@huawei.com>
  dingtianhong <dingtianhong@huawei.com>
  Dmitry Eremin-Solenikov <dbaryshkov@gmail.com>
  Dmitry Popov <ixaphire@qrator.net>
  Don Zickus <dzickus@redhat.com>
  Edward Allcutt <edward.allcutt@openmarket.com>
  Eli Cohen <eli@mellanox.com>
  Eliad Peller <eliad@wizery.com>
  Eliad Peller <eliadx.peller@intel.com>
  Emil Medve <Emilian.Medve@Freescale.com>
  Emmanuel Grumbach <emmanuel.grumbach@intel.com>
  Eric Dumazet <edumazet@google.com>
  Ezequiel Garcia <ezequiel.garcia@free-electrons.com>
  Fabian Frederick <fabf@skynet.be>
  Florian Fainelli <f.fainelli@gmail.com>
  Francois Romieu <romieu@fr.zoreil.com>
  françois romieu <romieu@fr.zoreil.com>
  Geert Uytterhoeven <geert@linux-m68k.org>
  Gregory CLEMENT <gregory.clement@free-electrons.com>
  Guenter Roeck <linux@roeck-us.net>
  H. Peter Anvin <hpa@linux.intel.com>
  Hangbin Liu <liuhangbin@gmail.com>
  Hannes Frederic Sowa <hannes@stressinduktion.org>
  Hans de Goede <hdegoede@redhat.com>
  Hariprasad S <hariprasad@chelsio.com>
  Hariprasad Shenai <hariprasad@chelsio.com>
  HATAYAMA Daisuke <d.hatayama@jp.fujitsu.com>
  Hayes Wang <hayeswang@realtek.com>
  hayeswang <hayeswang@realtek.com>
  Heiko Schocher <hs@denx.de>
  Heiko Stuebner <heiko@sntech.de>
  Helmut Schaa <helmut.schaa@googlemail.com>
  Herbert Xu <herbert@gondor.apana.org.au>
  Himangi Saraogi <himangi774@gmail.com>
  Ilan Peer <ilan.peer@intel.com>
  Ingo Molnar <mingo@kernel.org>
  James Chapman <jchapman@katalix.com>
  James M Leddy <james.leddy@redhat.com>
  Jan Kara <jack@suse.cz>
  Jarno Rajahalme <jrajahalme@nicira.com>
  Jason Cooper <jason@lakedaemon.net>
  Jason Low <jason.low2@hp.com>
  Jason Wang <jasowang@redhat.com>
  Jeff Kirsher <jeffrey.t.kirsher@intel.com>
  Jesse Gross <jesse@nicira.com>
  Jim Young <jamesx.m.young@intel.com>
  Jiri Olsa <jolsa@kernel.org>
  Jiri Olsa <jolsa@redhat.com>
  Joe Thornber <ejt@redhat.com>
  Joerg Roedel <jroedel@suse.de>
  Johan Hedberg <johan.hedberg@intel.com>
  Johannes Berg <johannes.berg@intel.com>
  John Stultz <john.stultz@linaro.org>
  John W. Linville <linville@tuxdriver.com>
  Jon Maloy <jon.maloy@ericsson.com>
  Jon Paul Maloy <jon.maloy@ericsson.com>
  Joonyoung Shim <jy0922.shim@samsung.com>
  Joseph Gasparakis <joseph.gasparakis@intel.com>
  Julia Lawall <julia.lawall@lip6.fr>
  Kalle Valo <kvalo@qca.qualcomm.com>
  Kukjin Kim <kgene.kim@samsung.com>
  Leif Lindholm <leif.lindholm@linaro.org>
  Linus Torvalds <torvalds@linux-foundation.org>
  Linus Walleij <linus.walleij@linaro.org>
  Loic Poulain <loic.poulain@intel.com>
  Loic Prylli <loicp@google.com>
  Lucas Stach <l.stach@pengutronix.de>
  Lukasz Rymanowski <lukasz.rymanowski@tieto.com>
  Maciej W. Rozycki <macro@linux-mips.org>
  Madalin-Cristian Bucur <madalin.bucur@freescale.com>
  Maithili Hinge <maithili@marvell.com>
  Marcel Holtmann <marcel@holtmann.org>
  Marek Marczykowski <marmarek@invisiblethingslab.com>
  Mario Kleiner <mario.kleiner.de@gmail.com>
  Martin Lau <kafai@fb.com>
  Martin Peres <martin.peres@free.fr>
  Mateusz Guzik <mguzik@redhat.com>
  Mathias Krause <minipli@googlemail.com>
  Matt Fleming <matt.fleming@intel.com>
  Matthias Brugger <matthias.bgg@gmail.com>
  Mauro <registosites@hotmail.com>
  Max Stepanov <Max.Stepanov@intel.com>
  Maxim Patlasov <mpatlasov@parallels.com>
  Michael Brown <mbrown@fensystems.co.uk>
  Michael Welling <mwelling@ieee.org>
  Michal Kazior <michal.kazior@tieto.com>
  Michel Dänzer <michel.daenzer@amd.com>
  Mike Snitzer <snitzer@redhat.com>
  Miklos Szeredi <mszeredi@suse.cz>
  Namhyung Kim <namhyung@kernel.org>
  Neal Cardwell <ncardwell@google.com>
  Nicolas Del Piano <ndel314@gmail.com>
  Nicolas Ferre <nicolas.ferre@atmel.com>
  Nikolay Aleksandrov <nikolay@redhat.com>
  Niu Yawei <yawei.niu@gmail.com>
  Niu Yawei <yawei.niu@intel.com>
  Oleg Nesterov <oleg@redhat.com>
  Olivier Sobrie <olivier@sobrie.be>
  Olof Johansson <olof@lixom.net>
  Or Gerlitz <ogerlitz@mellanox.com>
  Oren Givon <oren.givon@intel.com>
  Paul Bolle <pebolle@tiscali.nl>
  Paul E. McKenney <paulmck@linux.vnet.ibm.com>
  Pavel Emelyanov <xemul@parallels.com>
  Pekon Gupta <pekon@ti.com>
  Peter Zijlstra <peterz@infradead.org>
  Pravin B Shelar <pshelar@nicira.com>
  Quentin Armitage <quentin@armitage.org.uk>
  Rafael J. Wysocki <rafael.j.wysocki@intel.com>
  Richard Cochran <richardcochran@gmail.com>
  Richard Weinberger <richard@nod.at>
  Rickard Strandqvist <rickard_strandqvist@spectrumdigital.se>
  Robert Elliot <Elliott@hp.com>
  Roland Dreier <roland@purestorage.com>
  S. Lockwood-Childs <sjl@dent.vctlabs.com>
  S. Lockwood-Childs <sjl@vctlabs.com>
  Sagi Grimberg <sagig@mellanox.com>
  Santosh Shilimkar <santosh.shilimkar@ti.com>
  Sasha Levin <sasha.levin@oracle.com>
  Sathya Perla <sathya.perla@emulex.com>
  Shawn Guo <shawn.guo@freescale.com>
  Simon Que <sque@chromium.org>
  Stefan Assmann <sassmann@kpanic.de>
  Stefan Richter <stefanr@s5r6.in-berlin.de>
  Stefan Ringel <mail@stefanringel.de>
  Stefan Sørensen <stefan.sorensen@spectralink.com>
  Stefano Stabellini <stefano.stabellini@eu.citrix.com>
  Stephen Boyd <sboyd@codeaurora.org>
  Steve Wise <swise@opengridcomputing.com>
  Steven Rostedt (Red Hat) <rostedt@goodmis.org>
  Steven Rostedt <rostedt@goodmis.org>
  Steven Whitehouse <swhiteho@redhat.com>
  Suravee Suthikulpanit <Suravee.Suthikulpanit@amd.com>
  Suresh Reddy <Suresh.Reddy@emulex.com>
  Takashi Iwai <tiwai@suse.de>
  Ted Juan <ted.juan@gmail.com>
  Theodore Ts'o <tytso@mit.edu>
  Thierry Reding <treding@nvidia.com>
  Thomas Fitzsimmons <fitzsim@fitzsim.org>
  Thomas Gleixner <tglx@linutronix.de>
  Thomas Petazzoni <thomas.petazzoni@free-electrons.com>
  Todd Fujinaka <todd.fujinaka@intel.com>
  Tom Herbert <therbert@google.com>
  Tomasz Figa <t.figa@samsung.com>
  Varun Sethi <Varun.Sethi@freescale.com>
  Vince Bridgers <vbridgers2013@gmail.com>
  Vincent Guittot <vincent.guittot@linaro.org>
  Viresh Kumar <viresh.kumar@linaro.org>
  Wei Zhang <asuka.com@163.com>
  Will Deacon <will.deacon@arm.com>
  Xinming Hu <huxm@marvell.com>
  Yijing Wang <wangyijing@huawei.com>
  Ying Xue <ying.xue@windriver.com>
  YOSHIFUJI Hideaki <yoshfuji@linux-ipv6.org>
  Yuchung Cheng <ycheng@google.com>
  Zhang Rui <rui.zhang@intel.com>
  zhangdianfang <zhangdianfang@huawei.com>
  zhangwei(Jovi) <jovi.zhangwei@huawei.com>
  Zhao Qiang <B45475@freescale.com>
------------------------------------------------------------

jobs:
 build-amd64                                                  pass
 build-armhf                                                  pass
 build-i386                                                   pass
 build-amd64-libvirt                                          pass
 build-armhf-libvirt                                          pass
 build-i386-libvirt                                           pass
 build-amd64-pvops                                            pass
 build-armhf-pvops                                            fail
 build-i386-pvops                                             pass
 build-amd64-rumpuserxen                                      pass
 build-i386-rumpuserxen                                       pass
 test-amd64-amd64-xl                                          broken
 test-armhf-armhf-xl                                          blocked
 test-amd64-i386-xl                                           fail
 test-amd64-i386-rhel6hvm-amd                                 fail
 test-amd64-i386-qemut-rhel6hvm-amd                           fail
 test-amd64-i386-qemuu-rhel6hvm-amd                           fail
 test-amd64-amd64-xl-qemut-debianhvm-amd64                    pass
 test-amd64-i386-xl-qemut-debianhvm-amd64                     fail
 test-amd64-amd64-xl-qemuu-debianhvm-amd64                    pass
 test-amd64-i386-xl-qemuu-debianhvm-amd64                     fail
 test-amd64-i386-freebsd10-amd64                              fail
 test-amd64-amd64-xl-qemuu-ovmf-amd64                         pass
 test-amd64-i386-xl-qemuu-ovmf-amd64                          pass
 test-amd64-amd64-rumpuserxen-amd64                           pass
 test-amd64-amd64-xl-qemut-win7-amd64                         fail
 test-amd64-i386-xl-qemut-win7-amd64                          fail
 test-amd64-amd64-xl-qemuu-win7-amd64                         fail
 test-amd64-i386-xl-qemuu-win7-amd64                          fail
 test-amd64-amd64-xl-win7-amd64                               fail
 test-amd64-i386-xl-win7-amd64                                fail
 test-amd64-i386-xl-credit2                                   fail
 test-amd64-i386-freebsd10-i386                               fail
 test-amd64-i386-rumpuserxen-i386                             pass
 test-amd64-amd64-xl-pcipt-intel                              fail
 test-amd64-i386-rhel6hvm-intel                               pass
 test-amd64-i386-qemut-rhel6hvm-intel                         pass
 test-amd64-i386-qemuu-rhel6hvm-intel                         pass
 test-amd64-amd64-libvirt                                     fail
 test-armhf-armhf-libvirt                                     blocked
 test-amd64-i386-libvirt                                      fail
 test-amd64-i386-xl-multivcpu                                 fail
 test-amd64-amd64-pair                                        pass
 test-amd64-i386-pair                                         fail
 test-amd64-amd64-xl-sedf-pin                                 fail
 test-amd64-amd64-xl-sedf                                     fail
 test-amd64-i386-xl-qemut-winxpsp3-vcpus1                     fail
 test-amd64-i386-xl-qemuu-winxpsp3-vcpus1                     fail
 test-amd64-i386-xl-winxpsp3-vcpus1                           fail
 test-amd64-amd64-xl-qemut-winxpsp3                           fail
 test-amd64-i386-xl-qemut-winxpsp3                            fail
 test-amd64-amd64-xl-qemuu-winxpsp3                           fail
 test-amd64-i386-xl-qemuu-winxpsp3                            fail
 test-amd64-amd64-xl-winxpsp3                                 fail
 test-amd64-i386-xl-winxpsp3                                  fail


------------------------------------------------------------
sg-report-flight on osstest.cam.xci-test.com
logs: /home/xc_osstest/logs
images: /home/xc_osstest/images

Logs, config files, etc. are available at
    http://www.chiark.greenend.org.uk/~xensrcts/logs

Test harness code can be found at
    http://xenbits.xensource.com/gitweb?p=osstest.git;a=summary


Not pushing.

(No revision log; it would be 6071 lines long.)


[-- Attachment #2: Type: text/plain, Size: 126 bytes --]

_______________________________________________
Xen-devel mailing list
Xen-devel@lists.xen.org
http://lists.xen.org/xen-devel

                 reply	other threads:[~2014-07-20 21:33 UTC|newest]

Thread overview: [no followups] expand[flat|nested]  mbox.gz  Atom feed

Reply instructions:

You may reply publicly to this message via plain-text email
using any one of the following methods:

* Save the following mbox file, import it into your mail client,
  and reply-to-all from there: mbox

  Avoid top-posting and favor interleaved quoting:
  https://en.wikipedia.org/wiki/Posting_style#Interleaved_style

* Reply using the --to, --cc, and --in-reply-to
  switches of git-send-email(1):

  git send-email \
    --in-reply-to=osstest-29410-mainreport@xen.org \
    --to=ian.jackson@eu.citrix.com \
    --cc=xen-devel@lists.xensource.com \
    /path/to/YOUR_REPLY

  https://kernel.org/pub/software/scm/git/docs/git-send-email.html

* If your mail client supports setting the In-Reply-To header
  via mailto: links, try the mailto: link
Be sure your reply has a Subject: header at the top and a blank line before the message body.
This is a public inbox, see mirroring instructions
for how to clone and mirror all data and code used for this inbox;
as well as URLs for NNTP newsgroup(s).