* [qemu-mainline test] 29425: regressions - FAIL
@ 2014-07-21 20:23 xen.org
0 siblings, 0 replies; only message in thread
From: xen.org @ 2014-07-21 20:23 UTC (permalink / raw)
To: xen-devel; +Cc: ian.jackson
flight 29425 qemu-mainline real [real]
http://www.chiark.greenend.org.uk/~xensrcts/logs/29425/
Regressions :-(
Tests which did not succeed and are blocking,
including tests which could not be run:
test-amd64-i386-xl-qemut-debianhvm-amd64 13 guest-localmigrate/x10 fail REGR. vs. 29412
test-amd64-i386-xl-win7-amd64 7 windows-install fail REGR. vs. 29412
Tests which did not succeed, but are not blocking:
test-armhf-armhf-libvirt 9 guest-start fail never pass
test-amd64-i386-libvirt 9 guest-start fail never pass
test-armhf-armhf-xl 10 migrate-support-check fail never pass
test-amd64-amd64-xl-pcipt-intel 9 guest-start fail never pass
test-amd64-amd64-libvirt 9 guest-start fail never pass
test-amd64-i386-xl-qemuu-winxpsp3-vcpus1 14 guest-stop fail never pass
test-amd64-amd64-xl-winxpsp3 14 guest-stop fail never pass
test-amd64-i386-xl-qemut-winxpsp3-vcpus1 14 guest-stop fail never pass
test-amd64-amd64-xl-qemut-winxpsp3 14 guest-stop fail never pass
test-amd64-i386-xl-qemut-winxpsp3 14 guest-stop fail never pass
test-amd64-amd64-xl-qemut-win7-amd64 14 guest-stop fail never pass
test-amd64-amd64-xl-qemuu-winxpsp3 14 guest-stop fail never pass
test-amd64-amd64-xl-qemuu-win7-amd64 14 guest-stop fail never pass
test-amd64-i386-xl-winxpsp3-vcpus1 14 guest-stop fail never pass
test-amd64-i386-xl-qemut-win7-amd64 14 guest-stop fail never pass
test-amd64-amd64-xl-win7-amd64 14 guest-stop fail never pass
test-amd64-i386-xl-winxpsp3 14 guest-stop fail never pass
test-amd64-i386-xl-qemuu-winxpsp3 14 guest-stop fail never pass
test-amd64-i386-xl-qemuu-win7-amd64 14 guest-stop fail never pass
version targeted for testing:
qemuu 147fc419734b057b9d9154c2ca0d9d397054104b
baseline version:
qemuu 50a2c45da92383138e0d3f22952f3813814e18b3
------------------------------------------------------------
People who touched revisions under test:
Chen Gang <gang.chen.5i5j@gmail.com>
Gernot Hillier <gernot.hillier@siemens.com>
Michael Tokarev <mjt@tls.msk.ru>
Peter Maydell <peter.maydell@linaro.org>
Stefan Weil <sw@weilnetz.de>
------------------------------------------------------------
jobs:
build-amd64 pass
build-armhf pass
build-i386 pass
build-amd64-libvirt pass
build-armhf-libvirt pass
build-i386-libvirt pass
build-amd64-pvops pass
build-armhf-pvops pass
build-i386-pvops pass
test-amd64-amd64-xl pass
test-armhf-armhf-xl pass
test-amd64-i386-xl pass
test-amd64-i386-rhel6hvm-amd pass
test-amd64-i386-qemut-rhel6hvm-amd pass
test-amd64-i386-qemuu-rhel6hvm-amd pass
test-amd64-amd64-xl-qemut-debianhvm-amd64 pass
test-amd64-i386-xl-qemut-debianhvm-amd64 fail
test-amd64-amd64-xl-qemuu-debianhvm-amd64 pass
test-amd64-i386-xl-qemuu-debianhvm-amd64 pass
test-amd64-i386-freebsd10-amd64 pass
test-amd64-amd64-xl-qemuu-ovmf-amd64 pass
test-amd64-i386-xl-qemuu-ovmf-amd64 pass
test-amd64-amd64-xl-qemut-win7-amd64 fail
test-amd64-i386-xl-qemut-win7-amd64 fail
test-amd64-amd64-xl-qemuu-win7-amd64 fail
test-amd64-i386-xl-qemuu-win7-amd64 fail
test-amd64-amd64-xl-win7-amd64 fail
test-amd64-i386-xl-win7-amd64 fail
test-amd64-i386-xl-credit2 pass
test-amd64-i386-freebsd10-i386 pass
test-amd64-amd64-xl-pcipt-intel fail
test-amd64-i386-rhel6hvm-intel pass
test-amd64-i386-qemut-rhel6hvm-intel pass
test-amd64-i386-qemuu-rhel6hvm-intel pass
test-amd64-amd64-libvirt fail
test-armhf-armhf-libvirt fail
test-amd64-i386-libvirt fail
test-amd64-i386-xl-multivcpu pass
test-amd64-amd64-pair pass
test-amd64-i386-pair pass
test-amd64-amd64-xl-sedf-pin pass
test-amd64-amd64-xl-sedf pass
test-amd64-i386-xl-qemut-winxpsp3-vcpus1 fail
test-amd64-i386-xl-qemuu-winxpsp3-vcpus1 fail
test-amd64-i386-xl-winxpsp3-vcpus1 fail
test-amd64-amd64-xl-qemut-winxpsp3 fail
test-amd64-i386-xl-qemut-winxpsp3 fail
test-amd64-amd64-xl-qemuu-winxpsp3 fail
test-amd64-i386-xl-qemuu-winxpsp3 fail
test-amd64-amd64-xl-winxpsp3 fail
test-amd64-i386-xl-winxpsp3 fail
------------------------------------------------------------
sg-report-flight on osstest.cam.xci-test.com
logs: /home/xc_osstest/logs
images: /home/xc_osstest/images
Logs, config files, etc. are available at
http://www.chiark.greenend.org.uk/~xensrcts/logs
Test harness code can be found at
http://xenbits.xensource.com/gitweb?p=osstest.git;a=summary
Not pushing.
------------------------------------------------------------
commit 147fc419734b057b9d9154c2ca0d9d397054104b
Merge: 50a2c45 748bfb4
Author: Peter Maydell <peter.maydell@linaro.org>
Date: Fri Jul 18 16:59:29 2014 +0100
Merge remote-tracking branch 'remotes/mjt/tags/trivial-patches-2014-07-18' into staging
trivial patches for 2014-07-18
# gpg: Signature made Fri 18 Jul 2014 15:04:43 BST using RSA key ID A4C3D7DB
# gpg: Good signature from "Michael Tokarev <mjt@tls.msk.ru>"
# gpg: aka "Michael Tokarev <mjt@corpit.ru>"
# gpg: aka "Michael Tokarev <mjt@debian.org>"
# gpg: WARNING: This key is not certified with a trusted signature!
# gpg: There is no indication that the signature belongs to the owner.
# Primary key fingerprint: 6EE1 95D1 886E 8FFB 810D 4324 457C E0A0 8044 65C5
# Subkey fingerprint: 6F67 E18E 7C91 C5B1 5514 66A7 BEE5 9D74 A4C3 D7DB
* remotes/mjt/tags/trivial-patches-2014-07-18:
tests: Add missing 'static' attributes (fix warnings from smatch)
migration: Add missing 'static' attribute
qga: Add missing 'static' attribute
hw/usb: Add missing 'static' attribute
doc: slirp supports ICMP echo if enabled in Linux
qemu-img: Remove redundancy "ret = -1"
Fix new typos in comments (found by codespell)
slirp: Give error message if hostfwd_add/remove for unrecognized vlan/stack
Signed-off-by: Peter Maydell <peter.maydell@linaro.org>
commit 748bfb4eee8e699f3d2dd6a95820d1a9e57e4aa6
Author: Stefan Weil <sw@weilnetz.de>
Date: Mon Jul 7 21:03:38 2014 +0200
tests: Add missing 'static' attributes (fix warnings from smatch)
Smatch also complains about 0 used for pointers, so replace those by
NULL in test-visitor-serialization.c, too.
Signed-off-by: Stefan Weil <sw@weilnetz.de>
Signed-off-by: Michael Tokarev <mjt@tls.msk.ru>
commit 7a46d042e02e87157c13424df56dd06e9da77e89
Author: Stefan Weil <sw@weilnetz.de>
Date: Mon Jul 7 21:09:30 2014 +0200
migration: Add missing 'static' attribute
Signed-off-by: Stefan Weil <sw@weilnetz.de>
Signed-off-by: Michael Tokarev <mjt@tls.msk.ru>
commit 13a439ec4027a442a69a46d8d5305689460c2af2
Author: Stefan Weil <sw@weilnetz.de>
Date: Mon Jul 7 21:07:29 2014 +0200
qga: Add missing 'static' attribute
This fixes a warning from the static code analysis (smatch).
Signed-off-by: Stefan Weil <sw@weilnetz.de>
Signed-off-by: Michael Tokarev <mjt@tls.msk.ru>
commit b9b45b4a88df949ab3780ecf7abca55e66ae05d1
Author: Stefan Weil <sw@weilnetz.de>
Date: Mon Jul 7 21:05:30 2014 +0200
hw/usb: Add missing 'static' attribute
Signed-off-by: Stefan Weil <sw@weilnetz.de>
Signed-off-by: Michael Tokarev <mjt@tls.msk.ru>
commit 37cbfcce1426e9b53cd235d2c7f9f6740f4c467c
Author: Gernot Hillier <gernot.hillier@siemens.com>
Date: Thu Jul 10 16:01:25 2014 +0200
doc: slirp supports ICMP echo if enabled in Linux
Since QEMU 0.15, slirp (user mode networking) supports ping to the
Internet, see e6d43cfb1f9
Signed-off-by: Gernot Hillier <gernot.hillier@siemens.com>
Signed-off-by: Michael Tokarev <mjt@tls.msk.ru>
commit b847ae2d60ce05643a7fd02fcc6e3390ae97a1ee
Author: Chen Gang <gang.chen.5i5j@gmail.com>
Date: Thu Jul 3 23:57:15 2014 +0800
qemu-img: Remove redundancy "ret = -1"
In this case, 'ret' is already '-1', so need not do it again.
Signed-off-by: Chen Gang <gang.chen.5i5j@gmail.com>
Signed-off-by: Michael Tokarev <mjt@tls.msk.ru>
commit a9dd38db68a280fd8e2ece16904a5bae52be1925
Author: Stefan Weil <sw@weilnetz.de>
Date: Mon Jul 7 21:00:41 2014 +0200
Fix new typos in comments (found by codespell)
arbitary -> arbitrary
basicly -> basically
Signed-off-by: Stefan Weil <sw@weilnetz.de>
Signed-off-by: Michael Tokarev <mjt@tls.msk.ru>
commit b739ef05dbaffcaade5e756a70f91cdf9c327154
Author: Peter Maydell <peter.maydell@linaro.org>
Date: Mon Jun 16 16:47:11 2014 +0100
slirp: Give error message if hostfwd_add/remove for unrecognized vlan/stack
If the user specified a (vlan ID, slirp stack name) tuple in a monitor
hostfwd_add/remove command and we can't find it, give the user an
error message rather than silently doing nothing.
This brings this error case in slirp_lookup() into line with the
other two.
Signed-off-by: Peter Maydell <peter.maydell@linaro.org>
Reviewed-by: Michael Tokarev <mjt@tls.msk.ru>
Signed-off-by: Michael Tokarev <mjt@tls.msk.ru>
^ permalink raw reply [flat|nested] only message in thread
only message in thread, other threads:[~2014-07-21 20:23 UTC | newest]
Thread overview: (only message) (download: mbox.gz follow: Atom feed
-- links below jump to the message on this page --
2014-07-21 20:23 [qemu-mainline test] 29425: regressions - FAIL xen.org
This is a public inbox, see mirroring instructions
for how to clone and mirror all data and code used for this inbox;
as well as URLs for NNTP newsgroup(s).