From mboxrd@z Thu Jan 1 00:00:00 1970 From: xen.org Subject: [linux-linus test] 29433: regressions - FAIL Date: Tue, 22 Jul 2014 22:34:45 +0100 Message-ID: Mime-Version: 1.0 Content-Type: multipart/mixed; boundary="===============0325146048970579459==" Return-path: List-Unsubscribe: , List-Post: List-Help: List-Subscribe: , Sender: xen-devel-bounces@lists.xen.org Errors-To: xen-devel-bounces@lists.xen.org To: xen-devel@lists.xensource.com Cc: ian.jackson@eu.citrix.com List-Id: xen-devel@lists.xenproject.org --===============0325146048970579459== Content-Type: text/plain Content-Length: 18983 Content-Transfer-Encoding: quoted-printable flight 29433 linux-linus real [real] http://www.chiark.greenend.org.uk/~xensrcts/logs/29433/ Regressions :-( Tests which did not succeed and are blocking, including tests which could not be run: test-armhf-armhf-xl 9 guest-start fail REGR. vs. 29310 test-amd64-i386-qemuu-rhel6hvm-amd 5 xen-boot fail REGR. vs. 29310 test-amd64-i386-qemut-rhel6hvm-amd 5 xen-boot fail REGR. vs. 29310 Regressions which are regarded as allowable (not blocking): test-amd64-i386-xl-multivcpu 15 guest-localmigrate/x10 fail like 29310 test-amd64-i386-xl-credit2 15 guest-localmigrate/x10 fail like 29310 test-amd64-i386-freebsd10-i386 7 freebsd-install fail like 29310 test-amd64-i386-freebsd10-amd64 7 freebsd-install fail like 29310 test-amd64-i386-xl-qemuu-debianhvm-amd64 5 xen-boot fail like 29310 test-amd64-i386-rhel6hvm-amd 5 xen-boot fail like 29310 test-amd64-i386-xl-qemut-debianhvm-amd64 5 xen-boot fail like 29310 test-amd64-i386-xl 7 debian-install fail blocked in 29310 test-amd64-amd64-xl-sedf 15 guest-localmigrate/x10 fail like 29310 test-amd64-amd64-xl-sedf-pin 15 guest-localmigrate/x10 fail like 29310 test-amd64-i386-pair 17 guest-migrate/src_host/dst_host fail like 29310 test-amd64-amd64-xl-qemuu-winxpsp3 7 windows-install fail like 29310 Tests which did not succeed, but are not blocking: test-amd64-i386-libvirt 9 guest-start fail never pass test-amd64-amd64-libvirt 9 guest-start fail never pass test-armhf-armhf-libvirt 9 guest-start fail never pass test-amd64-i386-xl-qemuu-winxpsp3-vcpus1 14 guest-stop fail never pass test-amd64-i386-xl-qemuu-winxpsp3 14 guest-stop fail never pass test-amd64-i386-xl-qemut-win7-amd64 14 guest-stop fail never pass test-amd64-i386-xl-qemuu-win7-amd64 14 guest-stop fail never pass test-amd64-i386-xl-win7-amd64 14 guest-stop fail never pass test-amd64-amd64-xl-qemut-win7-amd64 14 guest-stop fail never pass test-amd64-amd64-xl-winxpsp3 14 guest-stop fail never pass test-amd64-amd64-xl-qemut-winxpsp3 14 guest-stop fail never pass test-amd64-amd64-xl-pcipt-intel 9 guest-start fail never pass test-amd64-amd64-xl-win7-amd64 14 guest-stop fail never pass test-amd64-i386-xl-winxpsp3-vcpus1 14 guest-stop fail never pass test-amd64-i386-xl-qemut-winxpsp3-vcpus1 14 guest-stop fail never pass test-amd64-i386-xl-winxpsp3 14 guest-stop fail never pass test-amd64-i386-xl-qemut-winxpsp3 14 guest-stop fail never pass test-amd64-amd64-xl-qemuu-win7-amd64 14 guest-stop fail never pass version targeted for testing: linux 67dd8f35c2d8ed80f26c9654b474cffc11c6674d baseline version: linux 1795cd9b3a91d4b5473c97f491d63892442212ab ------------------------------------------------------------ People who touched revisions under test: Aaron Brown Aaron Plattner Abbas Raza Alan Cox Alan Stern Alex Deucher Alex Wang Alexander Aring Alexander Graf Alexander Smirnov Alexandre Belloni Alexey Asemov Alexey Khoroshilov Amir Vadai Amit Shah Amitkumar Karwar Amritha Nambiar Anand Avati Andrea Adami Andrea Merello Andrew Lunn Andrew Vagin Andrey Utkin Andy Zhou Aneesh Kumar K.V Anton Blanchard Antti Palosaari Ard Biesheuvel Arend van Spriel Arik Nemtsov Arik Nemtsov Arnaldo Carvalho de Melo Arnd Bergmann Arne Ruhnau Artem Bityutskiy Avinash Patil Axel Lin Bandan Das Bartosz Markowski Ben Pfaff Ben Skeggs Benjamin Herrenschmidt Benjamin LaHaise Bernd Wachter Bing Zhao Bj=C3=B8rn Mork Bo Shen Bob Peterson Boris Brezillon Boris Ostrovsky Brian Norris Brian W Hart Catalin Marinas Chris Mason Christoph Hellwig Christoph Paasch Christoph Schulz Dan Carpenter Dan Williams Daniel Borkmann Daniel Mack Daniel Vetter Darren Hart Dave Airlie Dave Airlie Dave Chinner Dave Chinner David Heidelberger David Hildenbrand David Miller David S. Miller David Vrabel Davidlohr Bueso Denis Kirjanov Dexuan Cui Dianfang Zhang Ding Tianhong dingtianhong Dmitry Eremin-Solenikov Dmitry Popov Don Zickus Edward Allcutt Eli Cohen Eliad Peller Eliad Peller Emil Medve Emmanuel Grumbach Eric Dumazet Eric Sandeen Ezequiel Garcia Fabian Frederick Florian Fainelli Francois Romieu fran=C3=A7ois romieu Gavin Guo Geert Uytterhoeven Greg Kroah-Hartman Gregory CLEMENT Guenter Roeck H. Peter Anvin Hangbin Liu Hannes Frederic Sowa Hans de Goede Hans Verkuil Hans Verkuil Hariprasad S Hariprasad Shenai HATAYAMA Daisuke Hayes Wang hayeswang Heiko Carstens Heiko Schocher Heiko Stuebner Helmut Schaa Herbert Xu Himangi Saraogi Ilan Peer Ingo Molnar Ingo Tuchscherer James Chapman James M Leddy Jan Kara Jarno Rajahalme Jason Cooper Jason Low Jason Wang Jeff Kirsher Jens Axboe Jesse Gross Jim Young Jiri Olsa Jiri Olsa Joe Thornber Joerg Roedel Johan Hedberg Johannes Berg John Stultz John W. Linville Jon Maloy Jon Paul Maloy Jonathan Cameron Joonyoung Shim Joseph Gasparakis Julia Lawall K. Y. Srinivasan Kalle Valo Kevin Hao Kukjin Kim Lad, Prabhakar Lars Ellenberg Laurent Pinchart Leif Lindholm Linus Torvalds Linus Walleij Liu Bo Liz Zhang Loic Poulain Loic Prylli Lucas Stach Lukasz Rymanowski Maciej W. Rozycki Madalin-Cristian Bucur Maithili Hinge Marcel Holtmann Marek Marczykowski Mario Kleiner Martin Fuzzey Martin K. Petersen Martin Lau Martin Peres Martin Schwidefsky Mateusz Guzik Mathias Krause Matt Fleming Matthias Brugger Mauro Mauro Carvalho Chehab Max Stepanov Maxim Patlasov Michael Brown Michael Welling Michal Kazior Michel D=C3=A4nzer Mihai Caraman Mike Snitzer Miklos Szeredi Mikulas Patocka Namhyung Kim Neal Cardwell Nicolas Del Piano Nicolas Ferre Nikolay Aleksandrov Niu Yawei Niu Yawei Oleg Nesterov Olivier Sobrie Olof Johansson Or Gerlitz Oren Givon Paolo Bonzini Paul Bolle Paul E. McKenney Pavel Emelyanov Pavel Machek Pekon Gupta Peter Chen Peter Zijlstra Philipp Reisner Philippe Troin Pravin B Shelar Quentin Armitage Rafael J. Wysocki Richard Cochran Richard Weinberger Rickard Strandqvist Rob Herring Robert Elliot Roland Dreier Romain Degez S. Lockwood-Childs S. Lockwood-Childs Sagi Grimberg Santosh Shilimkar Sasha Levin Sathya Perla Scot Doyle Sebastian Ott Shawn Guo Shirish Pargaonkar Simon Que Srinivas Pandruvada Stefan Assmann Stefan Nagy Stefan Richter Stefan Ringel Stefan S=C3=B8rensen Stefano Stabellini Stephen Boyd Steve Wise Steven Rostedt (Red Hat) Steven Rostedt Steven Whitehouse Suravee Suthikulpanit Suresh Reddy Takashi Iwai Ted Juan Tejun Heo Theodore Ts'o Thierry Reding Thomas Fitzsimmons Thomas Gleixner Thomas Petazzoni Todd Fujinaka Tom Herbert Tomasz Figa Trond Myklebust Varun Sethi Vince Bridgers Vincent Guittot Viresh Kumar Wei Zhang Weston Andros Adamson Will Deacon Xinming Hu Yijing Wang Ying Xue YOSHIFUJI Hideaki Yuchung Cheng Zhang Rui zhangdianfang zhangwei(Jovi) Zhao Qiang ------------------------------------------------------------ jobs: build-amd64 pass build-armhf pass build-i386 pass build-amd64-libvirt pass build-armhf-libvirt pass build-i386-libvirt pass build-amd64-pvops pass build-armhf-pvops pass build-i386-pvops pass build-amd64-rumpuserxen pass build-i386-rumpuserxen pass test-amd64-amd64-xl pass test-armhf-armhf-xl fail test-amd64-i386-xl fail test-amd64-i386-rhel6hvm-amd fail test-amd64-i386-qemut-rhel6hvm-amd fail test-amd64-i386-qemuu-rhel6hvm-amd fail test-amd64-amd64-xl-qemut-debianhvm-amd64 pass test-amd64-i386-xl-qemut-debianhvm-amd64 fail test-amd64-amd64-xl-qemuu-debianhvm-amd64 pass test-amd64-i386-xl-qemuu-debianhvm-amd64 fail test-amd64-i386-freebsd10-amd64 fail test-amd64-amd64-xl-qemuu-ovmf-amd64 pass test-amd64-i386-xl-qemuu-ovmf-amd64 pass test-amd64-amd64-rumpuserxen-amd64 pass test-amd64-amd64-xl-qemut-win7-amd64 fail test-amd64-i386-xl-qemut-win7-amd64 fail test-amd64-amd64-xl-qemuu-win7-amd64 fail test-amd64-i386-xl-qemuu-win7-amd64 fail test-amd64-amd64-xl-win7-amd64 fail test-amd64-i386-xl-win7-amd64 fail test-amd64-i386-xl-credit2 fail test-amd64-i386-freebsd10-i386 fail test-amd64-i386-rumpuserxen-i386 pass test-amd64-amd64-xl-pcipt-intel fail test-amd64-i386-rhel6hvm-intel pass test-amd64-i386-qemut-rhel6hvm-intel pass test-amd64-i386-qemuu-rhel6hvm-intel pass test-amd64-amd64-libvirt fail test-armhf-armhf-libvirt fail test-amd64-i386-libvirt fail test-amd64-i386-xl-multivcpu fail test-amd64-amd64-pair pass test-amd64-i386-pair fail test-amd64-amd64-xl-sedf-pin fail test-amd64-amd64-xl-sedf fail test-amd64-i386-xl-qemut-winxpsp3-vcpus1 fail test-amd64-i386-xl-qemuu-winxpsp3-vcpus1 fail test-amd64-i386-xl-winxpsp3-vcpus1 fail test-amd64-amd64-xl-qemut-winxpsp3 fail test-amd64-i386-xl-qemut-winxpsp3 fail test-amd64-amd64-xl-qemuu-winxpsp3 fail test-amd64-i386-xl-qemuu-winxpsp3 fail test-amd64-amd64-xl-winxpsp3 fail test-amd64-i386-xl-winxpsp3 fail ------------------------------------------------------------ sg-report-flight on osstest.cam.xci-test.com logs: /home/xc_osstest/logs images: /home/xc_osstest/images Logs, config files, etc. are available at http://www.chiark.greenend.org.uk/~xensrcts/logs Test harness code can be found at http://xenbits.xensource.com/gitweb=3Fp=3Dosstest.git;a=3Dsummary Not pushing. (No revision log; it would be 7576 lines long.) --===============0325146048970579459== Content-Type: text/plain; charset="us-ascii" MIME-Version: 1.0 Content-Transfer-Encoding: 7bit Content-Disposition: inline _______________________________________________ Xen-devel mailing list Xen-devel@lists.xen.org http://lists.xen.org/xen-devel --===============0325146048970579459==--