xen-devel.lists.xenproject.org archive mirror
 help / color / mirror / Atom feed
* [linux-linus test] 29443: regressions - trouble: broken/fail/pass
@ 2014-07-23 18:08 xen.org
  0 siblings, 0 replies; only message in thread
From: xen.org @ 2014-07-23 18:08 UTC (permalink / raw)
  To: xen-devel; +Cc: ian.jackson

[-- Attachment #1: Type: text/plain, Size: 19514 bytes --]

flight 29443 linux-linus real [real]
http://www.chiark.greenend.org.uk/~xensrcts/logs/29443/

Regressions :-(

Tests which did not succeed and are blocking,
including tests which could not be run:
 test-armhf-armhf-xl           9 guest-start               fail REGR. vs. 29310
 test-amd64-i386-xl-qemuu-win7-amd64  3 host-install(3)  broken REGR. vs. 29310
 test-amd64-i386-qemut-rhel6hvm-amd  5 xen-boot            fail REGR. vs. 29310
 test-amd64-amd64-xl-qemuu-win7-amd64  7 windows-install   fail REGR. vs. 29310

Regressions which are regarded as allowable (not blocking):
 test-amd64-i386-xl-multivcpu 15 guest-localmigrate/x10       fail   like 29310
 test-amd64-i386-xl-credit2   15 guest-localmigrate/x10       fail   like 29310
 test-amd64-i386-freebsd10-i386  7 freebsd-install              fail like 29310
 test-amd64-i386-freebsd10-amd64  7 freebsd-install             fail like 29310
 test-amd64-i386-xl-qemuu-debianhvm-amd64  5 xen-boot           fail like 29310
 test-amd64-i386-xl-qemut-debianhvm-amd64  5 xen-boot           fail like 29310
 test-amd64-i386-rhel6hvm-amd  5 xen-boot                     fail   like 29310
 test-amd64-i386-qemuu-rhel6hvm-amd  7 redhat-install           fail like 29310
 test-amd64-i386-xl            7 debian-install           fail blocked in 29310
 test-amd64-amd64-xl-sedf     15 guest-localmigrate/x10       fail   like 29310
 test-amd64-amd64-xl-sedf-pin 15 guest-localmigrate/x10       fail   like 29310
 test-amd64-i386-pair        17 guest-migrate/src_host/dst_host fail like 29310
 test-amd64-amd64-xl-qemuu-winxpsp3  7 windows-install          fail like 29310

Tests which did not succeed, but are not blocking:
 test-amd64-i386-libvirt       9 guest-start                  fail   never pass
 test-amd64-amd64-libvirt      9 guest-start                  fail   never pass
 test-armhf-armhf-libvirt      9 guest-start                  fail   never pass
 test-amd64-i386-xl-qemuu-winxpsp3-vcpus1 14 guest-stop         fail never pass
 test-amd64-i386-xl-qemuu-winxpsp3 14 guest-stop                fail never pass
 test-amd64-i386-xl-qemut-win7-amd64 14 guest-stop              fail never pass
 test-amd64-i386-xl-win7-amd64 14 guest-stop                   fail  never pass
 test-amd64-amd64-xl-qemut-win7-amd64 14 guest-stop             fail never pass
 test-amd64-amd64-xl-winxpsp3 14 guest-stop                   fail   never pass
 test-amd64-amd64-xl-qemut-winxpsp3 14 guest-stop               fail never pass
 test-amd64-amd64-xl-pcipt-intel  9 guest-start                 fail never pass
 test-amd64-amd64-xl-win7-amd64 14 guest-stop                   fail never pass
 test-amd64-i386-xl-winxpsp3-vcpus1 14 guest-stop               fail never pass
 test-amd64-i386-xl-qemut-winxpsp3-vcpus1 14 guest-stop         fail never pass
 test-amd64-i386-xl-winxpsp3  14 guest-stop                   fail   never pass
 test-amd64-i386-xl-qemut-winxpsp3 14 guest-stop                fail never pass

version targeted for testing:
 linux                15ba2236f3556fc01b9ca91394465152b5ea74b6
baseline version:
 linux                1795cd9b3a91d4b5473c97f491d63892442212ab

------------------------------------------------------------
People who touched revisions under test:
  Aaron Brown <aaron.f.brown@intel.com>
  Aaron Plattner <aplattner@nvidia.com>
  Abbas Raza <Abbas_Raza@mentor.com>
  Alan Cox <alan@linux.intel.com>
  Alan Stern <stern@rowland.harvard.edu>
  Alex Deucher <alexander.deucher@amd.com>
  Alex Wang <alexw@nicira.com>
  Alexander Aring <alex.aring@gmail.com>
  Alexander Graf <agraf@suse.de>
  Alexander Smirnov <alex.bluesman.sminov@gmail.com>
  Alexandre Belloni <alexandre.belloni@free-electrons.com>
  Alexey Asemov <alex@alex-at.ru>
  Alexey Khoroshilov <khoroshilov@ispras.ru>
  Amir Vadai <amirv@mellanox.com>
  Amit Shah <amit.shah@redhat.com>
  Amitkumar Karwar <akarwar@marvell.com>
  Amritha Nambiar <amritha.nambiar@intel.com>
  Anand Avati <avati@redhat.com>
  Andrea Adami <andrea.adami@gmail.com>
  Andrea Merello <andrea.merello@gmail.com>
  Andrew Lunn <andrew@lunn.ch>
  Andrew Vagin <avagin@openvz.org>
  Andrey Utkin <andrey.krieger.utkin@gmail.com>
  Andy Zhou <azhou@nicira.com>
  Aneesh Kumar K.V <aneesh.kumar@linux.vnet.ibm.com>
  Anton Blanchard <anton@samba.org>
  Antonio Quartulli <antonio@meshcoding.com>
  Antonio Quartulli <antonio@open-mesh.com>
  Antti Palosaari <crope@iki.fi>
  Ard Biesheuvel <ard.biesheuvel@linaro.org>
  Arend van Spriel <arend@broadcom.com>
  Arik Nemtsov <arik@wizery.com>
  Arik Nemtsov <arikx.nemtsov@intel.com>
  Arnaldo Carvalho de Melo <acme@redhat.com>
  Arnd Bergmann <arnd@arndb.de>
  Arne Ruhnau <arne.ruhnau@target-sg.com>
  Artem Bityutskiy <artem.bityutskiy@linux.intel.com>
  Avinash Patil <patila@marvell.com>
  Axel Lin <axel.lin@ingics.com>
  Bandan Das <bsd@redhat.com>
  Bartosz Markowski <bartosz.markowski@tieto.com>
  Ben Hutchings <ben@decadent.org.uk>
  Ben Pfaff <blp@nicira.com>
  Ben Skeggs <bskeggs@redhat.com>
  Benjamin Herrenschmidt <benh@kernel.crashing.org>
  Benjamin LaHaise <bcrl@kvack.org>
  Bernd Wachter <bernd.wachter@jolla.com>
  Bing Zhao <bzhao@marvell.com>
  Bjørn Mork <bjorn@mork.no>
  Bo Shen <voice.shen@atmel.com>
  Bob Peterson <rpeterso@redhat.com>
  Boris Brezillon <boris.brezillon@free-electrons.com>
  Boris Ostrovsky <boris.ostrovsky@oracle.com>
  Brian Norris <computersforpeace@gmail.com>
  Brian W Hart <hartb@linux.vnet.ibm.com>
  Catalin Marinas <catalin.marinas@arm.com>
  Chris Mason <clm@fb.com>
  Christoph Hellwig <hch@lst.de>
  Christoph Paasch <christoph.paasch@uclouvain.be>
  Christoph Schulz <develop@kristov.de>
  Cong Wang <cwang@twopensource.com>
  Cong Wang <xiyou.wangcong@gmail.com>
  Dan Carpenter <dan.carpenter@oracle.com>
  Dan Williams <dan.j.williams@intel.com>
  Daniel Borkmann <dborkman@redhat.com>
  Daniel Mack <zonque@gmail.com>
  Daniel Vetter <daniel.vetter@ffwll.ch>
  Darren Hart <dvhart@linux.intel.com>
  Dave Airlie <airlied@gmail.com>
  Dave Airlie <airlied@redhat.com>
  Dave Chinner <david@fromorbit.com>
  Dave Chinner <dchinner@redhat.com>
  Dave Kleikamp <dave.kleikamp@oracle.com>
  David Heidelberger <david.heidelberger@ixit.cz>
  David Hildenbrand <dahi@linux.vnet.ibm.com>
  David Miller <davem@davemloft.net>
  David S. Miller <davem@davemloft.net>
  David Vrabel <david.vrabel@citrix.com>
  Davidlohr Bueso <davidlohr@hp.com>
  Denis Kirjanov <kda@linux-powerpc.org>
  Dexuan Cui <decui@microsoft.com>
  Dianfang Zhang <zhangdianfang@huawei.com>
  Ding Tianhong <dingtianhong@huawei.com>
  dingtianhong <dingtianhong@huawei.com>
  Dmitry Eremin-Solenikov <dbaryshkov@gmail.com>
  Dmitry Popov <ixaphire@qrator.net>
  Don Zickus <dzickus@redhat.com>
  Edward Allcutt <edward.allcutt@openmarket.com>
  Eli Cohen <eli@mellanox.com>
  Eliad Peller <eliad@wizery.com>
  Eliad Peller <eliadx.peller@intel.com>
  Emil Medve <Emilian.Medve@Freescale.com>
  Emmanuel Grumbach <emmanuel.grumbach@intel.com>
  Eric Dumazet <edumazet@google.com>
  Eric Sandeen <sandeen@redhat.com>
  Ezequiel Garcia <ezequiel.garcia@free-electrons.com>
  Fabian Frederick <fabf@skynet.be>
  Florian Fainelli <f.fainelli@gmail.com>
  Francois Romieu <romieu@fr.zoreil.com>
  françois romieu <romieu@fr.zoreil.com>
  Gavin Guo <gavin.guo@canonical.com>
  Geert Uytterhoeven <geert@linux-m68k.org>
  Greg Kroah-Hartman <gregkh@linuxfoundation.org>
  Gregory CLEMENT <gregory.clement@free-electrons.com>
  Guenter Roeck <linux@roeck-us.net>
  H. Peter Anvin <hpa@linux.intel.com>
  H.K. Jerry Chu <hkchu@google.com>
  Hangbin Liu <liuhangbin@gmail.com>
  Hannes Frederic Sowa <hannes@stressinduktion.org>
  Hans de Goede <hdegoede@redhat.com>
  Hans Verkuil <hans.verkuil@cisco.com>
  Hans Verkuil <hverkuil@xs4all.nl>
  Hariprasad S <hariprasad@chelsio.com>
  Hariprasad Shenai <hariprasad@chelsio.com>
  HATAYAMA Daisuke <d.hatayama@jp.fujitsu.com>
  Hayes Wang <hayeswang@realtek.com>
  hayeswang <hayeswang@realtek.com>
  Heiko Carstens <heiko.carstens@de.ibm.com>
  Heiko Schocher <hs@denx.de>
  Heiko Stuebner <heiko@sntech.de>
  Helmut Schaa <helmut.schaa@googlemail.com>
  Herbert Xu <herbert@gondor.apana.org.au>
  Himangi Saraogi <himangi774@gmail.com>
  Ilan Peer <ilan.peer@intel.com>
  Ingo Molnar <mingo@kernel.org>
  Ingo Tuchscherer <ingo.tuchscherer@de.ibm.com>
  Jamal Hadi Salim <jhs@mojatatu.com>
  James Chapman <jchapman@katalix.com>
  James M Leddy <james.leddy@redhat.com>
  Jan Kara <jack@suse.cz>
  Jarno Rajahalme <jrajahalme@nicira.com>
  Jason Cooper <jason@lakedaemon.net>
  Jason Low <jason.low2@hp.com>
  Jason Wang <jasowang@redhat.com>
  Jean Delvare <jdelvare@suse.de>
  Jeff Kirsher <jeffrey.t.kirsher@intel.com>
  Jens Axboe <axboe@fb.com>
  Jerry Chu <hkchu@google.com>
  Jesse Gross <jesse@nicira.com>
  Jim Young <jamesx.m.young@intel.com>
  Jiri Olsa <jolsa@kernel.org>
  Jiri Olsa <jolsa@redhat.com>
  Joe Thornber <ejt@redhat.com>
  Joerg Roedel <jroedel@suse.de>
  Johan Hedberg <johan.hedberg@intel.com>
  Johannes Berg <johannes.berg@intel.com>
  John Stultz <john.stultz@linaro.org>
  John W. Linville <linville@tuxdriver.com>
  Jon Maloy <jon.maloy@ericsson.com>
  Jon Paul Maloy <jon.maloy@ericsson.com>
  Jonathan Cameron <jic23@kernel.org>
  Joonyoung Shim <jy0922.shim@samsung.com>
  Joseph Gasparakis <joseph.gasparakis@intel.com>
  Julia Lawall <julia.lawall@lip6.fr>
  K. Y. Srinivasan <kys@microsoft.com>
  Kalle Valo <kvalo@qca.qualcomm.com>
  Kevin Hao <haokexin@gmail.com>
  Kukjin Kim <kgene.kim@samsung.com>
  Lad, Prabhakar <prabhakar.csengg@gmail.com>
  Lars Ellenberg <lars.ellenberg@linbit.com>
  Laurent Pinchart <laurent.pinchart@ideasonboard.com>
  Leif Lindholm <leif.lindholm@linaro.org>
  Linus Torvalds <torvalds@linux-foundation.org>
  Linus Walleij <linus.walleij@linaro.org>
  Liu Bo <bo.li.liu@oracle.com>
  Liz Zhang <lizzha@microsoft.com>
  Loic Poulain <loic.poulain@intel.com>
  Loic Prylli <loicp@google.com>
  Lucas Stach <l.stach@pengutronix.de>
  Lukasz Rymanowski <lukasz.rymanowski@tieto.com>
  Maciej W. Rozycki <macro@linux-mips.org>
  Madalin-Cristian Bucur <madalin.bucur@freescale.com>
  Maithili Hinge <maithili@marvell.com>
  Marcel Holtmann <marcel@holtmann.org>
  Marek Lindner <mareklindner@neomailbox.ch>
  Marek Marczykowski <marmarek@invisiblethingslab.com>
  Mario Kleiner <mario.kleiner.de@gmail.com>
  Martin Fuzzey <mfuzzey@parkeon.com>
  Martin K. Petersen <martin.petersen@oracle.com>
  Martin Lau <kafai@fb.com>
  Martin Peres <martin.peres@free.fr>
  Martin Schwidefsky <schwidefsky@de.ibm.com>
  Mateusz Guzik <mguzik@redhat.com>
  Mathias Krause <minipli@googlemail.com>
  Matt Fleming <matt.fleming@intel.com>
  Matthias Brugger <matthias.bgg@gmail.com>
  Mauro <registosites@hotmail.com>
  Mauro Carvalho Chehab <m.chehab@samsung.com>
  Max Stepanov <Max.Stepanov@intel.com>
  Maxim Patlasov <mpatlasov@parallels.com>
  Michael Brown <mbrown@fensystems.co.uk>
  Michael Schmitz <schmitz@debian.org>
  Michael Schmitz <schmitzmic@gmail.com>
  Michael Welling <mwelling@ieee.org>
  Michal Kazior <michal.kazior@tieto.com>
  Michel Dänzer <michel.daenzer@amd.com>
  Michel Dänzer <michel@daenzer.net>
  Mihai Caraman <mihai.caraman@freescale.com>
  Mike Snitzer <snitzer@redhat.com>
  Miklos Szeredi <mszeredi@suse.cz>
  Mikulas Patocka <mpatocka@redhat.com>
  Namhyung Kim <namhyung@kernel.org>
  Neal Cardwell <ncardwell@google.com>
  Nicolas Del Piano <ndel314@gmail.com>
  Nicolas Ferre <nicolas.ferre@atmel.com>
  Nikolay Aleksandrov <nikolay@redhat.com>
  Niu Yawei <yawei.niu@gmail.com>
  Niu Yawei <yawei.niu@intel.com>
  Oleg Nesterov <oleg@redhat.com>
  Olivier Sobrie <olivier@sobrie.be>
  Olof Johansson <olof@lixom.net>
  Or Gerlitz <ogerlitz@mellanox.com>
  Oren Givon <oren.givon@intel.com>
  Pablo Neira Ayuso <pablo@netfilter.org>
  Paolo Bonzini <pbonzini@redhat.com>
  Paul Bolle <pebolle@tiscali.nl>
  Paul E. McKenney <paulmck@linux.vnet.ibm.com>
  Pavel Emelyanov <xemul@parallels.com>
  Pavel Machek <pavel@ucw.cz>
  Pekon Gupta <pekon@ti.com>
  Peter Chen <peter.chen@freescale.com>
  Peter Zijlstra <peterz@infradead.org>
  Philipp Reisner <philipp.reisner@linbit.com>
  Philippe Troin <phil@fifi.org>
  Pravin B Shelar <pshelar@nicira.com>
  Quentin Armitage <quentin@armitage.org.uk>
  Rafael J. Wysocki <rafael.j.wysocki@intel.com>
  Richard Cochran <richardcochran@gmail.com>
  Richard Weinberger <richard@nod.at>
  Rickard Strandqvist <rickard_strandqvist@spectrumdigital.se>
  Rob Herring <robh@kernel.org>
  Robert Elliot <Elliott@hp.com>
  Roland Dreier <roland@purestorage.com>
  Romain Degez <romain.degez@gmail.com>
  S. Lockwood-Childs <sjl@dent.vctlabs.com>
  S. Lockwood-Childs <sjl@vctlabs.com>
  Sagi Grimberg <sagig@mellanox.com>
  Santosh Shilimkar <santosh.shilimkar@ti.com>
  Sasha Levin <sasha.levin@oracle.com>
  Sathya Perla <sathya.perla@emulex.com>
  Scot Doyle <lkml14@scotdoyle.com>
  Sebastian Ott <sebott@linux.vnet.ibm.com>
  Shawn Guo <shawn.guo@freescale.com>
  Shirish Pargaonkar <spargaonkar@suse.com>
  Simon Que <sque@chromium.org>
  Simon Wunderlich <simon@open-mesh.com>
  Sowmini Varadhan <sowmini.varadhan@oracle.com>
  Srinivas Pandruvada <srinivas.pandruvada@linux.intel.com>
  Stefan Assmann <sassmann@kpanic.de>
  Stefan Nagy <public@stefan-nagy.at>
  Stefan Richter <stefanr@s5r6.in-berlin.de>
  Stefan Ringel <mail@stefanringel.de>
  Stefan Sørensen <stefan.sorensen@spectralink.com>
  Stefano Stabellini <stefano.stabellini@eu.citrix.com>
  Stephen Boyd <sboyd@codeaurora.org>
  Steve Wise <swise@opengridcomputing.com>
  Steven Rostedt (Red Hat) <rostedt@goodmis.org>
  Steven Rostedt <rostedt@goodmis.org>
  Steven Whitehouse <swhiteho@redhat.com>
  Suravee Suthikulpanit <Suravee.Suthikulpanit@amd.com>
  Suresh Reddy <Suresh.Reddy@emulex.com>
  Takashi Iwai <tiwai@suse.de>
  Ted Juan <ted.juan@gmail.com>
  Tejun Heo <tj@kernel.org>
  Theodore Ts'o <tytso@mit.edu>
  Thierry Reding <treding@nvidia.com>
  Thomas Fitzsimmons <fitzsim@fitzsim.org>
  Thomas Gleixner <tglx@linutronix.de>
  Thomas Petazzoni <thomas.petazzoni@free-electrons.com>
  Todd Fujinaka <todd.fujinaka@intel.com>
  Tom Herbert <therbert@google.com>
  Tomasz Figa <t.figa@samsung.com>
  Tony Luck <tony.luck@intel.com>
  Trond Myklebust <trond.myklebust@primarydata.com>
  Varun Sethi <Varun.Sethi@freescale.com>
  Vince Bridgers <vbridgers2013@gmail.com>
  Vincent Guittot <vincent.guittot@linaro.org>
  Viresh Kumar <viresh.kumar@linaro.org>
  Wei Zhang <asuka.com@163.com>
  Weston Andros Adamson <dros@primarydata.com>
  Will Deacon <will.deacon@arm.com>
  Xinming Hu <huxm@marvell.com>
  Yijing Wang <wangyijing@huawei.com>
  Ying Xue <ying.xue@windriver.com>
  YOSHIFUJI Hideaki <yoshfuji@linux-ipv6.org>
  Yuchung Cheng <ycheng@google.com>
  Zhang Rui <rui.zhang@intel.com>
  zhangdianfang <zhangdianfang@huawei.com>
  zhangwei(Jovi) <jovi.zhangwei@huawei.com>
  Zhao Qiang <B45475@freescale.com>
  Zoltan Kiss <zoltan.kiss@citrix.com>
------------------------------------------------------------

jobs:
 build-amd64                                                  pass
 build-armhf                                                  pass
 build-i386                                                   pass
 build-amd64-libvirt                                          pass
 build-armhf-libvirt                                          pass
 build-i386-libvirt                                           pass
 build-amd64-pvops                                            pass
 build-armhf-pvops                                            pass
 build-i386-pvops                                             pass
 build-amd64-rumpuserxen                                      pass
 build-i386-rumpuserxen                                       pass
 test-amd64-amd64-xl                                          pass
 test-armhf-armhf-xl                                          fail
 test-amd64-i386-xl                                           fail
 test-amd64-i386-rhel6hvm-amd                                 fail
 test-amd64-i386-qemut-rhel6hvm-amd                           fail
 test-amd64-i386-qemuu-rhel6hvm-amd                           fail
 test-amd64-amd64-xl-qemut-debianhvm-amd64                    pass
 test-amd64-i386-xl-qemut-debianhvm-amd64                     fail
 test-amd64-amd64-xl-qemuu-debianhvm-amd64                    pass
 test-amd64-i386-xl-qemuu-debianhvm-amd64                     fail
 test-amd64-i386-freebsd10-amd64                              fail
 test-amd64-amd64-xl-qemuu-ovmf-amd64                         pass
 test-amd64-i386-xl-qemuu-ovmf-amd64                          pass
 test-amd64-amd64-rumpuserxen-amd64                           pass
 test-amd64-amd64-xl-qemut-win7-amd64                         fail
 test-amd64-i386-xl-qemut-win7-amd64                          fail
 test-amd64-amd64-xl-qemuu-win7-amd64                         fail
 test-amd64-i386-xl-qemuu-win7-amd64                          broken
 test-amd64-amd64-xl-win7-amd64                               fail
 test-amd64-i386-xl-win7-amd64                                fail
 test-amd64-i386-xl-credit2                                   fail
 test-amd64-i386-freebsd10-i386                               fail
 test-amd64-i386-rumpuserxen-i386                             pass
 test-amd64-amd64-xl-pcipt-intel                              fail
 test-amd64-i386-rhel6hvm-intel                               pass
 test-amd64-i386-qemut-rhel6hvm-intel                         pass
 test-amd64-i386-qemuu-rhel6hvm-intel                         pass
 test-amd64-amd64-libvirt                                     fail
 test-armhf-armhf-libvirt                                     fail
 test-amd64-i386-libvirt                                      fail
 test-amd64-i386-xl-multivcpu                                 fail
 test-amd64-amd64-pair                                        pass
 test-amd64-i386-pair                                         fail
 test-amd64-amd64-xl-sedf-pin                                 fail
 test-amd64-amd64-xl-sedf                                     fail
 test-amd64-i386-xl-qemut-winxpsp3-vcpus1                     fail
 test-amd64-i386-xl-qemuu-winxpsp3-vcpus1                     fail
 test-amd64-i386-xl-winxpsp3-vcpus1                           fail
 test-amd64-amd64-xl-qemut-winxpsp3                           fail
 test-amd64-i386-xl-qemut-winxpsp3                            fail
 test-amd64-amd64-xl-qemuu-winxpsp3                           fail
 test-amd64-i386-xl-qemuu-winxpsp3                            fail
 test-amd64-amd64-xl-winxpsp3                                 fail
 test-amd64-i386-xl-winxpsp3                                  fail


------------------------------------------------------------
sg-report-flight on osstest.cam.xci-test.com
logs: /home/xc_osstest/logs
images: /home/xc_osstest/images

Logs, config files, etc. are available at
    http://www.chiark.greenend.org.uk/~xensrcts/logs

Test harness code can be found at
    http://xenbits.xensource.com/gitweb?p=osstest.git;a=summary


Not pushing.

(No revision log; it would be 8328 lines long.)


[-- Attachment #2: Type: text/plain, Size: 126 bytes --]

_______________________________________________
Xen-devel mailing list
Xen-devel@lists.xen.org
http://lists.xen.org/xen-devel

^ permalink raw reply	[flat|nested] only message in thread

only message in thread, other threads:[~2014-07-23 18:08 UTC | newest]

Thread overview: (only message) (download: mbox.gz follow: Atom feed
-- links below jump to the message on this page --
2014-07-23 18:08 [linux-linus test] 29443: regressions - trouble: broken/fail/pass xen.org

This is a public inbox, see mirroring instructions
for how to clone and mirror all data and code used for this inbox;
as well as URLs for NNTP newsgroup(s).