xen-devel.lists.xenproject.org archive mirror
 help / color / mirror / Atom feed
From: xen.org <Ian.Jackson@eu.citrix.com>
To: xen-devel@lists.xensource.com
Cc: ian.jackson@eu.citrix.com
Subject: [xen-4.4-testing test] 29447: regressions - FAIL
Date: Wed, 23 Jul 2014 23:51:06 +0100	[thread overview]
Message-ID: <osstest-29447-mainreport@xen.org> (raw)

flight 29447 xen-4.4-testing real [real]
http://www.chiark.greenend.org.uk/~xensrcts/logs/29447/

Regressions :-(

Tests which did not succeed and are blocking,
including tests which could not be run:
 test-amd64-amd64-xl-win7-amd64  7 windows-install         fail REGR. vs. 28881

Regressions which are regarded as allowable (not blocking):
 test-amd64-i386-xl-qemuu-ovmf-amd64 10 guest-localmigrate fail REGR. vs. 28881

Tests which did not succeed, but are not blocking:
 test-amd64-i386-rumpuserxen-i386  1 build-check(1)               blocked  n/a
 test-amd64-amd64-rumpuserxen-amd64  1 build-check(1)               blocked n/a
 build-i386-rumpuserxen        6 xen-build                    fail   never pass
 build-amd64-rumpuserxen       6 xen-build                    fail   never pass
 test-amd64-amd64-libvirt      9 guest-start                  fail   never pass
 test-amd64-i386-libvirt       9 guest-start                  fail   never pass
 test-armhf-armhf-libvirt      9 guest-start                  fail   never pass
 test-armhf-armhf-xl          10 migrate-support-check        fail   never pass
 test-amd64-amd64-xl-pcipt-intel  9 guest-start                 fail never pass
 test-amd64-amd64-xl-qemut-win7-amd64 14 guest-stop             fail never pass
 test-amd64-i386-xend-qemut-winxpsp3 17 leak-check/check        fail never pass
 test-amd64-i386-xl-qemut-win7-amd64 14 guest-stop              fail never pass
 test-amd64-i386-xl-qemuu-winxpsp3-vcpus1 14 guest-stop         fail never pass
 test-amd64-i386-xl-qemuu-win7-amd64 14 guest-stop              fail never pass
 test-amd64-amd64-xl-qemuu-winxpsp3 14 guest-stop               fail never pass
 test-amd64-i386-xl-win7-amd64 14 guest-stop                   fail  never pass
 test-amd64-i386-xend-winxpsp3 17 leak-check/check             fail  never pass
 test-amd64-i386-xl-qemut-winxpsp3-vcpus1 14 guest-stop         fail never pass
 test-amd64-amd64-xl-qemuu-win7-amd64 14 guest-stop             fail never pass
 test-amd64-i386-xl-winxpsp3-vcpus1 14 guest-stop               fail never pass
 test-amd64-amd64-xl-winxpsp3 14 guest-stop                   fail   never pass
 test-amd64-amd64-xl-qemut-winxpsp3 14 guest-stop               fail never pass

version targeted for testing:
 xen                  ad187c347082d2b4cdef1cd47938017693251074
baseline version:
 xen                  ee81dda7c3767bd9af7ae84a86d1be56d8fad343

------------------------------------------------------------
People who touched revisions under test:
  Ian Campbell <ian.campbell@citrix.com>
  Julien Grall <julien.grall@linaro.org>
------------------------------------------------------------

jobs:
 build-amd64-xend                                             pass    
 build-i386-xend                                              pass    
 build-amd64                                                  pass    
 build-armhf                                                  pass    
 build-i386                                                   pass    
 build-amd64-libvirt                                          pass    
 build-armhf-libvirt                                          pass    
 build-i386-libvirt                                           pass    
 build-amd64-pvops                                            pass    
 build-armhf-pvops                                            pass    
 build-i386-pvops                                             pass    
 build-amd64-rumpuserxen                                      fail    
 build-i386-rumpuserxen                                       fail    
 test-amd64-amd64-xl                                          pass    
 test-armhf-armhf-xl                                          pass    
 test-amd64-i386-xl                                           pass    
 test-amd64-i386-rhel6hvm-amd                                 pass    
 test-amd64-i386-qemut-rhel6hvm-amd                           pass    
 test-amd64-i386-qemuu-rhel6hvm-amd                           pass    
 test-amd64-amd64-xl-qemut-debianhvm-amd64                    pass    
 test-amd64-i386-xl-qemut-debianhvm-amd64                     pass    
 test-amd64-amd64-xl-qemuu-debianhvm-amd64                    pass    
 test-amd64-i386-xl-qemuu-debianhvm-amd64                     pass    
 test-amd64-i386-freebsd10-amd64                              pass    
 test-amd64-amd64-xl-qemuu-ovmf-amd64                         pass    
 test-amd64-i386-xl-qemuu-ovmf-amd64                          fail    
 test-amd64-amd64-rumpuserxen-amd64                           blocked 
 test-amd64-amd64-xl-qemut-win7-amd64                         fail    
 test-amd64-i386-xl-qemut-win7-amd64                          fail    
 test-amd64-amd64-xl-qemuu-win7-amd64                         fail    
 test-amd64-i386-xl-qemuu-win7-amd64                          fail    
 test-amd64-amd64-xl-win7-amd64                               fail    
 test-amd64-i386-xl-win7-amd64                                fail    
 test-amd64-i386-xl-credit2                                   pass    
 test-amd64-i386-freebsd10-i386                               pass    
 test-amd64-i386-rumpuserxen-i386                             blocked 
 test-amd64-amd64-xl-pcipt-intel                              fail    
 test-amd64-i386-rhel6hvm-intel                               pass    
 test-amd64-i386-qemut-rhel6hvm-intel                         pass    
 test-amd64-i386-qemuu-rhel6hvm-intel                         pass    
 test-amd64-amd64-libvirt                                     fail    
 test-armhf-armhf-libvirt                                     fail    
 test-amd64-i386-libvirt                                      fail    
 test-amd64-i386-xl-multivcpu                                 pass    
 test-amd64-amd64-pair                                        pass    
 test-amd64-i386-pair                                         pass    
 test-amd64-amd64-xl-sedf-pin                                 pass    
 test-amd64-amd64-pv                                          pass    
 test-amd64-i386-pv                                           pass    
 test-amd64-amd64-xl-sedf                                     pass    
 test-amd64-i386-xl-qemut-winxpsp3-vcpus1                     fail    
 test-amd64-i386-xl-qemuu-winxpsp3-vcpus1                     fail    
 test-amd64-i386-xl-winxpsp3-vcpus1                           fail    
 test-amd64-i386-xend-qemut-winxpsp3                          fail    
 test-amd64-amd64-xl-qemut-winxpsp3                           fail    
 test-amd64-amd64-xl-qemuu-winxpsp3                           fail    
 test-amd64-i386-xend-winxpsp3                                fail    
 test-amd64-amd64-xl-winxpsp3                                 fail    


------------------------------------------------------------
sg-report-flight on osstest.cam.xci-test.com
logs: /home/xc_osstest/logs
images: /home/xc_osstest/images

Logs, config files, etc. are available at
    http://www.chiark.greenend.org.uk/~xensrcts/logs

Test harness code can be found at
    http://xenbits.xensource.com/gitweb?p=osstest.git;a=summary


Not pushing.

------------------------------------------------------------
commit ad187c347082d2b4cdef1cd47938017693251074
Author: Ian Campbell <ian.campbell@citrix.com>
Date:   Fri Jul 18 14:08:11 2014 +0100

    xen: arm: implement generic multiboot compatibility strings
    
    This causes Xen to accept the more generic names specified in
    http://wiki.xen.org/wiki/Xen_ARM_with_Virtualization_Extensions/Multiboot as of
    2014-06-06.
    
    These names are more generic than those proposed by Andre in
    http://thread.gmane.org/gmane.linux.linaro.announce.boot/326 and those
    used in earlier drafts of the /Multiboot wiki page.
    
    This will allow bootloaders to not special case Xen (or at least to reduce
    the amount which is required).
    
    Signed-off-by: Ian Campbell <ian.campbell@citrix.com>
    Acked-by: Julien Grall <julien.grall@linaro.org>
    (cherry picked from commit a860dfeec090fe46d856b5d3fc6da28ccf7d1ba5)

commit 7adf0b22d888bd0514d153c8b44e4982ad4d6e6e
Author: Ian Campbell <ian.campbell@citrix.com>
Date:   Mon Jul 14 17:39:10 2014 +0100

    xen: arm: flush TLB after overwriting 1:1 mapping in boot page tables
    
    Otherwise a stale TLB entry can shadow the fixmap/UART or DTB mapping
    
    Signed-off-by: Ian Campbell <ian.campbell@citrix.com>
    Acked-by: Julien Grall <julien.grall@linaro.org>
    (cherry picked from commit f1870804e58565399cd770e93f62e7ce57cd5231)

commit af9b51becddf0ea383f867542830f613a617919a
Author: Ian Campbell <ian.campbell@citrix.com>
Date:   Mon Jul 14 17:21:47 2014 +0100

    xen: arm: use physical processor ID (MPIDR) when calling psci CPU_ON
    
    Xen's logical CPU map can differ from the underlying layout.
    
    Also add an emacs magic block to this file.
    
    Signed-off-by: Ian Campbell <ian.campbell@citrix.com>
    Acked-by: Julien Grall <julien.grall@linaro.org>
    (cherry picked from commit d99504872178523b024bfb36736b158a42c5060e)

commit 99860894b3b310d01935417a3f2ea4dc1f838936
Author: Julien Grall <julien.grall@linaro.org>
Date:   Tue Jul 8 18:04:48 2014 +0100

    xen: Install arch-arm directory headers
    
    Some headers for ARM are not installed on the host. This may make external
    software relying on Xen headers failed to compile on ARM.
    
    Signed-off-by: Julien Grall <julien.grall@linaro.org>
    Acked-by: Ian Campbell <ian.campbell@citrix.com>
    (cherry picked from commit f224b60791b539df66c1fe89d7866170653428b6)
========================================

                 reply	other threads:[~2014-07-23 22:51 UTC|newest]

Thread overview: [no followups] expand[flat|nested]  mbox.gz  Atom feed

Reply instructions:

You may reply publicly to this message via plain-text email
using any one of the following methods:

* Save the following mbox file, import it into your mail client,
  and reply-to-all from there: mbox

  Avoid top-posting and favor interleaved quoting:
  https://en.wikipedia.org/wiki/Posting_style#Interleaved_style

* Reply using the --to, --cc, and --in-reply-to
  switches of git-send-email(1):

  git send-email \
    --in-reply-to=osstest-29447-mainreport@xen.org \
    --to=ian.jackson@eu.citrix.com \
    --cc=xen-devel@lists.xensource.com \
    /path/to/YOUR_REPLY

  https://kernel.org/pub/software/scm/git/docs/git-send-email.html

* If your mail client supports setting the In-Reply-To header
  via mailto: links, try the mailto: link
Be sure your reply has a Subject: header at the top and a blank line before the message body.
This is a public inbox, see mirroring instructions
for how to clone and mirror all data and code used for this inbox;
as well as URLs for NNTP newsgroup(s).