From mboxrd@z Thu Jan 1 00:00:00 1970 From: xen.org Subject: [xen-unstable test] 29466: regressions - FAIL Date: Sat, 26 Jul 2014 03:20:59 +0100 Message-ID: Mime-Version: 1.0 Content-Type: multipart/mixed; boundary="===============7118958241491935232==" Return-path: List-Unsubscribe: , List-Post: List-Help: List-Subscribe: , Sender: xen-devel-bounces@lists.xen.org Errors-To: xen-devel-bounces@lists.xen.org To: xen-devel@lists.xensource.com Cc: ian.jackson@eu.citrix.com List-Id: xen-devel@lists.xenproject.org --===============7118958241491935232== Content-Type: text/plain Content-Length: 7720 Content-Transfer-Encoding: quoted-printable flight 29466 xen-unstable real [real] http://www.chiark.greenend.org.uk/~xensrcts/logs/29466/ Regressions :-( Tests which did not succeed and are blocking, including tests which could not be run: test-armhf-armhf-libvirt 5 xen-boot fail REGR. vs. 29439 test-armhf-armhf-xl 5 xen-boot fail REGR. vs. 29439 test-amd64-i386-freebsd10-i386 13 guest-localmigrate.2 fail REGR. vs. 29439 Tests which did not succeed, but are not blocking: test-amd64-i386-libvirt 9 guest-start fail never pass test-amd64-amd64-xl-pcipt-intel 9 guest-start fail never pass test-amd64-amd64-libvirt 9 guest-start fail never pass test-amd64-i386-xl-qemut-winxpsp3 14 guest-stop fail never pass test-amd64-i386-xl-qemuu-winxpsp3-vcpus1 14 guest-stop fail never pass test-amd64-i386-xl-qemuu-winxpsp3 14 guest-stop fail never pass test-amd64-i386-xl-qemut-winxpsp3-vcpus1 14 guest-stop fail never pass test-amd64-amd64-xl-win7-amd64 14 guest-stop fail never pass test-amd64-amd64-xl-qemuu-win7-amd64 14 guest-stop fail never pass test-amd64-i386-xl-win7-amd64 14 guest-stop fail never pass test-amd64-i386-xl-qemut-win7-amd64 14 guest-stop fail never pass test-amd64-amd64-xl-qemut-winxpsp3 14 guest-stop fail never pass test-amd64-i386-xl-winxpsp3-vcpus1 14 guest-stop fail never pass test-amd64-amd64-xl-winxpsp3 14 guest-stop fail never pass test-amd64-i386-xl-winxpsp3 14 guest-stop fail never pass test-amd64-i386-xl-qemuu-win7-amd64 14 guest-stop fail never pass test-amd64-amd64-xl-qemut-win7-amd64 14 guest-stop fail never pass test-amd64-amd64-xl-qemuu-winxpsp3 14 guest-stop fail never pass version targeted for testing: xen 5be3f335e0d0dd1e449cdd23be3c37366c114b86 baseline version: xen 99195c767be1ddafb805327db11ef63973b43093 ------------------------------------------------------------ People who touched revisions under test: Andrew Cooper Anil Madhavapeddy Aravind Gopalakrishnan Aravindh Puthiyaparambil Chunyan Liu Dave Scott David Scott Ian Campbell Ian Jackson Jan Beulich Juergen Gross Julien Grall Luis R. Rodriguez Olaf Hering Razvan Cojocaru Roger Pau Monn=C3=A9 Samuel Thibault Simon Martin Stefan Bader Tamas K Lengyel ------------------------------------------------------------ jobs: build-amd64 pass build-armhf pass build-i386 pass build-amd64-libvirt pass build-armhf-libvirt pass build-i386-libvirt pass build-amd64-oldkern pass build-i386-oldkern pass build-amd64-pvops pass build-armhf-pvops pass build-i386-pvops pass build-amd64-rumpuserxen pass build-i386-rumpuserxen pass test-amd64-amd64-xl pass test-armhf-armhf-xl fail test-amd64-i386-xl pass test-amd64-i386-rhel6hvm-amd pass test-amd64-i386-qemut-rhel6hvm-amd pass test-amd64-i386-qemuu-rhel6hvm-amd pass test-amd64-amd64-xl-qemut-debianhvm-amd64 pass test-amd64-i386-xl-qemut-debianhvm-amd64 pass test-amd64-amd64-xl-qemuu-debianhvm-amd64 pass test-amd64-i386-xl-qemuu-debianhvm-amd64 pass test-amd64-i386-freebsd10-amd64 pass test-amd64-amd64-xl-qemuu-ovmf-amd64 pass test-amd64-i386-xl-qemuu-ovmf-amd64 pass test-amd64-amd64-rumpuserxen-amd64 pass test-amd64-amd64-xl-qemut-win7-amd64 fail test-amd64-i386-xl-qemut-win7-amd64 fail test-amd64-amd64-xl-qemuu-win7-amd64 fail test-amd64-i386-xl-qemuu-win7-amd64 fail test-amd64-amd64-xl-win7-amd64 fail test-amd64-i386-xl-win7-amd64 fail test-amd64-i386-xl-credit2 pass test-amd64-i386-freebsd10-i386 fail test-amd64-i386-rumpuserxen-i386 pass test-amd64-amd64-xl-pcipt-intel fail test-amd64-i386-rhel6hvm-intel pass test-amd64-i386-qemut-rhel6hvm-intel pass test-amd64-i386-qemuu-rhel6hvm-intel pass test-amd64-amd64-libvirt fail test-armhf-armhf-libvirt fail test-amd64-i386-libvirt fail test-amd64-i386-xl-multivcpu pass test-amd64-amd64-pair pass test-amd64-i386-pair pass test-amd64-amd64-xl-sedf-pin pass test-amd64-amd64-xl-sedf pass test-amd64-i386-xl-qemut-winxpsp3-vcpus1 fail test-amd64-i386-xl-qemuu-winxpsp3-vcpus1 fail test-amd64-i386-xl-winxpsp3-vcpus1 fail test-amd64-amd64-xl-qemut-winxpsp3 fail test-amd64-i386-xl-qemut-winxpsp3 fail test-amd64-amd64-xl-qemuu-winxpsp3 fail test-amd64-i386-xl-qemuu-winxpsp3 fail test-amd64-amd64-xl-winxpsp3 fail test-amd64-i386-xl-winxpsp3 fail ------------------------------------------------------------ sg-report-flight on osstest.cam.xci-test.com logs: /home/xc_osstest/logs images: /home/xc_osstest/images Logs, config files, etc. are available at http://www.chiark.greenend.org.uk/~xensrcts/logs Test harness code can be found at http://xenbits.xensource.com/gitweb=3Fp=3Dosstest.git;a=3Dsummary Not pushing. (No revision log; it would be 526 lines long.) --===============7118958241491935232== Content-Type: text/plain; charset="us-ascii" MIME-Version: 1.0 Content-Transfer-Encoding: 7bit Content-Disposition: inline _______________________________________________ Xen-devel mailing list Xen-devel@lists.xen.org http://lists.xen.org/xen-devel --===============7118958241491935232==--