* [qemu-mainline test] 29467: regressions - FAIL
@ 2014-07-26 5:26 xen.org
0 siblings, 0 replies; only message in thread
From: xen.org @ 2014-07-26 5:26 UTC (permalink / raw)
To: xen-devel; +Cc: ian.jackson
flight 29467 qemu-mainline real [real]
http://www.chiark.greenend.org.uk/~xensrcts/logs/29467/
Regressions :-(
Tests which did not succeed and are blocking,
including tests which could not be run:
test-amd64-i386-xl-qemut-win7-amd64 7 windows-install fail REGR. vs. 29449
Regressions which are regarded as allowable (not blocking):
test-amd64-amd64-xl-win7-amd64 7 windows-install fail like 29449
Tests which did not succeed, but are not blocking:
test-armhf-armhf-libvirt 9 guest-start fail never pass
test-amd64-i386-libvirt 9 guest-start fail never pass
test-armhf-armhf-xl 10 migrate-support-check fail never pass
test-amd64-amd64-xl-pcipt-intel 9 guest-start fail never pass
test-amd64-amd64-libvirt 9 guest-start fail never pass
test-amd64-i386-xl-qemuu-winxpsp3-vcpus1 14 guest-stop fail never pass
test-amd64-amd64-xl-winxpsp3 14 guest-stop fail never pass
test-amd64-i386-xl-qemut-winxpsp3-vcpus1 14 guest-stop fail never pass
test-amd64-amd64-xl-qemut-winxpsp3 14 guest-stop fail never pass
test-amd64-amd64-xl-qemut-win7-amd64 14 guest-stop fail never pass
test-amd64-amd64-xl-qemuu-winxpsp3 14 guest-stop fail never pass
test-amd64-amd64-xl-qemuu-win7-amd64 14 guest-stop fail never pass
test-amd64-i386-xl-qemut-winxpsp3 14 guest-stop fail never pass
test-amd64-i386-xl-winxpsp3-vcpus1 14 guest-stop fail never pass
test-amd64-i386-xl-win7-amd64 14 guest-stop fail never pass
test-amd64-i386-xl-winxpsp3 14 guest-stop fail never pass
test-amd64-i386-xl-qemuu-winxpsp3 14 guest-stop fail never pass
test-amd64-i386-xl-qemuu-win7-amd64 14 guest-stop fail never pass
version targeted for testing:
qemuu 3b257486639cf6c25e1f3a744d1f19e6b4efdc7a
baseline version:
qemuu f368c33d5ab09dd5656924185cd975b11838cd25
------------------------------------------------------------
People who touched revisions under test:
Eric Blake <eblake@redhat.com>
Gerd Hoffmann <kraxel@redhat.com>
Luiz Capitulino <lcapitulino@redhat.com>
Peter Maydell <peter.maydell@linaro.org>
------------------------------------------------------------
jobs:
build-amd64 pass
build-armhf pass
build-i386 pass
build-amd64-libvirt pass
build-armhf-libvirt pass
build-i386-libvirt pass
build-amd64-pvops pass
build-armhf-pvops pass
build-i386-pvops pass
test-amd64-amd64-xl pass
test-armhf-armhf-xl pass
test-amd64-i386-xl pass
test-amd64-i386-rhel6hvm-amd pass
test-amd64-i386-qemut-rhel6hvm-amd pass
test-amd64-i386-qemuu-rhel6hvm-amd pass
test-amd64-amd64-xl-qemut-debianhvm-amd64 pass
test-amd64-i386-xl-qemut-debianhvm-amd64 pass
test-amd64-amd64-xl-qemuu-debianhvm-amd64 pass
test-amd64-i386-xl-qemuu-debianhvm-amd64 pass
test-amd64-i386-freebsd10-amd64 pass
test-amd64-amd64-xl-qemuu-ovmf-amd64 pass
test-amd64-i386-xl-qemuu-ovmf-amd64 pass
test-amd64-amd64-xl-qemut-win7-amd64 fail
test-amd64-i386-xl-qemut-win7-amd64 fail
test-amd64-amd64-xl-qemuu-win7-amd64 fail
test-amd64-i386-xl-qemuu-win7-amd64 fail
test-amd64-amd64-xl-win7-amd64 fail
test-amd64-i386-xl-win7-amd64 fail
test-amd64-i386-xl-credit2 pass
test-amd64-i386-freebsd10-i386 pass
test-amd64-amd64-xl-pcipt-intel fail
test-amd64-i386-rhel6hvm-intel pass
test-amd64-i386-qemut-rhel6hvm-intel pass
test-amd64-i386-qemuu-rhel6hvm-intel pass
test-amd64-amd64-libvirt fail
test-armhf-armhf-libvirt fail
test-amd64-i386-libvirt fail
test-amd64-i386-xl-multivcpu pass
test-amd64-amd64-pair pass
test-amd64-i386-pair pass
test-amd64-amd64-xl-sedf-pin pass
test-amd64-amd64-xl-sedf pass
test-amd64-i386-xl-qemut-winxpsp3-vcpus1 fail
test-amd64-i386-xl-qemuu-winxpsp3-vcpus1 fail
test-amd64-i386-xl-winxpsp3-vcpus1 fail
test-amd64-amd64-xl-qemut-winxpsp3 fail
test-amd64-i386-xl-qemut-winxpsp3 fail
test-amd64-amd64-xl-qemuu-winxpsp3 fail
test-amd64-i386-xl-qemuu-winxpsp3 fail
test-amd64-amd64-xl-winxpsp3 fail
test-amd64-i386-xl-winxpsp3 fail
------------------------------------------------------------
sg-report-flight on osstest.cam.xci-test.com
logs: /home/xc_osstest/logs
images: /home/xc_osstest/images
Logs, config files, etc. are available at
http://www.chiark.greenend.org.uk/~xensrcts/logs
Test harness code can be found at
http://xenbits.xensource.com/gitweb?p=osstest.git;a=summary
Not pushing.
------------------------------------------------------------
commit 3b257486639cf6c25e1f3a744d1f19e6b4efdc7a
Merge: a537d37 032badd
Author: Peter Maydell <peter.maydell@linaro.org>
Date: Thu Jul 24 15:23:43 2014 +0100
Merge remote-tracking branch 'remotes/qmp-unstable/queue/qmp' into staging
* remotes/qmp-unstable/queue/qmp:
docs: document missing VSERPORT_CHANGE event
docs: document missing POWERDOWN event
docs: document missing SPICE_MIGRATE_COMPLETED event
docs: split SPICE_* event docs
docs: grammar fixes to qmp-events
Signed-off-by: Peter Maydell <peter.maydell@linaro.org>
commit 032baddea36330384b3654fcbfafa74cc815471c
Author: Eric Blake <eblake@redhat.com>
Date: Wed Jul 23 06:26:18 2014 -0600
docs: document missing VSERPORT_CHANGE event
The VSERPORT_CHANGE event was added in e2ae6159. The patch for
this event was prepared at a time when this file was gone, even
though it got applied immediately after dfab4892 restored this
file. Duplicate the documentation into this file, so that
anyone using this file instead of qapi will not miss out on this
new event.
* docs/qmp/qmp-events.txt (VSERPORT_CHANGE): Add.
Signed-off-by: Eric Blake <eblake@redhat.com>
Reviewed-by: Markus Armbruster <armbru@redhat.com>
Reviewed-by: Wenchao Xia <wenchaoqemu@gmail.com>
Signed-off-by: Luiz Capitulino <lcapitulino@redhat.com>
commit db52658b38fea4e54c23c9cfbced9478d368aa84
Author: Eric Blake <eblake@redhat.com>
Date: Wed Jul 23 06:26:17 2014 -0600
docs: document missing POWERDOWN event
The POWERDOWN event was first documented in 0aab9ec3. But since
dfab4892 later restored this file to the state prior to qmp events,
and we never documented it in the past, anyone using this file
instead of qapi will miss out on this event. Tweak the existing
wording of SHUTDOWN to match 84321831, and make the difference
between the two events apparent.
* docs/qmp/qmp-events.txt (POWERDOWN): Add.
(SHUTDOWN): Tweak.
Signed-off-by: Eric Blake <eblake@redhat.com>
Reviewed-by: Markus Armbruster <armbru@redhat.com>
Reviewed-by: Wenchao Xia <wenchaoqemu@gmail.com>
Signed-off-by: Luiz Capitulino <lcapitulino@redhat.com>
commit 5e255004f57294cddb7adc9f862747713589949e
Author: Eric Blake <eblake@redhat.com>
Date: Wed Jul 23 06:26:16 2014 -0600
docs: document missing SPICE_MIGRATE_COMPLETED event
The SPICE_MIGRATE_COMPLETED event was first documented in
7cfadb6b. But since dfab4892 later restored this file to the
state prior to qmp events, and we never documented it in the
past, anyone using this file instead of qapi will miss out on
this event.
* docs/qmp/qmp-events.txt (SPICE_MIGRATE_COMPLETED): Add.
Signed-off-by: Eric Blake <eblake@redhat.com>
Reviewed-by: Markus Armbruster <armbru@redhat.com>
Reviewed-by: Wenchao Xia <wenchaoqemu@gmail.com>
Signed-off-by: Luiz Capitulino <lcapitulino@redhat.com>
commit f8ecd94501e43d82de2e6102f5fe4de042cbe3ca
Author: Eric Blake <eblake@redhat.com>
Date: Wed Jul 23 06:26:15 2014 -0600
docs: split SPICE_* event docs
For consistency with the rest of this file, every event should be
listed in isolation. Compare how commit 7cfadb6b split
SPICE_CONNECTED and SPICE_DISCONNECTED into separate qmp events.
* docs/qmp/qmp-events.txt (SPICE_CONNECTED, SPICE_DISCONNECTED):
Split.
Signed-off-by: Eric Blake <eblake@redhat.com>
Reviewed-by: Markus Armbruster <armbru@redhat.com>
Reviewed-by: Wenchao Xia <wenchaoqemu@gmail.com>
Signed-off-by: Luiz Capitulino <lcapitulino@redhat.com>
commit 1454ac68af227145d2c336a3b55161cb785e32c4
Author: Eric Blake <eblake@redhat.com>
Date: Wed Jul 23 06:26:14 2014 -0600
docs: grammar fixes to qmp-events
When converting to qmp events, commits 7cfadb6b and a6330785
fixed some grammar as part of moving text between files. But
since dfab4892 later restored this file to the state prior to
qmp events, we have to do it again.
* docs/qmp/qmp-events.txt (RESET, SPICE_INITIALIZED): Tweak.
Signed-off-by: Eric Blake <eblake@redhat.com>
Reviewed-by: Markus Armbruster <armbru@redhat.com>
Reviewed-by: Wenchao Xia <wenchaoqemu@gmail.com>
Signed-off-by: Luiz Capitulino <lcapitulino@redhat.com>
commit a537d373b9f330853006ceb18d5891541b9e4030
Merge: f368c33 cf679ca
Author: Peter Maydell <peter.maydell@linaro.org>
Date: Thu Jul 24 12:49:54 2014 +0100
Merge remote-tracking branch 'remotes/kraxel/tags/pull-usb-20140723-1' into staging
usb: mtp: tag root property as experimental
# gpg: Signature made Wed 23 Jul 2014 07:56:21 BST using RSA key ID D3E87138
# gpg: Good signature from "Gerd Hoffmann (work) <kraxel@redhat.com>"
# gpg: aka "Gerd Hoffmann <gerd@kraxel.org>"
# gpg: aka "Gerd Hoffmann (private) <kraxel@gmail.com>"
* remotes/kraxel/tags/pull-usb-20140723-1:
usb: mtp: tag root property as experimental
Signed-off-by: Peter Maydell <peter.maydell@linaro.org>
commit cf679caf911aa49a25477b3aa20468ee50ed6c89
Author: Gerd Hoffmann <kraxel@redhat.com>
Date: Tue Jul 22 09:30:12 2014 +0200
usb: mtp: tag root property as experimental
Reason: we don't want commit to that interface yet. Possibly
the implementation will be switched over to use fsdev.
Suggested-by: Paolo Bonzini <pbonzini@redhat.com>
Signed-off-by: Gerd Hoffmann <kraxel@redhat.com>
^ permalink raw reply [flat|nested] only message in thread
only message in thread, other threads:[~2014-07-26 5:26 UTC | newest]
Thread overview: (only message) (download: mbox.gz follow: Atom feed
-- links below jump to the message on this page --
2014-07-26 5:26 [qemu-mainline test] 29467: regressions - FAIL xen.org
This is a public inbox, see mirroring instructions
for how to clone and mirror all data and code used for this inbox;
as well as URLs for NNTP newsgroup(s).