xen-devel.lists.xenproject.org archive mirror
 help / color / mirror / Atom feed
From: xen.org <Ian.Jackson@eu.citrix.com>
To: xen-devel@lists.xensource.com
Cc: ian.jackson@eu.citrix.com
Subject: [qemu-mainline test] 29504: regressions - trouble: broken/fail/pass
Date: Mon, 28 Jul 2014 20:54:51 +0100	[thread overview]
Message-ID: <osstest-29504-mainreport@xen.org> (raw)

flight 29504 qemu-mainline real [real]
http://www.chiark.greenend.org.uk/~xensrcts/logs/29504/

Regressions :-(

Tests which did not succeed and are blocking,
including tests which could not be run:
 test-armhf-armhf-xl           3 host-install(3)         broken REGR. vs. 29481
 test-amd64-amd64-xl-qemuu-ovmf-amd64  3 host-install(3) broken REGR. vs. 29481
 test-amd64-amd64-xl-win7-amd64  7 windows-install         fail REGR. vs. 29481

Regressions which are regarded as allowable (not blocking):
 test-amd64-amd64-xl-sedf      3 host-install(3)         broken REGR. vs. 29481
 test-amd64-amd64-xl-sedf-pin  3 host-install(3)         broken REGR. vs. 29481

Tests which did not succeed, but are not blocking:
 test-amd64-i386-libvirt       9 guest-start                  fail   never pass
 test-armhf-armhf-libvirt      9 guest-start                  fail   never pass
 test-amd64-amd64-xl-pcipt-intel  9 guest-start                 fail never pass
 test-amd64-amd64-libvirt      9 guest-start                  fail   never pass
 test-amd64-i386-xl-qemuu-winxpsp3-vcpus1 14 guest-stop         fail never pass
 test-amd64-amd64-xl-winxpsp3 14 guest-stop                   fail   never pass
 test-amd64-i386-xl-qemut-winxpsp3-vcpus1 14 guest-stop         fail never pass
 test-amd64-amd64-xl-qemut-winxpsp3 14 guest-stop               fail never pass
 test-amd64-amd64-xl-qemut-win7-amd64 14 guest-stop             fail never pass
 test-amd64-amd64-xl-qemuu-winxpsp3 14 guest-stop               fail never pass
 test-amd64-amd64-xl-qemuu-win7-amd64 14 guest-stop             fail never pass
 test-amd64-i386-xl-qemut-winxpsp3 14 guest-stop                fail never pass
 test-amd64-i386-xl-winxpsp3-vcpus1 14 guest-stop               fail never pass
 test-amd64-i386-xl-qemut-win7-amd64 14 guest-stop              fail never pass
 test-amd64-i386-xl-win7-amd64 14 guest-stop                   fail  never pass
 test-amd64-i386-xl-qemuu-win7-amd64 14 guest-stop              fail never pass
 test-amd64-i386-xl-winxpsp3  14 guest-stop                   fail   never pass
 test-amd64-i386-xl-qemuu-winxpsp3 14 guest-stop                fail never pass

version targeted for testing:
 qemuu                f45c56e0166e86d3b309ae72f4cb8e3d0949c7ef
baseline version:
 qemuu                c60a57ff497667780132a3fcdc1500c83af5d5c0

------------------------------------------------------------
People who touched revisions under test:
  Michael Tokarev <mjt@tls.msk.ru>
  Peter Maydell <peter.maydell@linaro.org>
------------------------------------------------------------

jobs:
 build-amd64                                                  pass    
 build-armhf                                                  pass    
 build-i386                                                   pass    
 build-amd64-libvirt                                          pass    
 build-armhf-libvirt                                          pass    
 build-i386-libvirt                                           pass    
 build-amd64-pvops                                            pass    
 build-armhf-pvops                                            pass    
 build-i386-pvops                                             pass    
 test-amd64-amd64-xl                                          pass    
 test-armhf-armhf-xl                                          broken  
 test-amd64-i386-xl                                           pass    
 test-amd64-i386-rhel6hvm-amd                                 pass    
 test-amd64-i386-qemut-rhel6hvm-amd                           pass    
 test-amd64-i386-qemuu-rhel6hvm-amd                           pass    
 test-amd64-amd64-xl-qemut-debianhvm-amd64                    pass    
 test-amd64-i386-xl-qemut-debianhvm-amd64                     pass    
 test-amd64-amd64-xl-qemuu-debianhvm-amd64                    pass    
 test-amd64-i386-xl-qemuu-debianhvm-amd64                     pass    
 test-amd64-i386-freebsd10-amd64                              pass    
 test-amd64-amd64-xl-qemuu-ovmf-amd64                         broken  
 test-amd64-i386-xl-qemuu-ovmf-amd64                          pass    
 test-amd64-amd64-xl-qemut-win7-amd64                         fail    
 test-amd64-i386-xl-qemut-win7-amd64                          fail    
 test-amd64-amd64-xl-qemuu-win7-amd64                         fail    
 test-amd64-i386-xl-qemuu-win7-amd64                          fail    
 test-amd64-amd64-xl-win7-amd64                               fail    
 test-amd64-i386-xl-win7-amd64                                fail    
 test-amd64-i386-xl-credit2                                   pass    
 test-amd64-i386-freebsd10-i386                               pass    
 test-amd64-amd64-xl-pcipt-intel                              fail    
 test-amd64-i386-rhel6hvm-intel                               pass    
 test-amd64-i386-qemut-rhel6hvm-intel                         pass    
 test-amd64-i386-qemuu-rhel6hvm-intel                         pass    
 test-amd64-amd64-libvirt                                     fail    
 test-armhf-armhf-libvirt                                     fail    
 test-amd64-i386-libvirt                                      fail    
 test-amd64-i386-xl-multivcpu                                 pass    
 test-amd64-amd64-pair                                        pass    
 test-amd64-i386-pair                                         pass    
 test-amd64-amd64-xl-sedf-pin                                 broken  
 test-amd64-amd64-xl-sedf                                     broken  
 test-amd64-i386-xl-qemut-winxpsp3-vcpus1                     fail    
 test-amd64-i386-xl-qemuu-winxpsp3-vcpus1                     fail    
 test-amd64-i386-xl-winxpsp3-vcpus1                           fail    
 test-amd64-amd64-xl-qemut-winxpsp3                           fail    
 test-amd64-i386-xl-qemut-winxpsp3                            fail    
 test-amd64-amd64-xl-qemuu-winxpsp3                           fail    
 test-amd64-i386-xl-qemuu-winxpsp3                            fail    
 test-amd64-amd64-xl-winxpsp3                                 fail    
 test-amd64-i386-xl-winxpsp3                                  fail    


------------------------------------------------------------
sg-report-flight on osstest.cam.xci-test.com
logs: /home/xc_osstest/logs
images: /home/xc_osstest/images

Logs, config files, etc. are available at
    http://www.chiark.greenend.org.uk/~xensrcts/logs

Test harness code can be found at
    http://xenbits.xensource.com/gitweb?p=osstest.git;a=summary


Not pushing.

------------------------------------------------------------
commit f45c56e0166e86d3b309ae72f4cb8e3d0949c7ef
Merge: c60a57f 2f47b40
Author: Peter Maydell <peter.maydell@linaro.org>
Date:   Mon Jul 28 11:05:14 2014 +0100

    Merge remote-tracking branch 'remotes/mjt/tags/trivial-patches-2014-07-26' into staging
    
    trivial patches for 2014-07-26
    
    # gpg: Signature made Sat 26 Jul 2014 08:16:55 BST using RSA key ID A4C3D7DB
    # gpg: Good signature from "Michael Tokarev <mjt@tls.msk.ru>"
    # gpg:                 aka "Michael Tokarev <mjt@corpit.ru>"
    # gpg:                 aka "Michael Tokarev <mjt@debian.org>"
    # gpg: WARNING: This key is not certified with a trusted signature!
    # gpg:          There is no indication that the signature belongs to the owner.
    # Primary key fingerprint: 6EE1 95D1 886E 8FFB 810D  4324 457C E0A0 8044 65C5
    #      Subkey fingerprint: 6F67 E18E 7C91 C5B1 5514  66A7 BEE5 9D74 A4C3 D7DB
    
    * remotes/mjt/tags/trivial-patches-2014-07-26:
      qemu-options: fix another allows-to for -net l2tpv3
    
    Signed-off-by: Peter Maydell <peter.maydell@linaro.org>

commit 2f47b403bd494b6717ef14c0d278d4b2d364b382
Author: Michael Tokarev <mjt@tls.msk.ru>
Date:   Thu Jul 24 20:10:17 2014 +0400

    qemu-options: fix another allows-to for -net l2tpv3
    
    Signed-off-by: Michael Tokarev <mjt@tls.msk.ru>

                 reply	other threads:[~2014-07-28 19:54 UTC|newest]

Thread overview: [no followups] expand[flat|nested]  mbox.gz  Atom feed

Reply instructions:

You may reply publicly to this message via plain-text email
using any one of the following methods:

* Save the following mbox file, import it into your mail client,
  and reply-to-all from there: mbox

  Avoid top-posting and favor interleaved quoting:
  https://en.wikipedia.org/wiki/Posting_style#Interleaved_style

* Reply using the --to, --cc, and --in-reply-to
  switches of git-send-email(1):

  git send-email \
    --in-reply-to=osstest-29504-mainreport@xen.org \
    --to=ian.jackson@eu.citrix.com \
    --cc=xen-devel@lists.xensource.com \
    /path/to/YOUR_REPLY

  https://kernel.org/pub/software/scm/git/docs/git-send-email.html

* If your mail client supports setting the In-Reply-To header
  via mailto: links, try the mailto: link
Be sure your reply has a Subject: header at the top and a blank line before the message body.
This is a public inbox, see mirroring instructions
for how to clone and mirror all data and code used for this inbox;
as well as URLs for NNTP newsgroup(s).