From: xen.org <Ian.Jackson@eu.citrix.com>
To: xen-devel@lists.xensource.com
Cc: ian.jackson@eu.citrix.com
Subject: [xen-unstable test] 29517: regressions - FAIL
Date: Wed, 30 Jul 2014 07:14:59 +0100 [thread overview]
Message-ID: <osstest-29517-mainreport@xen.org> (raw)
flight 29517 xen-unstable real [real]
http://www.chiark.greenend.org.uk/~xensrcts/logs/29517/
Regressions :-(
Tests which did not succeed and are blocking,
including tests which could not be run:
test-amd64-i386-freebsd10-amd64 11 guest-localmigrate fail REGR. vs. 29497
test-amd64-amd64-xl-qemut-win7-amd64 7 windows-install fail REGR. vs. 29505
Regressions which are regarded as allowable (not blocking):
test-amd64-amd64-xl-sedf 14 guest-localmigrate.2 fail REGR. vs. 29505
Tests which did not succeed, but are not blocking:
test-amd64-i386-libvirt 9 guest-start fail never pass
test-amd64-amd64-libvirt 9 guest-start fail never pass
test-armhf-armhf-libvirt 9 guest-start fail never pass
test-amd64-amd64-xl-pcipt-intel 9 guest-start fail never pass
test-armhf-armhf-xl 10 migrate-support-check fail never pass
test-amd64-i386-xl-qemut-winxpsp3 14 guest-stop fail never pass
test-amd64-i386-xl-qemuu-winxpsp3 14 guest-stop fail never pass
test-amd64-i386-xl-qemuu-winxpsp3-vcpus1 14 guest-stop fail never pass
test-amd64-i386-xl-qemut-winxpsp3-vcpus1 14 guest-stop fail never pass
test-amd64-amd64-xl-win7-amd64 14 guest-stop fail never pass
test-amd64-amd64-xl-qemuu-win7-amd64 14 guest-stop fail never pass
test-amd64-i386-xl-qemut-win7-amd64 14 guest-stop fail never pass
test-amd64-amd64-xl-qemut-winxpsp3 14 guest-stop fail never pass
test-amd64-i386-xl-win7-amd64 14 guest-stop fail never pass
test-amd64-amd64-xl-winxpsp3 14 guest-stop fail never pass
test-amd64-i386-xl-winxpsp3-vcpus1 14 guest-stop fail never pass
test-amd64-i386-xl-winxpsp3 14 guest-stop fail never pass
test-amd64-i386-xl-qemuu-win7-amd64 14 guest-stop fail never pass
test-amd64-amd64-xl-qemuu-winxpsp3 14 guest-stop fail never pass
version targeted for testing:
xen 76f657aea9f168ca617f98d513540bb3587c974b
baseline version:
xen 3925eaef085d287d43f7d213612c4f841e2dcb86
------------------------------------------------------------
People who touched revisions under test:
Andrew Cooper <andrew.cooper3@citrix.com>
George Dunlap <george.dunlap@eu.citrix.com>
Ian Campbell <ian.campbell@citrix.com>
Luis R. Rodriguez <mcgrof@suse.com>
Stefano Stabellini <stefano.stabellini@eu.citrix.com>
------------------------------------------------------------
jobs:
build-amd64 pass
build-armhf pass
build-i386 pass
build-amd64-libvirt pass
build-armhf-libvirt pass
build-i386-libvirt pass
build-amd64-oldkern pass
build-i386-oldkern pass
build-amd64-pvops pass
build-armhf-pvops pass
build-i386-pvops pass
build-amd64-rumpuserxen pass
build-i386-rumpuserxen pass
test-amd64-amd64-xl pass
test-armhf-armhf-xl pass
test-amd64-i386-xl pass
test-amd64-i386-rhel6hvm-amd pass
test-amd64-i386-qemut-rhel6hvm-amd pass
test-amd64-i386-qemuu-rhel6hvm-amd pass
test-amd64-amd64-xl-qemut-debianhvm-amd64 pass
test-amd64-i386-xl-qemut-debianhvm-amd64 pass
test-amd64-amd64-xl-qemuu-debianhvm-amd64 pass
test-amd64-i386-xl-qemuu-debianhvm-amd64 pass
test-amd64-i386-freebsd10-amd64 fail
test-amd64-amd64-xl-qemuu-ovmf-amd64 pass
test-amd64-i386-xl-qemuu-ovmf-amd64 pass
test-amd64-amd64-rumpuserxen-amd64 pass
test-amd64-amd64-xl-qemut-win7-amd64 fail
test-amd64-i386-xl-qemut-win7-amd64 fail
test-amd64-amd64-xl-qemuu-win7-amd64 fail
test-amd64-i386-xl-qemuu-win7-amd64 fail
test-amd64-amd64-xl-win7-amd64 fail
test-amd64-i386-xl-win7-amd64 fail
test-amd64-i386-xl-credit2 pass
test-amd64-i386-freebsd10-i386 pass
test-amd64-i386-rumpuserxen-i386 pass
test-amd64-amd64-xl-pcipt-intel fail
test-amd64-i386-rhel6hvm-intel pass
test-amd64-i386-qemut-rhel6hvm-intel pass
test-amd64-i386-qemuu-rhel6hvm-intel pass
test-amd64-amd64-libvirt fail
test-armhf-armhf-libvirt fail
test-amd64-i386-libvirt fail
test-amd64-i386-xl-multivcpu pass
test-amd64-amd64-pair pass
test-amd64-i386-pair pass
test-amd64-amd64-xl-sedf-pin pass
test-amd64-amd64-xl-sedf fail
test-amd64-i386-xl-qemut-winxpsp3-vcpus1 fail
test-amd64-i386-xl-qemuu-winxpsp3-vcpus1 fail
test-amd64-i386-xl-winxpsp3-vcpus1 fail
test-amd64-amd64-xl-qemut-winxpsp3 fail
test-amd64-i386-xl-qemut-winxpsp3 fail
test-amd64-amd64-xl-qemuu-winxpsp3 fail
test-amd64-i386-xl-qemuu-winxpsp3 fail
test-amd64-amd64-xl-winxpsp3 fail
test-amd64-i386-xl-winxpsp3 fail
------------------------------------------------------------
sg-report-flight on osstest.cam.xci-test.com
logs: /home/xc_osstest/logs
images: /home/xc_osstest/images
Logs, config files, etc. are available at
http://www.chiark.greenend.org.uk/~xensrcts/logs
Test harness code can be found at
http://xenbits.xensource.com/gitweb?p=osstest.git;a=summary
Not pushing.
------------------------------------------------------------
commit 76f657aea9f168ca617f98d513540bb3587c974b
Author: Andrew Cooper <andrew.cooper3@citrix.com>
Date: Mon Jul 28 16:55:32 2014 +0200
x86/hvm: alter hpet_init() to take a domain rather than vcpu
There is nothing vcpu-specific about hpet_init(); all it does is follow the
vcpu's domain pointer to get at the domain vhpet state.
Signed-off-by: Andrew Cooper <andrew.cooper3@citrix.com>
commit a1833bfb491b69f0373eb069a559aedb385c67ca
Author: Andrew Cooper <andrew.cooper3@citrix.com>
Date: Mon Jul 28 16:53:35 2014 +0200
annotate debugtrace_printk() with a printf compiler __attribute__
And fix up the resulting compilation issue.
Signed-off-by: Andrew Cooper <andrew.cooper3@citrix.com>
commit 54f28913a2b391f15b81e505ebc36c2b42359a6d
Author: Luis R. Rodriguez <mcgrof@suse.com>
Date: Fri Jul 25 19:14:17 2014 -0700
autoconf: xen: move standard path variables to config/Paths.mk.in
This moves all generic path variables to a new the config/Paths.mk.in
input source file to be processed at configure time, tons of files use
these so this just share them. This also paves the way to let us
easily dynamically configure these with autoconf, for now we leave the
same presets as was present before.
This work was prompted by looking for an autoconf way to do
replacements for the hotplug global file, while at it I realized
that a few other files use the same variables and have in places
around the tree the same constructs for generating their own
files. This makes use of the old buildmakevars2file() but generalizes
the definition of the paths at configure time and spreads the
new definitions out throughout the build system.
This has no impact on building the hypervisor and extras/mini-os,
you do not need to, and are not expected to, run configure to build
those targets.
While at it lets add some documentation on the for the two files on
the source file, we can expand further details on the wiki [0].
[0] http://wiki.xen.org/wiki/Category:Host_Configuration#System_wide_xen_configuration
Cc: Ian Campbell <ian.campbell@citrix.com>
Cc: Ian Jackson <ian.jackson@eu.citrix.com>
Cc: Samuel Thibault <samuel.thibault@ens-lyon.org>
Cc: Jan Beulich <jbeulich@suse.com>
Cc: Keir Fraser <keir@xen.org>
Cc: Tim Deegan <tim@xen.org>
Signed-off-by: Luis R. Rodriguez <mcgrof@suse.com>
Acked-by: Ian Campbell <ian.campbell@citrix.com>
[ ijc -- reran autogen.sh ]
commit 1846031d472f85b44d873bce76c6ceca9649efbd
Author: Luis R. Rodriguez <mcgrof@suse.com>
Date: Fri Jul 25 19:14:16 2014 -0700
oxenstored: also fail if only 1 socket was given by systemd
Reported-by: Ian Campbell <ian.campbell@citrix.com>
Signed-off-by: Luis R. Rodriguez <mcgrof@suse.com>
Acked-by: Ian Campbell <ian.campbell@citrix.com>
commit bdc74c9aa5b0c9d540414c10e216aa585bce6851
Author: Luis R. Rodriguez <mcgrof@suse.com>
Date: Fri Jul 25 19:14:15 2014 -0700
cxenstored: also fail if only 1 socket was given by systemd
Reported-by: Ian Campbell <ian.campbell@citrix.com>
Signed-off-by: Luis R. Rodriguez <mcgrof@suse.com>
Acked-by: Ian Campbell <ian.campbell@citrix.com>
commit 77038d0f76bccb0c75de92b2f24269300df15a44
Author: Stefano Stabellini <stefano.stabellini@eu.citrix.com>
Date: Wed Jul 23 14:37:23 2014 +0100
xen/arm: call vcpu_yield on WFE trap
No need to call vcpu_force_reschedule, is too expensive.
Signed-off-by: Stefano Stabellini <stefano.stabellini@eu.citrix.com>
Acked-by: Ian Campbell <ian.campbell@citrix.com>
commit afac868e50ace7e89fcf87d4f079d2185ea4b738
Author: Stefano Stabellini <stefano.stabellini@eu.citrix.com>
Date: Wed Jul 23 14:37:22 2014 +0100
xen: export do_yield as vcpu_yield
Signed-off-by: Stefano Stabellini <stefano.stabellini@eu.citrix.com>
Acked-by: George Dunlap <george.dunlap@eu.citrix.com>
CC: JBeulich@suse.com
(qemu changes not included)
reply other threads:[~2014-07-30 6:14 UTC|newest]
Thread overview: [no followups] expand[flat|nested] mbox.gz Atom feed
Reply instructions:
You may reply publicly to this message via plain-text email
using any one of the following methods:
* Save the following mbox file, import it into your mail client,
and reply-to-all from there: mbox
Avoid top-posting and favor interleaved quoting:
https://en.wikipedia.org/wiki/Posting_style#Interleaved_style
* Reply using the --to, --cc, and --in-reply-to
switches of git-send-email(1):
git send-email \
--in-reply-to=osstest-29517-mainreport@xen.org \
--to=ian.jackson@eu.citrix.com \
--cc=xen-devel@lists.xensource.com \
/path/to/YOUR_REPLY
https://kernel.org/pub/software/scm/git/docs/git-send-email.html
* If your mail client supports setting the In-Reply-To header
via mailto: links, try the mailto: link
Be sure your reply has a Subject: header at the top and a blank line
before the message body.
This is a public inbox, see mirroring instructions
for how to clone and mirror all data and code used for this inbox;
as well as URLs for NNTP newsgroup(s).