From mboxrd@z Thu Jan 1 00:00:00 1970 From: xen.org Subject: [linux-3.14 test] 29551: trouble: blocked/broken/fail/pass Date: Fri, 1 Aug 2014 09:31:39 +0100 Message-ID: Mime-Version: 1.0 Content-Type: multipart/mixed; boundary="===============2087512858455521729==" Return-path: List-Unsubscribe: , List-Post: List-Help: List-Subscribe: , Sender: xen-devel-bounces@lists.xen.org Errors-To: xen-devel-bounces@lists.xen.org To: xen-devel@lists.xensource.com Cc: ian.jackson@eu.citrix.com List-Id: xen-devel@lists.xenproject.org --===============2087512858455521729== Content-Type: text/plain Content-Length: 13671 Content-Transfer-Encoding: quoted-printable flight 29551 linux-3.14 real [real] http://www.chiark.greenend.org.uk/~xensrcts/logs/29551/ Failures and problems with tests :-( Tests which did not succeed and are blocking, including tests which could not be run: build-amd64-pvops 3 host-install(3) broken REGR. vs. 29492 build-amd64 3 host-install(3) broken REGR. vs. 29492 Tests which did not succeed, but are not blocking: build-amd64-libvirt 1 build-check(1) blocked n/a test-amd64-i386-rumpuserxen-i386 1 build-check(1) blocked n/a test-amd64-amd64-rumpuserxen-amd64 1 build-check(1) blocked n/a test-armhf-armhf-libvirt 9 guest-start fail never pass test-amd64-i386-libvirt 1 build-check(1) blocked n/a test-armhf-armhf-xl 10 migrate-support-check fail never pass test-amd64-amd64-libvirt 1 build-check(1) blocked n/a test-amd64-amd64-xl-pcipt-intel 1 build-check(1) blocked n/a test-amd64-i386-qemut-rhel6hvm-amd 1 build-check(1) blocked n/a test-amd64-i386-xl 1 build-check(1) blocked n/a test-amd64-i386-qemut-rhel6hvm-intel 1 build-check(1) blocked n/a test-amd64-i386-rhel6hvm-amd 1 build-check(1) blocked n/a test-amd64-i386-qemuu-rhel6hvm-amd 1 build-check(1) blocked n/a build-amd64-rumpuserxen 1 build-check(1) blocked n/a test-amd64-amd64-xl-sedf 1 build-check(1) blocked n/a test-amd64-amd64-xl-sedf-pin 1 build-check(1) blocked n/a test-amd64-amd64-xl 1 build-check(1) blocked n/a test-amd64-i386-xl-credit2 1 build-check(1) blocked n/a test-amd64-i386-xl-multivcpu 1 build-check(1) blocked n/a test-amd64-i386-qemuu-rhel6hvm-intel 1 build-check(1) blocked n/a test-amd64-i386-rhel6hvm-intel 1 build-check(1) blocked n/a test-amd64-i386-freebsd10-i386 1 build-check(1) blocked n/a test-amd64-i386-xl-qemuu-debianhvm-amd64 1 build-check(1) blocked n/a test-amd64-amd64-xl-qemut-win7-amd64 1 build-check(1) blocked n/a test-amd64-i386-xl-qemuu-winxpsp3-vcpus1 1 build-check(1) blocked n/a test-amd64-i386-xl-qemuu-ovmf-amd64 1 build-check(1) blocked n/a test-amd64-i386-freebsd10-amd64 1 build-check(1) blocked n/a test-amd64-amd64-xl-winxpsp3 1 build-check(1) blocked n/a test-amd64-i386-xl-qemut-debianhvm-amd64 1 build-check(1) blocked n/a test-amd64-amd64-pair 1 build-check(1) blocked n/a test-amd64-i386-xl-qemut-win7-amd64 1 build-check(1) blocked n/a test-amd64-i386-xl-qemuu-win7-amd64 1 build-check(1) blocked n/a test-amd64-amd64-xl-qemuu-winxpsp3 1 build-check(1) blocked n/a test-amd64-i386-xl-winxpsp3 1 build-check(1) blocked n/a test-amd64-i386-xl-qemuu-winxpsp3 1 build-check(1) blocked n/a test-amd64-i386-xl-qemut-winxpsp3-vcpus1 1 build-check(1) blocked n/a test-amd64-i386-xl-qemut-winxpsp3 1 build-check(1) blocked n/a test-amd64-amd64-xl-qemuu-win7-amd64 1 build-check(1) blocked n/a test-amd64-amd64-xl-qemuu-debianhvm-amd64 1 build-check(1) blocked n/a test-amd64-amd64-xl-qemut-debianhvm-amd64 1 build-check(1) blocked n/a test-amd64-amd64-xl-qemuu-ovmf-amd64 1 build-check(1) blocked n/a test-amd64-i386-xl-winxpsp3-vcpus1 1 build-check(1) blocked n/a test-amd64-i386-xl-win7-amd64 1 build-check(1) blocked n/a test-amd64-amd64-xl-win7-amd64 1 build-check(1) blocked n/a test-amd64-i386-pair 1 build-check(1) blocked n/a test-amd64-amd64-xl-qemut-winxpsp3 1 build-check(1) blocked n/a version targeted for testing: linux 6a0a453177b4ed9de73a93af7f15473389b3248b baseline version: linux bc1f55ec195d03cac31e7221655cfc5d4a048284 ------------------------------------------------------------ People who touched revisions under test: Aaron Brown Abbas Raza Alan Stern Alex Deucher Amitkumar Karwar Anand Avati Andrew Morton Andrew Vagin Andrey Utkin Anton Kolesov Avinash Patil Axel Lin Ben Hutchings Ben Pfaff Benjamin LaHaise Bernd Wachter Bing Zhao Bj=C3=B8rn Mork Brian Norris Christoph Paasch Christoph Schulz Dan Williams Daniel Borkmann Dave Airlie Dave Ertman Dave Kleikamp David Ertman David Heidelberger David S. Miller David Vrabel Ding Tianhong dingtianhong Dmitry Popov Don Zickus Edward Allcutt Emmanuel Grumbach Enrico Mioso Eric Dumazet Gavin Guo Greg Kroah-Hartman Guenter Roeck H.K. Jerry Chu Hans de Goede HATAYAMA Daisuke Heiko Stuebner Hugh Dickins Ingo Molnar Jan Kara Jason Cooper Jason Wang Jeff Kirsher Jerry Chu Jiri Olsa Jiri Olsa Joe Thornber John Stultz John W. Linville Jon Maloy Jon Paul Maloy Jonathan Cameron K. Y. Srinivasan Li RongQing Linus Torvalds Loic Poulain Loic Prylli Madalin-Cristian Bucur Maithili Hinge Manuel Sch=C3=B6lling Marcel Holtmann Marek Marczykowski Marek Vasut Martin Lau Mateusz Guzik Matthias Brugger Mauro Mauro Carvalho Chehab Mengdong Lin Michal Hocko Mike Snitzer Miklos Szeredi Neal Cardwell Neil Horman Nikolay Aleksandrov Niu Yawei Niu Yawei Oleg Nesterov Oren Givon Pavel Emelyanov Pekon Gupta Peter Chen Peter Zijlstra Rafael J. Wysocki Robert Elliot Sasha Levin Sathya Perla Shawn Guo Sowmini Varadhan Srinivas Pandruvada Stefan Assmann Stefano Stabellini Steven Rostedt (Red Hat) Steven Rostedt Suravee Suthikulpanit Suresh Reddy Takashi Iwai Ted Juan Thomas Fitzsimmons Thomas Gleixner Thomas Petazzoni Todd Fujinaka Tomasz Figa Tyler Hall Vineet Gupta Vlad Yasevich Wei-Chun Chao Will Deacon Xinming Hu Yuchung Cheng zhangwei(Jovi) ------------------------------------------------------------ jobs: build-amd64 broken build-armhf pass build-i386 pass build-amd64-libvirt blocked build-armhf-libvirt pass build-i386-libvirt pass build-amd64-pvops broken build-armhf-pvops pass build-i386-pvops pass build-amd64-rumpuserxen blocked build-i386-rumpuserxen pass test-amd64-amd64-xl blocked test-armhf-armhf-xl pass test-amd64-i386-xl blocked test-amd64-i386-rhel6hvm-amd blocked test-amd64-i386-qemut-rhel6hvm-amd blocked test-amd64-i386-qemuu-rhel6hvm-amd blocked test-amd64-amd64-xl-qemut-debianhvm-amd64 blocked test-amd64-i386-xl-qemut-debianhvm-amd64 blocked test-amd64-amd64-xl-qemuu-debianhvm-amd64 blocked test-amd64-i386-xl-qemuu-debianhvm-amd64 blocked test-amd64-i386-freebsd10-amd64 blocked test-amd64-amd64-xl-qemuu-ovmf-amd64 blocked test-amd64-i386-xl-qemuu-ovmf-amd64 blocked test-amd64-amd64-rumpuserxen-amd64 blocked test-amd64-amd64-xl-qemut-win7-amd64 blocked test-amd64-i386-xl-qemut-win7-amd64 blocked test-amd64-amd64-xl-qemuu-win7-amd64 blocked test-amd64-i386-xl-qemuu-win7-amd64 blocked test-amd64-amd64-xl-win7-amd64 blocked test-amd64-i386-xl-win7-amd64 blocked test-amd64-i386-xl-credit2 blocked test-amd64-i386-freebsd10-i386 blocked test-amd64-i386-rumpuserxen-i386 blocked test-amd64-amd64-xl-pcipt-intel blocked test-amd64-i386-rhel6hvm-intel blocked test-amd64-i386-qemut-rhel6hvm-intel blocked test-amd64-i386-qemuu-rhel6hvm-intel blocked test-amd64-amd64-libvirt blocked test-armhf-armhf-libvirt fail test-amd64-i386-libvirt blocked test-amd64-i386-xl-multivcpu blocked test-amd64-amd64-pair blocked test-amd64-i386-pair blocked test-amd64-amd64-xl-sedf-pin blocked test-amd64-amd64-xl-sedf blocked test-amd64-i386-xl-qemut-winxpsp3-vcpus1 blocked test-amd64-i386-xl-qemuu-winxpsp3-vcpus1 blocked test-amd64-i386-xl-winxpsp3-vcpus1 blocked test-amd64-amd64-xl-qemut-winxpsp3 blocked test-amd64-i386-xl-qemut-winxpsp3 blocked test-amd64-amd64-xl-qemuu-winxpsp3 blocked test-amd64-i386-xl-qemuu-winxpsp3 blocked test-amd64-amd64-xl-winxpsp3 blocked test-amd64-i386-xl-winxpsp3 blocked ------------------------------------------------------------ sg-report-flight on osstest.cam.xci-test.com logs: /home/xc_osstest/logs images: /home/xc_osstest/images Logs, config files, etc. are available at http://www.chiark.greenend.org.uk/~xensrcts/logs Test harness code can be found at http://xenbits.xensource.com/gitweb=3Fp=3Dosstest.git;a=3Dsummary Not pushing. (No revision log; it would be 2762 lines long.) --===============2087512858455521729== Content-Type: text/plain; charset="us-ascii" MIME-Version: 1.0 Content-Transfer-Encoding: 7bit Content-Disposition: inline _______________________________________________ Xen-devel mailing list Xen-devel@lists.xen.org http://lists.xen.org/xen-devel --===============2087512858455521729==--