* [linux-3.14 test] 29551: trouble: blocked/broken/fail/pass
@ 2014-08-01 8:31 xen.org
0 siblings, 0 replies; only message in thread
From: xen.org @ 2014-08-01 8:31 UTC (permalink / raw)
To: xen-devel; +Cc: ian.jackson
[-- Attachment #1: Type: text/plain, Size: 13572 bytes --]
flight 29551 linux-3.14 real [real]
http://www.chiark.greenend.org.uk/~xensrcts/logs/29551/
Failures and problems with tests :-(
Tests which did not succeed and are blocking,
including tests which could not be run:
build-amd64-pvops 3 host-install(3) broken REGR. vs. 29492
build-amd64 3 host-install(3) broken REGR. vs. 29492
Tests which did not succeed, but are not blocking:
build-amd64-libvirt 1 build-check(1) blocked n/a
test-amd64-i386-rumpuserxen-i386 1 build-check(1) blocked n/a
test-amd64-amd64-rumpuserxen-amd64 1 build-check(1) blocked n/a
test-armhf-armhf-libvirt 9 guest-start fail never pass
test-amd64-i386-libvirt 1 build-check(1) blocked n/a
test-armhf-armhf-xl 10 migrate-support-check fail never pass
test-amd64-amd64-libvirt 1 build-check(1) blocked n/a
test-amd64-amd64-xl-pcipt-intel 1 build-check(1) blocked n/a
test-amd64-i386-qemut-rhel6hvm-amd 1 build-check(1) blocked n/a
test-amd64-i386-xl 1 build-check(1) blocked n/a
test-amd64-i386-qemut-rhel6hvm-intel 1 build-check(1) blocked n/a
test-amd64-i386-rhel6hvm-amd 1 build-check(1) blocked n/a
test-amd64-i386-qemuu-rhel6hvm-amd 1 build-check(1) blocked n/a
build-amd64-rumpuserxen 1 build-check(1) blocked n/a
test-amd64-amd64-xl-sedf 1 build-check(1) blocked n/a
test-amd64-amd64-xl-sedf-pin 1 build-check(1) blocked n/a
test-amd64-amd64-xl 1 build-check(1) blocked n/a
test-amd64-i386-xl-credit2 1 build-check(1) blocked n/a
test-amd64-i386-xl-multivcpu 1 build-check(1) blocked n/a
test-amd64-i386-qemuu-rhel6hvm-intel 1 build-check(1) blocked n/a
test-amd64-i386-rhel6hvm-intel 1 build-check(1) blocked n/a
test-amd64-i386-freebsd10-i386 1 build-check(1) blocked n/a
test-amd64-i386-xl-qemuu-debianhvm-amd64 1 build-check(1) blocked n/a
test-amd64-amd64-xl-qemut-win7-amd64 1 build-check(1) blocked n/a
test-amd64-i386-xl-qemuu-winxpsp3-vcpus1 1 build-check(1) blocked n/a
test-amd64-i386-xl-qemuu-ovmf-amd64 1 build-check(1) blocked n/a
test-amd64-i386-freebsd10-amd64 1 build-check(1) blocked n/a
test-amd64-amd64-xl-winxpsp3 1 build-check(1) blocked n/a
test-amd64-i386-xl-qemut-debianhvm-amd64 1 build-check(1) blocked n/a
test-amd64-amd64-pair 1 build-check(1) blocked n/a
test-amd64-i386-xl-qemut-win7-amd64 1 build-check(1) blocked n/a
test-amd64-i386-xl-qemuu-win7-amd64 1 build-check(1) blocked n/a
test-amd64-amd64-xl-qemuu-winxpsp3 1 build-check(1) blocked n/a
test-amd64-i386-xl-winxpsp3 1 build-check(1) blocked n/a
test-amd64-i386-xl-qemuu-winxpsp3 1 build-check(1) blocked n/a
test-amd64-i386-xl-qemut-winxpsp3-vcpus1 1 build-check(1) blocked n/a
test-amd64-i386-xl-qemut-winxpsp3 1 build-check(1) blocked n/a
test-amd64-amd64-xl-qemuu-win7-amd64 1 build-check(1) blocked n/a
test-amd64-amd64-xl-qemuu-debianhvm-amd64 1 build-check(1) blocked n/a
test-amd64-amd64-xl-qemut-debianhvm-amd64 1 build-check(1) blocked n/a
test-amd64-amd64-xl-qemuu-ovmf-amd64 1 build-check(1) blocked n/a
test-amd64-i386-xl-winxpsp3-vcpus1 1 build-check(1) blocked n/a
test-amd64-i386-xl-win7-amd64 1 build-check(1) blocked n/a
test-amd64-amd64-xl-win7-amd64 1 build-check(1) blocked n/a
test-amd64-i386-pair 1 build-check(1) blocked n/a
test-amd64-amd64-xl-qemut-winxpsp3 1 build-check(1) blocked n/a
version targeted for testing:
linux 6a0a453177b4ed9de73a93af7f15473389b3248b
baseline version:
linux bc1f55ec195d03cac31e7221655cfc5d4a048284
------------------------------------------------------------
People who touched revisions under test:
Aaron Brown <aaron.f.brown@intel.com>
Abbas Raza <Abbas_Raza@mentor.com>
Alan Stern <stern@rowland.harvard.edu>
Alex Deucher <alexander.deucher@amd.com>
Amitkumar Karwar <akarwar@marvell.com>
Anand Avati <avati@redhat.com>
Andrew Morton <akpm@linux-foundation.org>
Andrew Vagin <avagin@openvz.org>
Andrey Utkin <andrey.krieger.utkin@gmail.com>
Anton Kolesov <Anton.Kolesov@synopsys.com>
Avinash Patil <patila@marvell.com>
Axel Lin <axel.lin@ingics.com>
Ben Hutchings <ben@decadent.org.uk>
Ben Pfaff <blp@nicira.com>
Benjamin LaHaise <bcrl@kvack.org>
Bernd Wachter <bernd.wachter@jolla.com>
Bing Zhao <bzhao@marvell.com>
Bjørn Mork <bjorn@mork.no>
Brian Norris <computersforpeace@gmail.com>
Christoph Paasch <christoph.paasch@uclouvain.be>
Christoph Schulz <develop@kristov.de>
Dan Williams <dcbw@redhat.com>
Daniel Borkmann <dborkman@redhat.com>
Dave Airlie <airlied@redhat.com>
Dave Ertman <davidx.m.ertman@intel.com>
Dave Kleikamp <dave.kleikamp@oracle.com>
David Ertman <davidx.m.ertman@intel.com>
David Heidelberger <david.heidelberger@ixit.cz>
David S. Miller <davem@davemloft.net>
David Vrabel <david.vrabel@citrix.com>
Ding Tianhong <dingtianhong@huawei.com>
dingtianhong <dingtianhong@huawei.com>
Dmitry Popov <ixaphire@qrator.net>
Don Zickus <dzickus@redhat.com>
Edward Allcutt <edward.allcutt@openmarket.com>
Emmanuel Grumbach <emmanuel.grumbach@intel.com>
Enrico Mioso <mrkiko.rs@gmail.com>
Eric Dumazet <edumazet@google.com>
Gavin Guo <gavin.guo@canonical.com>
Greg Kroah-Hartman <gregkh@linuxfoundation.org>
Guenter Roeck <linux@roeck-us.net>
H.K. Jerry Chu <hkchu@google.com>
Hans de Goede <hdegoede@redhat.com>
HATAYAMA Daisuke <d.hatayama@jp.fujitsu.com>
Heiko Stuebner <heiko@sntech.de>
Hugh Dickins <hughd@google.com>
Ingo Molnar <mingo@kernel.org>
Jan Kara <jack@suse.cz>
Jason Cooper <jason@lakedaemon.net>
Jason Wang <jasowang@redhat.com>
Jeff Kirsher <jeffrey.t.kirsher@intel.com>
Jerry Chu <hkchu@google.com>
Jiri Olsa <jolsa@kernel.org>
Jiri Olsa <jolsa@redhat.com>
Joe Thornber <ejt@redhat.com>
John Stultz <john.stultz@linaro.org>
John W. Linville <linville@tuxdriver.com>
Jon Maloy <jon.maloy@ericsson.com>
Jon Paul Maloy <jon.maloy@ericsson.com>
Jonathan Cameron <jic23@kernel.org>
K. Y. Srinivasan <kys@microsoft.com>
Li RongQing <roy.qing.li@gmail.com>
Linus Torvalds <torvalds@linux-foundation.org>
Loic Poulain <loic.poulain@intel.com>
Loic Prylli <loicp@google.com>
Madalin-Cristian Bucur <madalin.bucur@freescale.com>
Maithili Hinge <maithili@marvell.com>
Manuel Schölling <manuel.schoelling@gmx.de>
Marcel Holtmann <marcel@holtmann.org>
Marek Marczykowski <marmarek@invisiblethingslab.com>
Marek Vasut <marex@denx.de>
Martin Lau <kafai@fb.com>
Mateusz Guzik <mguzik@redhat.com>
Matthias Brugger <matthias.bgg@gmail.com>
Mauro <registosites@hotmail.com>
Mauro Carvalho Chehab <m.chehab@samsung.com>
Mengdong Lin <mengdong.lin@intel.com>
Michal Hocko <mhocko@suse.cz>
Mike Snitzer <snitzer@redhat.com>
Miklos Szeredi <mszeredi@suse.cz>
Neal Cardwell <ncardwell@google.com>
Neil Horman <nhorman@tuxdriver.com>
Nikolay Aleksandrov <nikolay@redhat.com>
Niu Yawei <yawei.niu@gmail.com>
Niu Yawei <yawei.niu@intel.com>
Oleg Nesterov <oleg@redhat.com>
Oren Givon <oren.givon@intel.com>
Pavel Emelyanov <xemul@parallels.com>
Pekon Gupta <pekon@ti.com>
Peter Chen <peter.chen@freescale.com>
Peter Zijlstra <peterz@infradead.org>
Rafael J. Wysocki <rafael.j.wysocki@intel.com>
Robert Elliot <Elliott@hp.com>
Sasha Levin <sasha.levin@oracle.com>
Sathya Perla <sathya.perla@emulex.com>
Shawn Guo <shawn.guo@linaro.org>
Sowmini Varadhan <sowmini.varadhan@oracle.com>
Srinivas Pandruvada <srinivas.pandruvada@linux.intel.com>
Stefan Assmann <sassmann@kpanic.de>
Stefano Stabellini <stefano.stabellini@eu.citrix.com>
Steven Rostedt (Red Hat) <rostedt@goodmis.org>
Steven Rostedt <rostedt@goodmis.org>
Suravee Suthikulpanit <Suravee.Suthikulpanit@amd.com>
Suresh Reddy <Suresh.Reddy@emulex.com>
Takashi Iwai <tiwai@suse.de>
Ted Juan <ted.juan@gmail.com>
Thomas Fitzsimmons <fitzsim@fitzsim.org>
Thomas Gleixner <tglx@linutronix.de>
Thomas Petazzoni <thomas.petazzoni@free-electrons.com>
Todd Fujinaka <todd.fujinaka@intel.com>
Tomasz Figa <t.figa@samsung.com>
Tyler Hall <tylerwhall@gmail.com>
Vineet Gupta <vgupta@synopsys.com>
Vlad Yasevich <vyasevich@gmail.com>
Wei-Chun Chao <weichunc@plumgrid.com>
Will Deacon <will.deacon@arm.com>
Xinming Hu <huxm@marvell.com>
Yuchung Cheng <ycheng@google.com>
zhangwei(Jovi) <jovi.zhangwei@huawei.com>
------------------------------------------------------------
jobs:
build-amd64 broken
build-armhf pass
build-i386 pass
build-amd64-libvirt blocked
build-armhf-libvirt pass
build-i386-libvirt pass
build-amd64-pvops broken
build-armhf-pvops pass
build-i386-pvops pass
build-amd64-rumpuserxen blocked
build-i386-rumpuserxen pass
test-amd64-amd64-xl blocked
test-armhf-armhf-xl pass
test-amd64-i386-xl blocked
test-amd64-i386-rhel6hvm-amd blocked
test-amd64-i386-qemut-rhel6hvm-amd blocked
test-amd64-i386-qemuu-rhel6hvm-amd blocked
test-amd64-amd64-xl-qemut-debianhvm-amd64 blocked
test-amd64-i386-xl-qemut-debianhvm-amd64 blocked
test-amd64-amd64-xl-qemuu-debianhvm-amd64 blocked
test-amd64-i386-xl-qemuu-debianhvm-amd64 blocked
test-amd64-i386-freebsd10-amd64 blocked
test-amd64-amd64-xl-qemuu-ovmf-amd64 blocked
test-amd64-i386-xl-qemuu-ovmf-amd64 blocked
test-amd64-amd64-rumpuserxen-amd64 blocked
test-amd64-amd64-xl-qemut-win7-amd64 blocked
test-amd64-i386-xl-qemut-win7-amd64 blocked
test-amd64-amd64-xl-qemuu-win7-amd64 blocked
test-amd64-i386-xl-qemuu-win7-amd64 blocked
test-amd64-amd64-xl-win7-amd64 blocked
test-amd64-i386-xl-win7-amd64 blocked
test-amd64-i386-xl-credit2 blocked
test-amd64-i386-freebsd10-i386 blocked
test-amd64-i386-rumpuserxen-i386 blocked
test-amd64-amd64-xl-pcipt-intel blocked
test-amd64-i386-rhel6hvm-intel blocked
test-amd64-i386-qemut-rhel6hvm-intel blocked
test-amd64-i386-qemuu-rhel6hvm-intel blocked
test-amd64-amd64-libvirt blocked
test-armhf-armhf-libvirt fail
test-amd64-i386-libvirt blocked
test-amd64-i386-xl-multivcpu blocked
test-amd64-amd64-pair blocked
test-amd64-i386-pair blocked
test-amd64-amd64-xl-sedf-pin blocked
test-amd64-amd64-xl-sedf blocked
test-amd64-i386-xl-qemut-winxpsp3-vcpus1 blocked
test-amd64-i386-xl-qemuu-winxpsp3-vcpus1 blocked
test-amd64-i386-xl-winxpsp3-vcpus1 blocked
test-amd64-amd64-xl-qemut-winxpsp3 blocked
test-amd64-i386-xl-qemut-winxpsp3 blocked
test-amd64-amd64-xl-qemuu-winxpsp3 blocked
test-amd64-i386-xl-qemuu-winxpsp3 blocked
test-amd64-amd64-xl-winxpsp3 blocked
test-amd64-i386-xl-winxpsp3 blocked
------------------------------------------------------------
sg-report-flight on osstest.cam.xci-test.com
logs: /home/xc_osstest/logs
images: /home/xc_osstest/images
Logs, config files, etc. are available at
http://www.chiark.greenend.org.uk/~xensrcts/logs
Test harness code can be found at
http://xenbits.xensource.com/gitweb?p=osstest.git;a=summary
Not pushing.
(No revision log; it would be 2762 lines long.)
[-- Attachment #2: Type: text/plain, Size: 126 bytes --]
_______________________________________________
Xen-devel mailing list
Xen-devel@lists.xen.org
http://lists.xen.org/xen-devel
^ permalink raw reply [flat|nested] only message in thread
only message in thread, other threads:[~2014-08-01 8:31 UTC | newest]
Thread overview: (only message) (download: mbox.gz follow: Atom feed
-- links below jump to the message on this page --
2014-08-01 8:31 [linux-3.14 test] 29551: trouble: blocked/broken/fail/pass xen.org
This is a public inbox, see mirroring instructions
for how to clone and mirror all data and code used for this inbox;
as well as URLs for NNTP newsgroup(s).