From mboxrd@z Thu Jan 1 00:00:00 1970 From: xen.org Subject: [linux-3.14 test] 29572: regressions - FAIL Date: Sat, 2 Aug 2014 11:19:35 +0100 Message-ID: Mime-Version: 1.0 Content-Type: multipart/mixed; boundary="===============1894024114795741800==" Return-path: List-Unsubscribe: , List-Post: List-Help: List-Subscribe: , Sender: xen-devel-bounces@lists.xen.org Errors-To: xen-devel-bounces@lists.xen.org To: xen-devel@lists.xensource.com Cc: ian.jackson@eu.citrix.com List-Id: xen-devel@lists.xenproject.org --===============1894024114795741800== Content-Type: text/plain Content-Length: 13340 Content-Transfer-Encoding: quoted-printable flight 29572 linux-3.14 real [real] http://www.chiark.greenend.org.uk/~xensrcts/logs/29572/ Regressions :-( Tests which did not succeed and are blocking, including tests which could not be run: test-amd64-i386-xl-win7-amd64 7 windows-install fail REGR. vs. 29492 test-amd64-i386-pair 17 guest-migrate/src_host/dst_host fail REGR. vs. 29492 Tests which did not succeed, but are not blocking: test-armhf-armhf-libvirt 9 guest-start fail never pass test-amd64-i386-libvirt 9 guest-start fail never pass test-amd64-amd64-libvirt 9 guest-start fail never pass test-armhf-armhf-xl 10 migrate-support-check fail never pass test-amd64-amd64-xl-pcipt-intel 9 guest-start fail never pass test-amd64-amd64-xl-qemut-win7-amd64 14 guest-stop fail never pass test-amd64-i386-xl-qemut-win7-amd64 14 guest-stop fail never pass test-amd64-amd64-xl-winxpsp3 14 guest-stop fail never pass test-amd64-i386-xl-qemuu-winxpsp3-vcpus1 14 guest-stop fail never pass test-amd64-i386-xl-qemuu-win7-amd64 14 guest-stop fail never pass test-amd64-i386-xl-winxpsp3 14 guest-stop fail never pass test-amd64-i386-xl-qemuu-winxpsp3 14 guest-stop fail never pass test-amd64-amd64-xl-qemuu-winxpsp3 14 guest-stop fail never pass test-amd64-i386-xl-qemut-winxpsp3-vcpus1 14 guest-stop fail never pass test-amd64-i386-xl-qemut-winxpsp3 14 guest-stop fail never pass test-amd64-amd64-xl-qemuu-win7-amd64 14 guest-stop fail never pass test-amd64-i386-xl-winxpsp3-vcpus1 14 guest-stop fail never pass test-amd64-amd64-xl-win7-amd64 14 guest-stop fail never pass test-amd64-amd64-xl-qemut-winxpsp3 14 guest-stop fail never pass version targeted for testing: linux 735fbc72bee7f994b4dc42836f7add4b1b2fd8c4 baseline version: linux bc1f55ec195d03cac31e7221655cfc5d4a048284 ------------------------------------------------------------ People who touched revisions under test: Aaron Brown Abbas Raza Alan Stern Alex Deucher Alexey Kardashevskiy Amitkumar Karwar Anand Avati Andrew Morton Andrew Vagin Andrey Utkin Anton Kolesov Antti Palosaari Arnd Bergmann Avinash Patil Axel Lin Ben Hutchings Ben Pfaff Benjamin LaHaise Bernd Wachter Bing Zhao Bj=C3=B8rn Mork Brian Norris Christian K=C3=B6nig Christoph Hellwig Christoph Lameter Christoph Paasch Christoph Schulz Dan Williams Dan Williams Daniel Borkmann Dave Airlie Dave Ertman Dave Kleikamp David Ertman David Heidelberger David Rientjes David S. Miller David Vrabel Ding Tianhong dingtianhong Dmitry Popov Dmitry Torokhov Dmitry Torokhov Don Zickus Edward Allcutt Emmanuel Grumbach Enrico Mioso Eric Dumazet Gavin Guo Greg Kroah-Hartman Guenter Roeck H. Peter Anvin H.K. Jerry Chu Hans de Goede Hans Verkuil Hans Verkuil HATAYAMA Daisuke Heiko Stuebner Helge Deller Hugh Dickins Ian Kent Ingo Molnar Jan Kara Jason Cooper Jason Wang Jeff Kirsher Jeff Layton Jens Axboe Jerome Glisse Jerry Chu Jiri Olsa Jiri Olsa Joe Thornber Johannes Berg John David Anglin John Stultz John W. Linville Jon Maloy Jon Paul Maloy Jonathan Cameron J=C3=A9r=C3=B4me Glisse K. Y. Srinivasan Kevin Hao Lad, Prabhakar Laurent Pinchart Li RongQing Linus Torvalds Loic Poulain Loic Prylli Madalin-Cristian Bucur Maithili Hinge Manuel Sch=C3=B6lling Marcel Holtmann Marek Marczykowski Marek Vasut Martin K. Petersen Martin Lau Martin Schwidefsky Mateusz Guzik Matt Fleming Matthias Brugger Mauro Mauro Carvalho Chehab Mengdong Lin Michael Brown Michal Hocko Mike Snitzer Miklos Szeredi Mikulas Patocka Naoya Horiguchi Neal Cardwell Neil Horman Nikolay Aleksandrov Niu Yawei Niu Yawei Oleg Nesterov Oren Givon Pavel Emelyanov Pekka Enberg Pekon Gupta Peter Chen Peter Zijlstra Philippe Troin Rafael J. Wysocki Randy Dunlap Rickard Strandqvist Rob Herring Robert Elliot Romain Degez Sasha Levin Sathya Perla Shawn Guo Shirish Pargaonkar Silesh C V Sowmini Varadhan Srinivas Pandruvada Stefan Assmann Stefano Stabellini Steven Rostedt (Red Hat) Steven Rostedt Suravee Suthikulpanit Suresh Reddy Sven Wegener Takashi Iwai Ted Juan Tejun Heo Thomas Fitzsimmons Thomas Gleixner Thomas Petazzoni Todd Fujinaka Tomasz Figa Tony Luck Trond Myklebust Tyler Hall Vasily Averin Vasily Averin Vineet Gupta Vlad Yasevich Wei-Chun Chao Will Deacon Xinming Hu Yuchung Cheng zhangwei(Jovi) ------------------------------------------------------------ jobs: build-amd64 pass build-armhf pass build-i386 pass build-amd64-libvirt pass build-armhf-libvirt pass build-i386-libvirt pass build-amd64-pvops pass build-armhf-pvops pass build-i386-pvops pass build-amd64-rumpuserxen pass build-i386-rumpuserxen pass test-amd64-amd64-xl pass test-armhf-armhf-xl pass test-amd64-i386-xl pass test-amd64-i386-rhel6hvm-amd pass test-amd64-i386-qemut-rhel6hvm-amd pass test-amd64-i386-qemuu-rhel6hvm-amd pass test-amd64-amd64-xl-qemut-debianhvm-amd64 pass test-amd64-i386-xl-qemut-debianhvm-amd64 pass test-amd64-amd64-xl-qemuu-debianhvm-amd64 pass test-amd64-i386-xl-qemuu-debianhvm-amd64 pass test-amd64-i386-freebsd10-amd64 pass test-amd64-amd64-xl-qemuu-ovmf-amd64 pass test-amd64-i386-xl-qemuu-ovmf-amd64 pass test-amd64-amd64-rumpuserxen-amd64 pass test-amd64-amd64-xl-qemut-win7-amd64 fail test-amd64-i386-xl-qemut-win7-amd64 fail test-amd64-amd64-xl-qemuu-win7-amd64 fail test-amd64-i386-xl-qemuu-win7-amd64 fail test-amd64-amd64-xl-win7-amd64 fail test-amd64-i386-xl-win7-amd64 fail test-amd64-i386-xl-credit2 pass test-amd64-i386-freebsd10-i386 pass test-amd64-i386-rumpuserxen-i386 pass test-amd64-amd64-xl-pcipt-intel fail test-amd64-i386-rhel6hvm-intel pass test-amd64-i386-qemut-rhel6hvm-intel pass test-amd64-i386-qemuu-rhel6hvm-intel pass test-amd64-amd64-libvirt fail test-armhf-armhf-libvirt fail test-amd64-i386-libvirt fail test-amd64-i386-xl-multivcpu pass test-amd64-amd64-pair pass test-amd64-i386-pair fail test-amd64-amd64-xl-sedf-pin pass test-amd64-amd64-xl-sedf pass test-amd64-i386-xl-qemut-winxpsp3-vcpus1 fail test-amd64-i386-xl-qemuu-winxpsp3-vcpus1 fail test-amd64-i386-xl-winxpsp3-vcpus1 fail test-amd64-amd64-xl-qemut-winxpsp3 fail test-amd64-i386-xl-qemut-winxpsp3 fail test-amd64-amd64-xl-qemuu-winxpsp3 fail test-amd64-i386-xl-qemuu-winxpsp3 fail test-amd64-amd64-xl-winxpsp3 fail test-amd64-i386-xl-winxpsp3 fail ------------------------------------------------------------ sg-report-flight on osstest.cam.xci-test.com logs: /home/xc_osstest/logs images: /home/xc_osstest/images Logs, config files, etc. are available at http://www.chiark.greenend.org.uk/~xensrcts/logs Test harness code can be found at http://xenbits.xensource.com/gitweb=3Fp=3Dosstest.git;a=3Dsummary Not pushing. (No revision log; it would be 3602 lines long.) --===============1894024114795741800== Content-Type: text/plain; charset="us-ascii" MIME-Version: 1.0 Content-Transfer-Encoding: 7bit Content-Disposition: inline _______________________________________________ Xen-devel mailing list Xen-devel@lists.xen.org http://lists.xen.org/xen-devel --===============1894024114795741800==--