* [qemu-upstream-unstable test] 29574: regressions - FAIL
@ 2014-08-02 17:56 xen.org
0 siblings, 0 replies; only message in thread
From: xen.org @ 2014-08-02 17:56 UTC (permalink / raw)
To: xen-devel; +Cc: ian.jackson
flight 29574 qemu-upstream-unstable real [real]
http://www.chiark.greenend.org.uk/~xensrcts/logs/29574/
Regressions :-(
Tests which did not succeed and are blocking,
including tests which could not be run:
build-amd64-pvops 5 kernel-build fail in 29514 REGR. vs. 29405
Tests which are failing intermittently (not blocking):
test-amd64-amd64-xl-sedf 11 guest-saverestore fail pass in 29533
test-amd64-i386-xl-qemuu-ovmf-amd64 16 guest-destroy fail pass in 29553
test-amd64-i386-xl-qemuu-debianhvm-amd64 13 guest-localmigrate/x10 fail pass in 29553
test-amd64-i386-xl-qemut-win7-amd64 7 windows-install fail pass in 29533
test-amd64-amd64-xl-qemut-winxpsp3 7 windows-install fail pass in 29533
test-amd64-i386-xl-qemut-winxpsp3 13 guest-localmigrate/x10 fail in 29533 pass in 29574
test-amd64-i386-xl-qemut-win7-amd64 13 guest-localmigrate/x10 fail in 29533 pass in 29514
test-amd64-i386-xl-win7-amd64 7 windows-install fail in 29533 pass in 29574
test-armhf-armhf-libvirt 4 xen-install fail in 29514 pass in 29574
test-armhf-armhf-xl 9 guest-start fail in 29514 pass in 29574
test-amd64-i386-xl-qemut-winxpsp3-vcpus1 12 guest-localmigrate.2 fail in 29514 pass in 29574
test-amd64-amd64-xl-sedf-pin 3 host-install(3) broken in 29553 pass in 29574
test-amd64-amd64-xl-sedf 3 host-install(3) broken in 29553 pass in 29574
test-amd64-i386-qemut-rhel6hvm-amd 3 host-install(3) broken in 29553 pass in 29574
test-amd64-i386-qemuu-rhel6hvm-amd 3 host-install(3) broken in 29553 pass in 29574
test-amd64-i386-rhel6hvm-amd 3 host-install(3) broken in 29553 pass in 29574
test-amd64-i386-xl-qemut-debianhvm-amd64 3 host-install(3) broken in 29553 pass in 29574
test-amd64-i386-xl-qemuu-winxpsp3 3 host-install(3) broken in 29553 pass in 29574
test-amd64-amd64-xl-qemut-winxpsp3 3 host-install(3) broken in 29553 pass in 29574
Regressions which are regarded as allowable (not blocking):
test-amd64-amd64-xl-sedf-pin 11 guest-saverestore fail like 29405
test-amd64-amd64-xl-winxpsp3 7 windows-install fail like 29405
test-amd64-amd64-xl-qemuu-winxpsp3 7 windows-install fail like 29405
Tests which did not succeed, but are not blocking:
test-amd64-amd64-libvirt 9 guest-start fail never pass
test-armhf-armhf-libvirt 9 guest-start fail never pass
test-amd64-amd64-xl-pcipt-intel 9 guest-start fail never pass
test-amd64-i386-libvirt 9 guest-start fail never pass
test-armhf-armhf-xl 10 migrate-support-check fail never pass
test-amd64-i386-xl-qemut-winxpsp3-vcpus1 14 guest-stop fail never pass
test-amd64-amd64-xl-win7-amd64 14 guest-stop fail never pass
test-amd64-i386-xl-qemut-winxpsp3 14 guest-stop fail never pass
test-amd64-amd64-xl-qemuu-win7-amd64 14 guest-stop fail never pass
test-amd64-i386-xl-qemuu-win7-amd64 14 guest-stop fail never pass
test-amd64-amd64-xl-qemut-win7-amd64 14 guest-stop fail never pass
test-amd64-i386-xl-winxpsp3-vcpus1 14 guest-stop fail never pass
test-amd64-i386-xl-qemuu-winxpsp3-vcpus1 14 guest-stop fail never pass
test-amd64-i386-xl-winxpsp3 14 guest-stop fail never pass
test-amd64-i386-xl-qemuu-winxpsp3 14 guest-stop fail never pass
test-amd64-i386-xl-win7-amd64 14 guest-stop fail never pass
test-amd64-amd64-xl-qemut-winxpsp3 14 guest-stop fail in 29533 never pass
test-amd64-amd64-libvirt 1 build-check(1) blocked in 29514 n/a
test-amd64-amd64-xl-pcipt-intel 1 build-check(1) blocked in 29514 n/a
test-amd64-amd64-xl-sedf-pin 1 build-check(1) blocked in 29514 n/a
test-amd64-amd64-xl-sedf 1 build-check(1) blocked in 29514 n/a
test-amd64-amd64-xl 1 build-check(1) blocked in 29514 n/a
test-amd64-amd64-xl-win7-amd64 1 build-check(1) blocked in 29514 n/a
test-amd64-amd64-xl-qemuu-ovmf-amd64 1 build-check(1) blocked in 29514 n/a
test-amd64-amd64-pair 1 build-check(1) blocked in 29514 n/a
test-amd64-amd64-xl-qemuu-win7-amd64 1 build-check(1) blocked in 29514 n/a
test-amd64-amd64-xl-qemut-win7-amd64 1 build-check(1) blocked in 29514 n/a
test-amd64-amd64-xl-qemut-debianhvm-amd64 1 build-check(1) blocked in 29514 n/a
test-amd64-amd64-xl-qemuu-debianhvm-amd64 1 build-check(1) blocked in 29514 n/a
test-amd64-amd64-xl-winxpsp3 1 build-check(1) blocked in 29514 n/a
test-amd64-i386-xl-qemut-win7-amd64 14 guest-stop fail in 29514 never pass
test-amd64-amd64-xl-qemuu-winxpsp3 1 build-check(1) blocked in 29514 n/a
test-amd64-amd64-xl-qemut-winxpsp3 1 build-check(1) blocked in 29514 n/a
version targeted for testing:
qemuu ffdacad07002e14a8072ae28086a57452e48d458
baseline version:
qemuu 779640a3f4f58633e8575a534838ec79b4982107
------------------------------------------------------------
People who touched revisions under test:
Don Slutz <dslutz@verizon.com>
Michael S. Tsirkin <mst@redhat.com>
Stefano Stabellini <stefano.stabellini@eu.citrix.com>
------------------------------------------------------------
jobs:
build-amd64 pass
build-armhf pass
build-i386 pass
build-amd64-libvirt pass
build-armhf-libvirt pass
build-i386-libvirt pass
build-amd64-pvops pass
build-armhf-pvops pass
build-i386-pvops pass
test-amd64-amd64-xl pass
test-armhf-armhf-xl pass
test-amd64-i386-xl pass
test-amd64-i386-rhel6hvm-amd pass
test-amd64-i386-qemut-rhel6hvm-amd pass
test-amd64-i386-qemuu-rhel6hvm-amd pass
test-amd64-amd64-xl-qemut-debianhvm-amd64 pass
test-amd64-i386-xl-qemut-debianhvm-amd64 pass
test-amd64-amd64-xl-qemuu-debianhvm-amd64 pass
test-amd64-i386-xl-qemuu-debianhvm-amd64 fail
test-amd64-i386-freebsd10-amd64 pass
test-amd64-amd64-xl-qemuu-ovmf-amd64 pass
test-amd64-i386-xl-qemuu-ovmf-amd64 fail
test-amd64-amd64-xl-qemut-win7-amd64 fail
test-amd64-i386-xl-qemut-win7-amd64 fail
test-amd64-amd64-xl-qemuu-win7-amd64 fail
test-amd64-i386-xl-qemuu-win7-amd64 fail
test-amd64-amd64-xl-win7-amd64 fail
test-amd64-i386-xl-win7-amd64 fail
test-amd64-i386-xl-credit2 pass
test-amd64-i386-freebsd10-i386 pass
test-amd64-amd64-xl-pcipt-intel fail
test-amd64-i386-rhel6hvm-intel pass
test-amd64-i386-qemut-rhel6hvm-intel pass
test-amd64-i386-qemuu-rhel6hvm-intel pass
test-amd64-amd64-libvirt fail
test-armhf-armhf-libvirt fail
test-amd64-i386-libvirt fail
test-amd64-i386-xl-multivcpu pass
test-amd64-amd64-pair pass
test-amd64-i386-pair pass
test-amd64-amd64-xl-sedf-pin fail
test-amd64-amd64-xl-sedf fail
test-amd64-i386-xl-qemut-winxpsp3-vcpus1 fail
test-amd64-i386-xl-qemuu-winxpsp3-vcpus1 fail
test-amd64-i386-xl-winxpsp3-vcpus1 fail
test-amd64-amd64-xl-qemut-winxpsp3 fail
test-amd64-i386-xl-qemut-winxpsp3 fail
test-amd64-amd64-xl-qemuu-winxpsp3 fail
test-amd64-i386-xl-qemuu-winxpsp3 fail
test-amd64-amd64-xl-winxpsp3 fail
test-amd64-i386-xl-winxpsp3 fail
------------------------------------------------------------
sg-report-flight on osstest.cam.xci-test.com
logs: /home/xc_osstest/logs
images: /home/xc_osstest/images
Logs, config files, etc. are available at
http://www.chiark.greenend.org.uk/~xensrcts/logs
Test harness code can be found at
http://xenbits.xensource.com/gitweb?p=osstest.git;a=summary
Not pushing.
------------------------------------------------------------
commit ffdacad07002e14a8072ae28086a57452e48d458
Author: Don Slutz <dslutz@verizon.com>
Date: Mon Jul 28 09:31:39 2014 -0400
Backport pc & q35: Add new machine opt max-ram-below-4g
This is a xen only backport of 2 QEMU 2.1.0 changes:
commit c87b1520726f7ae1e698a41f07043d1b539ac88c
pc & q35: Add new machine opt max-ram-below-4g
commit c4f5cdc53f181f6fe84a0f1bf99914598934a8a6
xen-hvm: Handle machine opt max-ram-below-4g
It changes all machine types to have this, not just pc & q35. But
only pc & q35 machines do anything with it. I.E. this machine
option will be ignored by other types.
If you add enough PCI devices then all mmio for them will not fit
below 4G which may not be the layout the user wanted. This allows
you to increase the below 4G address space that PCI devices can use
(aka decrease ram below 4G) and therefore in more cases not have any
mmio that is above 4G.
For example using "-machine pc,max-ram-below-4g=2G" on the command
line will limit the amount of ram that is below 4G to 2G.
Note: this machine option cannot be used to increase the amount of
ram below 4G.
Signed-off-by: Don Slutz <dslutz@verizon.com>
commit 3ff1af823b1789710639ba22d7d3698044ab5c6a
Author: Don Slutz <dslutz@verizon.com>
Date: Mon Jul 28 09:31:38 2014 -0400
xen-hvm: Fix xen_hvm_init() to adjust pc memory layout
This is just below_4g_mem_size and above_4g_mem_size which is used later in QEMU.
Acked-by: Stefano Stabellini <stefano.stabellini@eu.citrix.com>
Signed-off-by: Don Slutz <dslutz@verizon.com>
Reviewed-by: Michael S. Tsirkin <mst@redhat.com>
Signed-off-by: Michael S. Tsirkin <mst@redhat.com>
(cherry picked from commit 3c2a96699e9fc09b5712dacfe200cdaaff0bb55c)
^ permalink raw reply [flat|nested] only message in thread
only message in thread, other threads:[~2014-08-02 17:56 UTC | newest]
Thread overview: (only message) (download: mbox.gz follow: Atom feed
-- links below jump to the message on this page --
2014-08-02 17:56 [qemu-upstream-unstable test] 29574: regressions - FAIL xen.org
This is a public inbox, see mirroring instructions
for how to clone and mirror all data and code used for this inbox;
as well as URLs for NNTP newsgroup(s).