From mboxrd@z Thu Jan 1 00:00:00 1970 From: xen.org Subject: [linux-3.4 test] 29578: FAIL Date: Sun, 3 Aug 2014 04:09:17 +0100 Message-ID: Mime-Version: 1.0 Content-Type: text/plain; charset="us-ascii" Content-Transfer-Encoding: 7bit Return-path: List-Unsubscribe: , List-Post: List-Help: List-Subscribe: , Sender: xen-devel-bounces@lists.xen.org Errors-To: xen-devel-bounces@lists.xen.org To: xen-devel@lists.xensource.com Cc: ian.jackson@eu.citrix.com List-Id: xen-devel@lists.xenproject.org flight 29578 linux-3.4 real [real] http://www.chiark.greenend.org.uk/~xensrcts/logs/29578/ Failures and problems with tests :-( Tests which did not succeed and are blocking, including tests which could not be run: build-i386 3 host-install(3) broken in 29565 REGR. vs. 29512 build-i386-pvops 3 host-install(3) broken in 29565 REGR. vs. 29512 Tests which are failing intermittently (not blocking): test-amd64-amd64-xl-sedf-pin 13 guest-saverestore.2 fail pass in 29565 Regressions which are regarded as allowable (not blocking): test-amd64-amd64-xl-qemut-winxpsp3 7 windows-install fail like 29512 test-amd64-amd64-xl-qemuu-winxpsp3 7 windows-install fail like 29512 Tests which did not succeed, but are not blocking: test-amd64-amd64-libvirt 9 guest-start fail never pass test-amd64-amd64-xl-pcipt-intel 9 guest-start fail never pass test-amd64-i386-libvirt 9 guest-start fail never pass test-amd64-i386-xl-qemut-winxpsp3-vcpus1 14 guest-stop fail never pass test-amd64-amd64-xl-win7-amd64 14 guest-stop fail never pass test-amd64-amd64-xl-winxpsp3 14 guest-stop fail never pass test-amd64-i386-xl-winxpsp3-vcpus1 14 guest-stop fail never pass test-amd64-i386-xl-qemut-winxpsp3 14 guest-stop fail never pass test-amd64-i386-xl-qemut-win7-amd64 14 guest-stop fail never pass test-amd64-i386-xl-qemuu-win7-amd64 14 guest-stop fail never pass test-amd64-i386-xl-win7-amd64 14 guest-stop fail never pass test-amd64-amd64-xl-qemuu-win7-amd64 14 guest-stop fail never pass test-amd64-amd64-xl-qemut-win7-amd64 14 guest-stop fail never pass test-amd64-i386-xl-qemuu-winxpsp3 14 guest-stop fail never pass test-amd64-i386-xl-qemuu-winxpsp3-vcpus1 14 guest-stop fail never pass test-amd64-i386-xl-winxpsp3 14 guest-stop fail never pass build-i386-rumpuserxen 1 build-check(1) blocked in 29565 n/a build-i386-libvirt 1 build-check(1) blocked in 29565 n/a test-amd64-i386-rumpuserxen-i386 1 build-check(1) blocked in 29565 n/a test-amd64-i386-xl-multivcpu 1 build-check(1) blocked in 29565 n/a test-amd64-i386-xl 1 build-check(1) blocked in 29565 n/a test-amd64-i386-qemuu-rhel6hvm-intel 1 build-check(1) blocked in 29565 n/a test-amd64-i386-rhel6hvm-intel 1 build-check(1) blocked in 29565 n/a test-amd64-i386-qemut-rhel6hvm-intel 1 build-check(1) blocked in 29565 n/a test-amd64-i386-libvirt 1 build-check(1) blocked in 29565 n/a test-amd64-i386-qemut-rhel6hvm-amd 1 build-check(1) blocked in 29565 n/a test-amd64-i386-xl-credit2 1 build-check(1) blocked in 29565 n/a test-amd64-i386-qemuu-rhel6hvm-amd 1 build-check(1) blocked in 29565 n/a test-amd64-i386-rhel6hvm-amd 1 build-check(1) blocked in 29565 n/a test-amd64-i386-pair 1 build-check(1) blocked in 29565 n/a test-amd64-i386-xl-qemut-winxpsp3-vcpus1 1 build-check(1) blocked in 29565 n/a test-amd64-i386-freebsd10-amd64 1 build-check(1) blocked in 29565 n/a test-amd64-i386-xl-qemut-debianhvm-amd64 1 build-check(1) blocked in 29565 n/a test-amd64-i386-freebsd10-i386 1 build-check(1) blocked in 29565 n/a test-amd64-i386-xl-qemuu-debianhvm-amd64 1 build-check(1) blocked in 29565 n/a test-amd64-i386-xl-winxpsp3-vcpus1 1 build-check(1) blocked in 29565 n/a test-amd64-i386-xl-qemuu-ovmf-amd64 1 build-check(1) blocked in 29565 n/a test-amd64-i386-xl-qemut-winxpsp3 1 build-check(1) blocked in 29565 n/a test-amd64-i386-xl-qemut-win7-amd64 1 build-check(1) blocked in 29565 n/a test-amd64-i386-xl-qemuu-win7-amd64 1 build-check(1) blocked in 29565 n/a test-amd64-i386-xl-win7-amd64 1 build-check(1) blocked in 29565 n/a test-amd64-i386-xl-qemuu-winxpsp3 1 build-check(1) blocked in 29565 n/a test-amd64-i386-xl-qemuu-winxpsp3-vcpus1 1 build-check(1) blocked in 29565 n/a test-amd64-i386-xl-winxpsp3 1 build-check(1) blocked in 29565 n/a version targeted for testing: linux 91f7c8cbc8fd1a4ef69005347e4bc30016cd60ec baseline version: linux 82f9c4a309835df86bddcb3051e392fccfb57fcf ------------------------------------------------------------ People who touched revisions under test: Alex Elder Alexey Kardashevskiy Andrew Morton Catalin Marinas Christoph Hellwig Dan Williams Greg Kroah-Hartman H. Peter Anvin Hugh Dickins Jens Axboe Kevin Hao Linus Torvalds Martin Schwidefsky Naoya Horiguchi Qiang Huang Romain Degez Sven Wegener Tejun Heo Xi Wang ------------------------------------------------------------ jobs: build-amd64 pass build-i386 pass build-amd64-libvirt pass build-i386-libvirt pass build-amd64-pvops pass build-i386-pvops pass build-amd64-rumpuserxen pass build-i386-rumpuserxen pass test-amd64-amd64-xl pass test-amd64-i386-xl pass test-amd64-i386-rhel6hvm-amd pass test-amd64-i386-qemut-rhel6hvm-amd pass test-amd64-i386-qemuu-rhel6hvm-amd pass test-amd64-amd64-xl-qemut-debianhvm-amd64 pass test-amd64-i386-xl-qemut-debianhvm-amd64 pass test-amd64-amd64-xl-qemuu-debianhvm-amd64 pass test-amd64-i386-xl-qemuu-debianhvm-amd64 pass test-amd64-i386-freebsd10-amd64 pass test-amd64-amd64-xl-qemuu-ovmf-amd64 pass test-amd64-i386-xl-qemuu-ovmf-amd64 pass test-amd64-amd64-rumpuserxen-amd64 pass test-amd64-amd64-xl-qemut-win7-amd64 fail test-amd64-i386-xl-qemut-win7-amd64 fail test-amd64-amd64-xl-qemuu-win7-amd64 fail test-amd64-i386-xl-qemuu-win7-amd64 fail test-amd64-amd64-xl-win7-amd64 fail test-amd64-i386-xl-win7-amd64 fail test-amd64-i386-xl-credit2 pass test-amd64-i386-freebsd10-i386 pass test-amd64-i386-rumpuserxen-i386 pass test-amd64-amd64-xl-pcipt-intel fail test-amd64-i386-rhel6hvm-intel pass test-amd64-i386-qemut-rhel6hvm-intel pass test-amd64-i386-qemuu-rhel6hvm-intel pass test-amd64-amd64-libvirt fail test-amd64-i386-libvirt fail test-amd64-i386-xl-multivcpu pass test-amd64-amd64-pair pass test-amd64-i386-pair pass test-amd64-amd64-xl-sedf-pin fail test-amd64-amd64-xl-sedf pass test-amd64-i386-xl-qemut-winxpsp3-vcpus1 fail test-amd64-i386-xl-qemuu-winxpsp3-vcpus1 fail test-amd64-i386-xl-winxpsp3-vcpus1 fail test-amd64-amd64-xl-qemut-winxpsp3 fail test-amd64-i386-xl-qemut-winxpsp3 fail test-amd64-amd64-xl-qemuu-winxpsp3 fail test-amd64-i386-xl-qemuu-winxpsp3 fail test-amd64-amd64-xl-winxpsp3 fail test-amd64-i386-xl-winxpsp3 fail ------------------------------------------------------------ sg-report-flight on osstest.cam.xci-test.com logs: /home/xc_osstest/logs images: /home/xc_osstest/images Logs, config files, etc. are available at http://www.chiark.greenend.org.uk/~xensrcts/logs Test harness code can be found at http://xenbits.xensource.com/gitweb?p=osstest.git;a=summary Not pushing. (No revision log; it would be 365 lines long.)