From mboxrd@z Thu Jan 1 00:00:00 1970 From: xen.org Subject: [qemu-mainline test] 29603: regressions - FAIL Date: Tue, 5 Aug 2014 12:43:07 +0100 Message-ID: Mime-Version: 1.0 Content-Type: multipart/mixed; boundary="===============0820306307059220703==" Return-path: List-Unsubscribe: , List-Post: List-Help: List-Subscribe: , Sender: xen-devel-bounces@lists.xen.org Errors-To: xen-devel-bounces@lists.xen.org To: xen-devel@lists.xensource.com Cc: ian.jackson@eu.citrix.com List-Id: xen-devel@lists.xenproject.org --===============0820306307059220703== Content-Type: text/plain Content-Length: 9649 Content-Transfer-Encoding: quoted-printable flight 29603 qemu-mainline real [real] http://www.chiark.greenend.org.uk/~xensrcts/logs/29603/ Regressions :-( Tests which did not succeed and are blocking, including tests which could not be run: test-amd64-i386-xl-qemuu-win7-amd64 12 guest-localmigrate.2 fail REGR. vs. 29588 Tests which did not succeed, but are not blocking: test-amd64-i386-libvirt 9 guest-start fail never pass test-armhf-armhf-libvirt 9 guest-start fail never pass test-amd64-amd64-xl-pcipt-intel 9 guest-start fail never pass test-amd64-amd64-libvirt 9 guest-start fail never pass test-armhf-armhf-xl 10 migrate-support-check fail never pass test-amd64-i386-xl-qemuu-winxpsp3-vcpus1 14 guest-stop fail never pass test-amd64-amd64-xl-winxpsp3 14 guest-stop fail never pass test-amd64-i386-xl-qemut-winxpsp3-vcpus1 14 guest-stop fail never pass test-amd64-amd64-xl-qemut-win7-amd64 14 guest-stop fail never pass test-amd64-i386-xl-qemut-winxpsp3 14 guest-stop fail never pass test-amd64-amd64-xl-qemuu-winxpsp3 14 guest-stop fail never pass test-amd64-amd64-xl-qemuu-win7-amd64 14 guest-stop fail never pass test-amd64-amd64-xl-qemut-winxpsp3 14 guest-stop fail never pass test-amd64-i386-xl-winxpsp3-vcpus1 14 guest-stop fail never pass test-amd64-i386-xl-qemut-win7-amd64 14 guest-stop fail never pass test-amd64-i386-xl-win7-amd64 14 guest-stop fail never pass test-amd64-amd64-xl-win7-amd64 14 guest-stop fail never pass test-amd64-i386-xl-winxpsp3 14 guest-stop fail never pass test-amd64-i386-xl-qemuu-winxpsp3 14 guest-stop fail never pass version targeted for testing: qemuu 7b13ff3f156b98c3183dfa30edfd6473e8660374 baseline version: qemuu c79805802ba0463713c253307d99ebef56436b8c ------------------------------------------------------------ People who touched revisions under test: Chunyan Liu Michael S. Tsirkin Peter Maydell Roger Pau Monne Roger Pau Monn=C3=A9 Stefano Stabellini ------------------------------------------------------------ jobs: build-amd64 pass build-armhf pass build-i386 pass build-amd64-libvirt pass build-armhf-libvirt pass build-i386-libvirt pass build-amd64-pvops pass build-armhf-pvops pass build-i386-pvops pass test-amd64-amd64-xl pass test-armhf-armhf-xl pass test-amd64-i386-xl pass test-amd64-i386-rhel6hvm-amd pass test-amd64-i386-qemut-rhel6hvm-amd pass test-amd64-i386-qemuu-rhel6hvm-amd pass test-amd64-amd64-xl-qemut-debianhvm-amd64 pass test-amd64-i386-xl-qemut-debianhvm-amd64 pass test-amd64-amd64-xl-qemuu-debianhvm-amd64 pass test-amd64-i386-xl-qemuu-debianhvm-amd64 pass test-amd64-i386-freebsd10-amd64 pass test-amd64-amd64-xl-qemuu-ovmf-amd64 pass test-amd64-i386-xl-qemuu-ovmf-amd64 pass test-amd64-amd64-xl-qemut-win7-amd64 fail test-amd64-i386-xl-qemut-win7-amd64 fail test-amd64-amd64-xl-qemuu-win7-amd64 fail test-amd64-i386-xl-qemuu-win7-amd64 fail test-amd64-amd64-xl-win7-amd64 fail test-amd64-i386-xl-win7-amd64 fail test-amd64-i386-xl-credit2 pass test-amd64-i386-freebsd10-i386 pass test-amd64-amd64-xl-pcipt-intel fail test-amd64-i386-rhel6hvm-intel pass test-amd64-i386-qemut-rhel6hvm-intel pass test-amd64-i386-qemuu-rhel6hvm-intel pass test-amd64-amd64-libvirt fail test-armhf-armhf-libvirt fail test-amd64-i386-libvirt fail test-amd64-i386-xl-multivcpu pass test-amd64-amd64-pair pass test-amd64-i386-pair pass test-amd64-amd64-xl-sedf-pin pass test-amd64-amd64-xl-sedf pass test-amd64-i386-xl-qemut-winxpsp3-vcpus1 fail test-amd64-i386-xl-qemuu-winxpsp3-vcpus1 fail test-amd64-i386-xl-winxpsp3-vcpus1 fail test-amd64-amd64-xl-qemut-winxpsp3 fail test-amd64-i386-xl-qemut-winxpsp3 fail test-amd64-amd64-xl-qemuu-winxpsp3 fail test-amd64-i386-xl-qemuu-winxpsp3 fail test-amd64-amd64-xl-winxpsp3 fail test-amd64-i386-xl-winxpsp3 fail ------------------------------------------------------------ sg-report-flight on osstest.cam.xci-test.com logs: /home/xc_osstest/logs images: /home/xc_osstest/images Logs, config files, etc. are available at http://www.chiark.greenend.org.uk/~xensrcts/logs Test harness code can be found at http://xenbits.xensource.com/gitweb=3Fp=3Dosstest.git;a=3Dsummary Not pushing. ------------------------------------------------------------ commit 7b13ff3f156b98c3183dfa30edfd6473e8660374 Merge: c798058 b33a5bb Author: Peter Maydell Date: Mon Aug 4 11:17:24 2014 +0100 Merge remote-tracking branch 'remotes/sstabellini/xen-20140801' into staging * remotes/sstabellini/xen-20140801: qemu: support xen hvm direct kernel boot tap-bsd: implement a FreeBSD only version of tap_open xen: fix usage of ENODATA Signed-off-by: Peter Maydell commit b33a5bbfbaab6c1ce653a8e3665a18ca67de1456 Author: Chunyan Liu Date: Mon Jul 7 14:34:35 2014 +0800 qemu: support xen hvm direct kernel boot qemu side patch to support xen HVM direct kernel boot: if -kernel exists, calls xen_load_linux(), which will read kernel/initrd and add a linuxboot.bin or multiboot.bin option rom. The linuxboot.bin/multiboot.bin will load kernel/initrd and jump to execute kernel directly. It's working when xen uses seabios. During this work, found the 'kvmvapic' is in option_rom list, it should not be there in xen case. Set s->vapic_control =3D 0 in xen_apic_realize() to handle that. Signed-off-by: Chunyan Liu Acked-by: Stefano Stabellini Acked-by: Michael S. Tsirkin commit 8677de2b4d26f8878b7414d540a6b2e139bc4d91 Author: Roger Pau Monne Date: Fri May 23 17:57:48 2014 +0200 tap-bsd: implement a FreeBSD only version of tap_open The current behaviour of tap_open for BSD systems differ greatly from it's Linux counterpart. Since FreeBSD supports interface renaming and tap device cloning by opening /dev/tap, implement a FreeBSD specific version of tap_open that behaves like it's Linux counterpart. This is specially important for toolstacks that use Qemu (like Xen libxl), in order to have a unified behaviour across suported platforms. Signed-off-by: Roger Pau Monn=C3=A9 Signed-off-by: Stefano Stabellini Reviewed-by: Stefan Hajnoczi commit 74bc41511af5c389cd9f37956bd6e7fd7de35c49 Author: Roger Pau Monne Date: Fri May 23 17:57:47 2014 +0200 xen: fix usage of ENODATA ENODATA doesn't exist on FreeBSD, so ENODATA errors returned by the hypervisor are translated to ENOENT. Also, the error code is returned in errno if the call returns -1, so compare the error code with the value in errno instead of the value returned by the function. Signed-off-by: Roger Pau Monn=C3=A9 Signed-off-by: Stefano Stabellini Cc: xen-devel@lists.xenproject.org Cc: Stefano Stabellini Cc: Anthony Perard --===============0820306307059220703== Content-Type: text/plain; charset="us-ascii" MIME-Version: 1.0 Content-Transfer-Encoding: 7bit Content-Disposition: inline _______________________________________________ Xen-devel mailing list Xen-devel@lists.xen.org http://lists.xen.org/xen-devel --===============0820306307059220703==--