From: xen.org <Ian.Jackson@eu.citrix.com>
To: xen-devel@lists.xensource.com
Cc: ian.jackson@eu.citrix.com
Subject: [xen-4.3-testing test] 29644: regressions - FAIL
Date: Fri, 8 Aug 2014 23:06:57 +0100 [thread overview]
Message-ID: <osstest-29644-mainreport@xen.org> (raw)
flight 29644 xen-4.3-testing real [real]
http://www.chiark.greenend.org.uk/~xensrcts/logs/29644/
Regressions :-(
Tests which did not succeed and are blocking,
including tests which could not be run:
build-armhf 5 xen-build fail REGR. vs. 29584
Regressions which are regarded as allowable (not blocking):
test-amd64-amd64-xl-qemut-winxpsp3 7 windows-install fail like 29615
Tests which did not succeed, but are not blocking:
test-amd64-amd64-rumpuserxen-amd64 1 build-check(1) blocked n/a
test-amd64-i386-rumpuserxen-i386 1 build-check(1) blocked n/a
test-amd64-i386-xl-qemuu-ovmf-amd64 7 debian-hvm-install fail never pass
test-amd64-amd64-xl-qemuu-ovmf-amd64 7 debian-hvm-install fail never pass
test-amd64-i386-libvirt 9 guest-start fail never pass
test-amd64-amd64-libvirt 9 guest-start fail never pass
test-amd64-amd64-xl-pcipt-intel 9 guest-start fail never pass
test-armhf-armhf-xl 1 build-check(1) blocked n/a
test-armhf-armhf-libvirt 1 build-check(1) blocked n/a
build-amd64-rumpuserxen 6 xen-build fail never pass
build-armhf-libvirt 1 build-check(1) blocked n/a
test-amd64-amd64-xl-qemuu-winxpsp3 14 guest-stop fail never pass
test-amd64-i386-xl-qemuu-winxpsp3-vcpus1 14 guest-stop fail never pass
test-amd64-i386-xend-qemut-winxpsp3 17 leak-check/check fail never pass
test-amd64-i386-xl-qemut-win7-amd64 14 guest-stop fail never pass
test-amd64-i386-xl-qemut-winxpsp3-vcpus1 14 guest-stop fail never pass
test-amd64-i386-xl-winxpsp3-vcpus1 14 guest-stop fail never pass
test-amd64-amd64-xl-qemuu-win7-amd64 14 guest-stop fail never pass
test-amd64-amd64-xl-win7-amd64 14 guest-stop fail never pass
test-amd64-amd64-xl-qemut-win7-amd64 14 guest-stop fail never pass
build-i386-rumpuserxen 6 xen-build fail never pass
test-amd64-i386-xl-qemuu-win7-amd64 14 guest-stop fail never pass
test-amd64-i386-xend-winxpsp3 17 leak-check/check fail never pass
test-amd64-amd64-xl-winxpsp3 14 guest-stop fail never pass
test-amd64-i386-xl-win7-amd64 14 guest-stop fail never pass
version targeted for testing:
xen aa072d419ff07be1da974a6cb9548057b221fc38
baseline version:
xen 1a9452adc6795f4cc2e37d7472371993eedf2f69
------------------------------------------------------------
People who touched revisions under test:
Jan Beulich <jbeulich@suse.com>
------------------------------------------------------------
jobs:
build-amd64 pass
build-armhf fail
build-i386 pass
build-amd64-libvirt pass
build-armhf-libvirt blocked
build-i386-libvirt pass
build-amd64-pvops pass
build-armhf-pvops pass
build-i386-pvops pass
build-amd64-rumpuserxen fail
build-i386-rumpuserxen fail
test-amd64-amd64-xl pass
test-armhf-armhf-xl blocked
test-amd64-i386-xl pass
test-amd64-i386-rhel6hvm-amd pass
test-amd64-i386-qemut-rhel6hvm-amd pass
test-amd64-i386-qemuu-rhel6hvm-amd pass
test-amd64-amd64-xl-qemut-debianhvm-amd64 pass
test-amd64-i386-xl-qemut-debianhvm-amd64 pass
test-amd64-amd64-xl-qemuu-debianhvm-amd64 pass
test-amd64-i386-xl-qemuu-debianhvm-amd64 pass
test-amd64-i386-freebsd10-amd64 pass
test-amd64-amd64-xl-qemuu-ovmf-amd64 fail
test-amd64-i386-xl-qemuu-ovmf-amd64 fail
test-amd64-amd64-rumpuserxen-amd64 blocked
test-amd64-amd64-xl-qemut-win7-amd64 fail
test-amd64-i386-xl-qemut-win7-amd64 fail
test-amd64-amd64-xl-qemuu-win7-amd64 fail
test-amd64-i386-xl-qemuu-win7-amd64 fail
test-amd64-amd64-xl-win7-amd64 fail
test-amd64-i386-xl-win7-amd64 fail
test-amd64-i386-xl-credit2 pass
test-amd64-i386-freebsd10-i386 pass
test-amd64-i386-rumpuserxen-i386 blocked
test-amd64-amd64-xl-pcipt-intel fail
test-amd64-i386-rhel6hvm-intel pass
test-amd64-i386-qemut-rhel6hvm-intel pass
test-amd64-i386-qemuu-rhel6hvm-intel pass
test-amd64-amd64-libvirt fail
test-armhf-armhf-libvirt blocked
test-amd64-i386-libvirt fail
test-amd64-i386-xl-multivcpu pass
test-amd64-amd64-pair pass
test-amd64-i386-pair pass
test-amd64-amd64-xl-sedf-pin pass
test-amd64-amd64-pv pass
test-amd64-i386-pv pass
test-amd64-amd64-xl-sedf pass
test-amd64-i386-xl-qemut-winxpsp3-vcpus1 fail
test-amd64-i386-xl-qemuu-winxpsp3-vcpus1 fail
test-amd64-i386-xl-winxpsp3-vcpus1 fail
test-amd64-i386-xend-qemut-winxpsp3 fail
test-amd64-amd64-xl-qemut-winxpsp3 fail
test-amd64-amd64-xl-qemuu-winxpsp3 fail
test-amd64-i386-xend-winxpsp3 fail
test-amd64-amd64-xl-winxpsp3 fail
------------------------------------------------------------
sg-report-flight on osstest.cam.xci-test.com
logs: /home/xc_osstest/logs
images: /home/xc_osstest/images
Logs, config files, etc. are available at
http://www.chiark.greenend.org.uk/~xensrcts/logs
Test harness code can be found at
http://xenbits.xensource.com/gitweb?p=osstest.git;a=summary
Not pushing.
------------------------------------------------------------
commit aa072d419ff07be1da974a6cb9548057b221fc38
Author: Jan Beulich <jbeulich@suse.com>
Date: Tue Aug 5 13:42:42 2014 +0200
update Xen version to 4.3.3-rc2
(qemu changes not included)
reply other threads:[~2014-08-08 22:06 UTC|newest]
Thread overview: [no followups] expand[flat|nested] mbox.gz Atom feed
Reply instructions:
You may reply publicly to this message via plain-text email
using any one of the following methods:
* Save the following mbox file, import it into your mail client,
and reply-to-all from there: mbox
Avoid top-posting and favor interleaved quoting:
https://en.wikipedia.org/wiki/Posting_style#Interleaved_style
* Reply using the --to, --cc, and --in-reply-to
switches of git-send-email(1):
git send-email \
--in-reply-to=osstest-29644-mainreport@xen.org \
--to=ian.jackson@eu.citrix.com \
--cc=xen-devel@lists.xensource.com \
/path/to/YOUR_REPLY
https://kernel.org/pub/software/scm/git/docs/git-send-email.html
* If your mail client supports setting the In-Reply-To header
via mailto: links, try the mailto: link
Be sure your reply has a Subject: header at the top and a blank line
before the message body.
This is a public inbox, see mirroring instructions
for how to clone and mirror all data and code used for this inbox;
as well as URLs for NNTP newsgroup(s).