From mboxrd@z Thu Jan 1 00:00:00 1970 From: xen.org Subject: [libvirt test] 29653: regressions - FAIL Date: Sat, 9 Aug 2014 18:55:31 +0100 Message-ID: Mime-Version: 1.0 Content-Type: multipart/mixed; boundary="===============8706755036807038232==" Return-path: List-Unsubscribe: , List-Post: List-Help: List-Subscribe: , Sender: xen-devel-bounces@lists.xen.org Errors-To: xen-devel-bounces@lists.xen.org To: xen-devel@lists.xensource.com Cc: ian.jackson@eu.citrix.com List-Id: xen-devel@lists.xenproject.org --===============8706755036807038232== Content-Type: text/plain Content-Length: 2742 Content-Transfer-Encoding: quoted-printable flight 29653 libvirt real [real] http://www.chiark.greenend.org.uk/~xensrcts/logs/29653/ Regressions :-( Tests which did not succeed and are blocking, including tests which could not be run: build-armhf 5 xen-build fail REGR. vs. 29585 Tests which did not succeed, but are not blocking: test-armhf-armhf-libvirt 1 build-check(1) blocked n/a build-armhf-libvirt 1 build-check(1) blocked n/a test-amd64-i386-libvirt 9 guest-start fail never pass test-amd64-amd64-libvirt 9 guest-start fail never pass version targeted for testing: libvirt 2e194e5bccb4d5b7802ee8ba8efdc2768ee2d1ee baseline version: libvirt be3cbecd0ef0c5b2d711d1451261cd8ad4e0228e ------------------------------------------------------------ People who touched revisions under test: Daniel Veillard Eric Blake Jianwei Hu John Ferlan J=C3=A1n Tomko Laine Stump Martin Kletzander Michal Privoznik Peter Krempa Prerna Saxena Wang Rui ------------------------------------------------------------ jobs: build-amd64 pass build-armhf fail build-i386 pass build-amd64-libvirt pass build-armhf-libvirt blocked build-i386-libvirt pass build-amd64-pvops pass build-armhf-pvops pass build-i386-pvops pass test-amd64-amd64-libvirt fail test-armhf-armhf-libvirt blocked test-amd64-i386-libvirt fail ------------------------------------------------------------ sg-report-flight on osstest.cam.xci-test.com logs: /home/xc_osstest/logs images: /home/xc_osstest/images Logs, config files, etc. are available at http://www.chiark.greenend.org.uk/~xensrcts/logs Test harness code can be found at http://xenbits.xensource.com/gitweb=3Fp=3Dosstest.git;a=3Dsummary Not pushing. (No revision log; it would be 442 lines long.) --===============8706755036807038232== Content-Type: text/plain; charset="us-ascii" MIME-Version: 1.0 Content-Transfer-Encoding: 7bit Content-Disposition: inline _______________________________________________ Xen-devel mailing list Xen-devel@lists.xen.org http://lists.xen.org/xen-devel --===============8706755036807038232==--