xen-devel.lists.xenproject.org archive mirror
 help / color / mirror / Atom feed
* [libvirt test] 29670: regressions - FAIL
@ 2014-08-11 11:15 xen.org
  0 siblings, 0 replies; only message in thread
From: xen.org @ 2014-08-11 11:15 UTC (permalink / raw)
  To: xen-devel; +Cc: ian.jackson

[-- Attachment #1: Type: text/plain, Size: 2733 bytes --]

flight 29670 libvirt real [real]
http://www.chiark.greenend.org.uk/~xensrcts/logs/29670/

Regressions :-(

Tests which did not succeed and are blocking,
including tests which could not be run:
 build-armhf                   5 xen-build                 fail REGR. vs. 29585

Tests which did not succeed, but are not blocking:
 test-armhf-armhf-libvirt      1 build-check(1)               blocked  n/a
 build-armhf-libvirt           1 build-check(1)               blocked  n/a
 test-amd64-i386-libvirt       9 guest-start                  fail   never pass
 test-amd64-amd64-libvirt      9 guest-start                  fail   never pass

version targeted for testing:
 libvirt              954538720dc576af08c95ed02858acb2975e9ed5
baseline version:
 libvirt              be3cbecd0ef0c5b2d711d1451261cd8ad4e0228e

------------------------------------------------------------
People who touched revisions under test:
  Daniel Veillard <veillard@redhat.com>
  Eric Blake <eblake@redhat.com>
  Jianwei Hu <jiahu@redhat.com>
  John Ferlan <jferlan@redhat.com>
  Ján Tomko <jtomko@redhat.com>
  Kiarie Kahurani <davidkiarie4@gmail.com>
  Laine Stump <laine@laine.org>
  Martin Kletzander <mkletzan@redhat.com>
  Michal Privoznik <mprivozn@redhat.com>
  Peter Krempa <pkrempa@redhat.com>
  Prerna Saxena <prerna@linux.vnet.ibm.com>
  Wang Rui <moon.wangrui@huawei.com>
------------------------------------------------------------

jobs:
 build-amd64                                                  pass
 build-armhf                                                  fail
 build-i386                                                   pass
 build-amd64-libvirt                                          pass
 build-armhf-libvirt                                          blocked
 build-i386-libvirt                                           pass
 build-amd64-pvops                                            pass
 build-armhf-pvops                                            pass
 build-i386-pvops                                             pass
 test-amd64-amd64-libvirt                                     fail
 test-armhf-armhf-libvirt                                     blocked
 test-amd64-i386-libvirt                                      fail


------------------------------------------------------------
sg-report-flight on osstest.cam.xci-test.com
logs: /home/xc_osstest/logs
images: /home/xc_osstest/images

Logs, config files, etc. are available at
    http://www.chiark.greenend.org.uk/~xensrcts/logs

Test harness code can be found at
    http://xenbits.xensource.com/gitweb?p=osstest.git;a=summary


Not pushing.

(No revision log; it would be 592 lines long.)


[-- Attachment #2: Type: text/plain, Size: 126 bytes --]

_______________________________________________
Xen-devel mailing list
Xen-devel@lists.xen.org
http://lists.xen.org/xen-devel

^ permalink raw reply	[flat|nested] only message in thread

only message in thread, other threads:[~2014-08-11 11:15 UTC | newest]

Thread overview: (only message) (download: mbox.gz follow: Atom feed
-- links below jump to the message on this page --
2014-08-11 11:15 [libvirt test] 29670: regressions - FAIL xen.org

This is a public inbox, see mirroring instructions
for how to clone and mirror all data and code used for this inbox;
as well as URLs for NNTP newsgroup(s).