* [xen-4.3-testing test] 29688: regressions - FAIL
@ 2014-08-21 17:41 xen.org
0 siblings, 0 replies; only message in thread
From: xen.org @ 2014-08-21 17:41 UTC (permalink / raw)
To: xen-devel; +Cc: ian.jackson
flight 29688 xen-4.3-testing real [real]
http://www.chiark.greenend.org.uk/~xensrcts/logs/29688/
Regressions :-(
Tests which did not succeed and are blocking,
including tests which could not be run:
test-amd64-i386-freebsd10-i386 14 guest-localmigrate/x10 fail REGR. vs. 29615
test-amd64-i386-freebsd10-amd64 14 guest-localmigrate/x10 fail REGR. vs. 29615
test-amd64-i386-xl-qemuu-winxpsp3-vcpus1 13 guest-localmigrate/x10 fail REGR. vs. 29615
test-amd64-amd64-xl-qemuu-winxpsp3 13 guest-localmigrate/x10 fail REGR. vs. 29615
test-amd64-i386-xl-qemuu-debianhvm-amd64 13 guest-localmigrate/x10 fail REGR. vs. 29615
test-amd64-i386-xl-qemut-debianhvm-amd64 17 leak-check/check fail REGR. vs. 29615
test-amd64-amd64-pair 21 leak-check/check/dst_host fail REGR. vs. 29615
test-amd64-amd64-xl-qemuu-debianhvm-amd64 13 guest-localmigrate/x10 fail REGR. vs. 29615
test-amd64-amd64-xl-qemut-debianhvm-amd64 13 guest-localmigrate/x10 fail REGR. vs. 29615
test-amd64-amd64-xl-winxpsp3 13 guest-localmigrate/x10 fail REGR. vs. 29615
test-amd64-i386-xl-win7-amd64 13 guest-localmigrate/x10 fail REGR. vs. 29615
Regressions which are regarded as allowable (not blocking):
test-amd64-amd64-xl-sedf 19 leak-check/check fail REGR. vs. 29615
test-amd64-amd64-xl-qemut-winxpsp3 7 windows-install fail like 29615
Tests which did not succeed, but are not blocking:
test-amd64-i386-rumpuserxen-i386 1 build-check(1) blocked n/a
test-amd64-amd64-rumpuserxen-amd64 1 build-check(1) blocked n/a
test-amd64-i386-xl-qemuu-ovmf-amd64 7 debian-hvm-install fail never pass
test-amd64-amd64-xl-qemuu-ovmf-amd64 7 debian-hvm-install fail never pass
test-amd64-i386-libvirt 9 guest-start fail never pass
test-amd64-amd64-libvirt 9 guest-start fail never pass
build-amd64-rumpuserxen 6 xen-build fail never pass
test-armhf-armhf-libvirt 5 xen-boot fail never pass
test-armhf-armhf-xl 5 xen-boot fail never pass
test-amd64-i386-xend-qemut-winxpsp3 17 leak-check/check fail never pass
test-amd64-amd64-xl-pcipt-intel 9 guest-start fail never pass
test-amd64-i386-xl-qemut-winxpsp3-vcpus1 14 guest-stop fail never pass
test-amd64-i386-xl-winxpsp3-vcpus1 14 guest-stop fail never pass
test-amd64-amd64-xl-qemuu-win7-amd64 14 guest-stop fail never pass
build-i386-rumpuserxen 6 xen-build fail never pass
test-amd64-amd64-xl-win7-amd64 14 guest-stop fail never pass
test-amd64-amd64-xl-qemut-win7-amd64 14 guest-stop fail never pass
test-amd64-i386-xend-winxpsp3 17 leak-check/check fail never pass
test-amd64-i386-xl-qemut-win7-amd64 14 guest-stop fail never pass
test-amd64-i386-xl-qemuu-win7-amd64 14 guest-stop fail never pass
version targeted for testing:
xen 6e68c457e1916cb3f3c002acbc4958848a1a6ab5
baseline version:
xen 1a9452adc6795f4cc2e37d7472371993eedf2f69
------------------------------------------------------------
People who touched revisions under test:
Andrew Cooper <andrew.cooper3@citrix.com>
Jan Beulich <jbeulich@suse.com>
------------------------------------------------------------
jobs:
build-amd64 pass
build-armhf pass
build-i386 pass
build-amd64-libvirt pass
build-armhf-libvirt pass
build-i386-libvirt pass
build-amd64-pvops pass
build-armhf-pvops pass
build-i386-pvops pass
build-amd64-rumpuserxen fail
build-i386-rumpuserxen fail
test-amd64-amd64-xl pass
test-armhf-armhf-xl fail
test-amd64-i386-xl pass
test-amd64-i386-rhel6hvm-amd pass
test-amd64-i386-qemut-rhel6hvm-amd pass
test-amd64-i386-qemuu-rhel6hvm-amd pass
test-amd64-amd64-xl-qemut-debianhvm-amd64 fail
test-amd64-i386-xl-qemut-debianhvm-amd64 fail
test-amd64-amd64-xl-qemuu-debianhvm-amd64 fail
test-amd64-i386-xl-qemuu-debianhvm-amd64 fail
test-amd64-i386-freebsd10-amd64 fail
test-amd64-amd64-xl-qemuu-ovmf-amd64 fail
test-amd64-i386-xl-qemuu-ovmf-amd64 fail
test-amd64-amd64-rumpuserxen-amd64 blocked
test-amd64-amd64-xl-qemut-win7-amd64 fail
test-amd64-i386-xl-qemut-win7-amd64 fail
test-amd64-amd64-xl-qemuu-win7-amd64 fail
test-amd64-i386-xl-qemuu-win7-amd64 fail
test-amd64-amd64-xl-win7-amd64 fail
test-amd64-i386-xl-win7-amd64 fail
test-amd64-i386-xl-credit2 pass
test-amd64-i386-freebsd10-i386 fail
test-amd64-i386-rumpuserxen-i386 blocked
test-amd64-amd64-xl-pcipt-intel fail
test-amd64-i386-rhel6hvm-intel pass
test-amd64-i386-qemut-rhel6hvm-intel pass
test-amd64-i386-qemuu-rhel6hvm-intel pass
test-amd64-amd64-libvirt fail
test-armhf-armhf-libvirt fail
test-amd64-i386-libvirt fail
test-amd64-i386-xl-multivcpu pass
test-amd64-amd64-pair fail
test-amd64-i386-pair pass
test-amd64-amd64-xl-sedf-pin pass
test-amd64-amd64-pv pass
test-amd64-i386-pv pass
test-amd64-amd64-xl-sedf fail
test-amd64-i386-xl-qemut-winxpsp3-vcpus1 fail
test-amd64-i386-xl-qemuu-winxpsp3-vcpus1 fail
test-amd64-i386-xl-winxpsp3-vcpus1 fail
test-amd64-i386-xend-qemut-winxpsp3 fail
test-amd64-amd64-xl-qemut-winxpsp3 fail
test-amd64-amd64-xl-qemuu-winxpsp3 fail
test-amd64-i386-xend-winxpsp3 fail
test-amd64-amd64-xl-winxpsp3 fail
------------------------------------------------------------
sg-report-flight on osstest.cam.xci-test.com
logs: /home/xc_osstest/logs
images: /home/xc_osstest/images
Logs, config files, etc. are available at
http://www.chiark.greenend.org.uk/~xensrcts/logs
Test harness code can be found at
http://xenbits.xensource.com/gitweb?p=osstest.git;a=summary
Not pushing.
------------------------------------------------------------
commit 6e68c457e1916cb3f3c002acbc4958848a1a6ab5
Author: Andrew Cooper <andrew.cooper3@citrix.com>
Date: Tue Aug 12 16:05:15 2014 +0200
x86/cpu: undo BIOS CPUID max_leaf limit before querying for features
If IA32_MISC_ENABLE[22] is set by the BIOS, CPUID.0.EAX will be limited to 3.
Lift this limit before considering whether to query CPUID.7[ECX=0].EBX for
features.
Without this change, dom0 is able to see this feature leaf (as the limit was
subsequently lifted), and will set features appropriately in HVM domain cpuid
policies.
The specific bug XenServer observed was the advertisement of the FSGSBASE
feature, but an inability to set CR4.FSGSBASE as Xen considered the bit to be
reserved as cpu_has_fsgsbase incorrectly evaluated as false.
This is a regression introduced by c/s 44e24f8567 "x86: don't call
generic_identify() redundantly" where the redundant call actually resampled
CPUID.7[ECX=0] properly to obtain the feature flags.
Signed-off-by: Andrew Cooper <andrew.cooper3@citrix.com>
Reviewed-by: Jan Beulich <jbeulich@suse.com>
master commit: a1ac4cf52e38386bac7ac3440c7da0099662ca5c
master date: 2014-07-29 17:02:25 +0200
commit b497ecca359466294d169b07a62b98eef7dc0a36
Author: Jan Beulich <jbeulich@suse.com>
Date: Tue Aug 12 16:03:12 2014 +0200
x86/paging: make log-dirty operations preemptible
Both the freeing and the inspection of the bitmap get done in (nested)
loops which - besides having a rather high iteration count in general,
albeit that would be covered by XSA-77 - have the number of non-trivial
iterations they need to perform (indirectly) controllable by both the
guest they are for and any domain controlling the guest (including the
one running qemu for it).
This is CVE-2014-5146 / XSA-97.
Signed-off-by: Jan Beulich <jbeulich@suse.com>
Reviewed-by: Tim Deegan <tim@xen.org>
master commit: 95e6d82224689fdfd967a093a4d69efc24c17e91
master date: 2014-08-12 15:30:11 +0200
commit aa072d419ff07be1da974a6cb9548057b221fc38
Author: Jan Beulich <jbeulich@suse.com>
Date: Tue Aug 5 13:42:42 2014 +0200
update Xen version to 4.3.3-rc2
(qemu changes not included)
^ permalink raw reply [flat|nested] only message in thread
only message in thread, other threads:[~2014-08-21 17:41 UTC | newest]
Thread overview: (only message) (download: mbox.gz follow: Atom feed
-- links below jump to the message on this page --
2014-08-21 17:41 [xen-4.3-testing test] 29688: regressions - FAIL xen.org
This is a public inbox, see mirroring instructions
for how to clone and mirror all data and code used for this inbox;
as well as URLs for NNTP newsgroup(s).