xen-devel.lists.xenproject.org archive mirror
 help / color / mirror / Atom feed
From: xen.org <Ian.Jackson@eu.citrix.com>
To: xen-devel@lists.xensource.com
Cc: ian.jackson@eu.citrix.com
Subject: [qemu-mainline test] 29931: regressions - FAIL
Date: Fri, 22 Aug 2014 21:33:07 +0100	[thread overview]
Message-ID: <osstest-29931-mainreport@xen.org> (raw)

[-- Attachment #1: Type: text/plain, Size: 8078 bytes --]

flight 29931 qemu-mainline real [real]
http://www.chiark.greenend.org.uk/~xensrcts/logs/29931/

Regressions :-(

Tests which did not succeed and are blocking,
including tests which could not be run:
 test-amd64-i386-xl-qemut-win7-amd64  7 windows-install    fail REGR. vs. 29741

Regressions which are regarded as allowable (not blocking):
 test-amd64-amd64-xl-sedf     15 guest-localmigrate/x10    fail REGR. vs. 29741

Tests which did not succeed, but are not blocking:
 test-armhf-armhf-libvirt      9 guest-start                  fail   never pass
 test-amd64-i386-libvirt       9 guest-start                  fail   never pass
 test-amd64-amd64-xl-pcipt-intel  9 guest-start                 fail never pass
 test-amd64-amd64-libvirt      9 guest-start                  fail   never pass
 test-armhf-armhf-xl          10 migrate-support-check        fail   never pass
 test-amd64-amd64-xl-winxpsp3 14 guest-stop                   fail   never pass
 test-amd64-i386-xl-qemut-winxpsp3-vcpus1 14 guest-stop         fail never pass
 test-amd64-amd64-xl-qemut-winxpsp3 14 guest-stop               fail never pass
 test-amd64-amd64-xl-qemut-win7-amd64 14 guest-stop             fail never pass
 test-amd64-i386-xl-qemut-winxpsp3 14 guest-stop                fail never pass
 test-amd64-amd64-xl-qemuu-win7-amd64 14 guest-stop             fail never pass
 test-amd64-i386-xl-qemuu-winxpsp3-vcpus1 14 guest-stop         fail never pass
 test-amd64-amd64-xl-qemuu-winxpsp3 14 guest-stop               fail never pass
 test-amd64-i386-xl-winxpsp3-vcpus1 14 guest-stop               fail never pass
 test-amd64-i386-xl-win7-amd64 14 guest-stop                   fail  never pass
 test-amd64-amd64-xl-win7-amd64 14 guest-stop                   fail never pass
 test-amd64-i386-xl-qemuu-win7-amd64 14 guest-stop              fail never pass
 test-amd64-i386-xl-qemuu-winxpsp3 14 guest-stop                fail never pass
 test-amd64-i386-xl-winxpsp3  14 guest-stop                   fail   never pass

version targeted for testing:
 qemuu                fd3cced366958cc90f0a8caa8213471afde9bf3c
baseline version:
 qemuu                f083201667fddd51055c2ac67f67221e82298a35

------------------------------------------------------------
People who touched revisions under test:
  Alex Bennée <alex.bennee@linaro.org>
  Amit Shah <amit.shah@redhat.com>
  Artyom Tarasenko <atar4qemu@gmail.com>
  Chen Gang <gang.chen.5i5j@gmail.com>
  Christian Borntraeger <borntraeger@de.ibm.com>
  Christoffer Dall <christoffer.dall@linaro.org>
  Chrysostomos Nanakos <cnanakos@grnet.gr>
  Chunyan Liu <cyliu@suse.com>
  Cole Robinson <crobinso@redhat.com>
  Cornelia Huck <cornelia.huck@de.ibm.com>
  Denis V. Lunev <den@openvz.org>
  Eduardo Otubo <eduardo.otubo@profitbricks.com>
  Fam Zheng <famz@redhat.com>
  Gabriel L. Somlo <gsomlo@gmail.com>
  Gabriel Somlo <somlo@cmu.edu>
  Gonglei (Arei) <arei.gonglei@huawei.com>
  Gonglei <arei.gonglei@huawei.com>
  Hani Benhabiles <hani@linux.com>
  Hani Benhabiles <kroosec@gmail.com>
  Hu Tao <hutao@cn.fujitsu.com>
  Jan Kiszka <jan.kiszka@siemens.com>
  Jeff Cody <jcody@redhat.com>
  John Snow <jsnow@redhat.com>
  Kevin Wolf <kwolf@redhat.com>
  Levente Kurusa <lkurusa@redhat.com>
  Liming Wang <liming.wang@canonical.com>
  Lluís Vilanova <vilanova@ac.upc.edu>
  Luiz Capitulino <lcapitulino@redhat.com>
  Marc Marí <marc.mari.barcelo@gmail.com>
  Maria Kustova <maria.k@catit.be>
  Maria Kustova <maxa@catit.be>
  Mark Cave-Ayland <mark.cave-ayland@ilande.co.uk>
  Markus Armbruster <armbru@redhat.com>
  Max Reitz <mreitz@redhat.com>
  Michael S. Tsirkin <mst@redhat.com>
  Michael Tokarev <mjt@tls.msk.ru>
  Paolo Bonzini <pbonzini@redhat.com>
  Paul Moore <pmoore@redhat.com>
  Peter Crosthwaite <peter.crosthwaite@xilinx.com>
  Peter Lieven <pl@kamp.de>
  Peter Maydell <peter.maydell@linaro.org>
  Richard W.M. Jones <rjones@redhat.com>
  Stefan Hajnoczi <stefanha@redhat.com>
  Wangxin <wangxinxin.wang@huawei.com>
  zhanghailiang <zhang.zhanghailiang@huawei.com>
------------------------------------------------------------

jobs:
 build-amd64                                                  pass
 build-armhf                                                  pass
 build-i386                                                   pass
 build-amd64-libvirt                                          pass
 build-armhf-libvirt                                          pass
 build-i386-libvirt                                           pass
 build-amd64-pvops                                            pass
 build-armhf-pvops                                            pass
 build-i386-pvops                                             pass
 test-amd64-amd64-xl                                          pass
 test-armhf-armhf-xl                                          pass
 test-amd64-i386-xl                                           pass
 test-amd64-i386-rhel6hvm-amd                                 pass
 test-amd64-i386-qemut-rhel6hvm-amd                           pass
 test-amd64-i386-qemuu-rhel6hvm-amd                           pass
 test-amd64-amd64-xl-qemut-debianhvm-amd64                    pass
 test-amd64-i386-xl-qemut-debianhvm-amd64                     pass
 test-amd64-amd64-xl-qemuu-debianhvm-amd64                    pass
 test-amd64-i386-xl-qemuu-debianhvm-amd64                     pass
 test-amd64-i386-freebsd10-amd64                              pass
 test-amd64-amd64-xl-qemuu-ovmf-amd64                         pass
 test-amd64-i386-xl-qemuu-ovmf-amd64                          pass
 test-amd64-amd64-xl-qemut-win7-amd64                         fail
 test-amd64-i386-xl-qemut-win7-amd64                          fail
 test-amd64-amd64-xl-qemuu-win7-amd64                         fail
 test-amd64-i386-xl-qemuu-win7-amd64                          fail
 test-amd64-amd64-xl-win7-amd64                               fail
 test-amd64-i386-xl-win7-amd64                                fail
 test-amd64-i386-xl-credit2                                   pass
 test-amd64-i386-freebsd10-i386                               pass
 test-amd64-amd64-xl-pcipt-intel                              fail
 test-amd64-i386-rhel6hvm-intel                               pass
 test-amd64-i386-qemut-rhel6hvm-intel                         pass
 test-amd64-i386-qemuu-rhel6hvm-intel                         pass
 test-amd64-amd64-libvirt                                     fail
 test-armhf-armhf-libvirt                                     fail
 test-amd64-i386-libvirt                                      fail
 test-amd64-i386-xl-multivcpu                                 pass
 test-amd64-amd64-pair                                        pass
 test-amd64-i386-pair                                         pass
 test-amd64-amd64-xl-sedf-pin                                 pass
 test-amd64-amd64-xl-sedf                                     fail
 test-amd64-i386-xl-qemut-winxpsp3-vcpus1                     fail
 test-amd64-i386-xl-qemuu-winxpsp3-vcpus1                     fail
 test-amd64-i386-xl-winxpsp3-vcpus1                           fail
 test-amd64-amd64-xl-qemut-winxpsp3                           fail
 test-amd64-i386-xl-qemut-winxpsp3                            fail
 test-amd64-amd64-xl-qemuu-winxpsp3                           fail
 test-amd64-i386-xl-qemuu-winxpsp3                            fail
 test-amd64-amd64-xl-winxpsp3                                 fail
 test-amd64-i386-xl-winxpsp3                                  fail


------------------------------------------------------------
sg-report-flight on osstest.cam.xci-test.com
logs: /home/xc_osstest/logs
images: /home/xc_osstest/images

Logs, config files, etc. are available at
    http://www.chiark.greenend.org.uk/~xensrcts/logs

Test harness code can be found at
    http://xenbits.xensource.com/gitweb?p=osstest.git;a=summary


Not pushing.

(No revision log; it would be 3514 lines long.)


[-- Attachment #2: Type: text/plain, Size: 126 bytes --]

_______________________________________________
Xen-devel mailing list
Xen-devel@lists.xen.org
http://lists.xen.org/xen-devel

                 reply	other threads:[~2014-08-22 20:33 UTC|newest]

Thread overview: [no followups] expand[flat|nested]  mbox.gz  Atom feed

Reply instructions:

You may reply publicly to this message via plain-text email
using any one of the following methods:

* Save the following mbox file, import it into your mail client,
  and reply-to-all from there: mbox

  Avoid top-posting and favor interleaved quoting:
  https://en.wikipedia.org/wiki/Posting_style#Interleaved_style

* Reply using the --to, --cc, and --in-reply-to
  switches of git-send-email(1):

  git send-email \
    --in-reply-to=osstest-29931-mainreport@xen.org \
    --to=ian.jackson@eu.citrix.com \
    --cc=xen-devel@lists.xensource.com \
    /path/to/YOUR_REPLY

  https://kernel.org/pub/software/scm/git/docs/git-send-email.html

* If your mail client supports setting the In-Reply-To header
  via mailto: links, try the mailto: link
Be sure your reply has a Subject: header at the top and a blank line before the message body.
This is a public inbox, see mirroring instructions
for how to clone and mirror all data and code used for this inbox;
as well as URLs for NNTP newsgroup(s).