* [xen-4.3-testing test] 29946: regressions - FAIL
@ 2014-08-23 8:29 xen.org
0 siblings, 0 replies; only message in thread
From: xen.org @ 2014-08-23 8:29 UTC (permalink / raw)
To: xen-devel; +Cc: ian.jackson
flight 29946 xen-4.3-testing real [real]
http://www.chiark.greenend.org.uk/~xensrcts/logs/29946/
Regressions :-(
Tests which did not succeed and are blocking,
including tests which could not be run:
test-amd64-i386-xl-winxpsp3-vcpus1 11 guest-saverestore.2 fail REGR. vs. 29923
Regressions which are regarded as allowable (not blocking):
test-amd64-amd64-xl-qemut-winxpsp3 7 windows-install fail like 29923
Tests which did not succeed, but are not blocking:
test-amd64-i386-rumpuserxen-i386 1 build-check(1) blocked n/a
test-amd64-amd64-rumpuserxen-amd64 1 build-check(1) blocked n/a
test-amd64-i386-xl-qemuu-ovmf-amd64 7 debian-hvm-install fail never pass
test-amd64-amd64-xl-qemuu-ovmf-amd64 7 debian-hvm-install fail never pass
test-amd64-i386-libvirt 9 guest-start fail never pass
test-amd64-amd64-libvirt 9 guest-start fail never pass
test-armhf-armhf-libvirt 5 xen-boot fail never pass
build-amd64-rumpuserxen 6 xen-build fail never pass
test-armhf-armhf-xl 5 xen-boot fail never pass
test-amd64-i386-xend-qemut-winxpsp3 17 leak-check/check fail never pass
test-amd64-i386-xl-qemuu-winxpsp3-vcpus1 14 guest-stop fail never pass
test-amd64-amd64-xl-qemuu-winxpsp3 14 guest-stop fail never pass
test-amd64-amd64-xl-pcipt-intel 9 guest-start fail never pass
build-i386-rumpuserxen 6 xen-build fail never pass
test-amd64-i386-xl-qemut-winxpsp3-vcpus1 14 guest-stop fail never pass
test-amd64-amd64-xl-qemuu-win7-amd64 14 guest-stop fail never pass
test-amd64-amd64-xl-win7-amd64 14 guest-stop fail never pass
test-amd64-amd64-xl-qemut-win7-amd64 14 guest-stop fail never pass
test-amd64-i386-xend-winxpsp3 17 leak-check/check fail never pass
test-amd64-amd64-xl-winxpsp3 14 guest-stop fail never pass
test-amd64-i386-xl-win7-amd64 14 guest-stop fail never pass
test-amd64-i386-xl-qemut-win7-amd64 14 guest-stop fail never pass
test-amd64-i386-xl-qemuu-win7-amd64 14 guest-stop fail never pass
version targeted for testing:
xen 5f182148435fe7f0e5d6c91e35fb1409effca8d2
baseline version:
xen ffd7f8db506c77de5b6141c15f87cd7ce293bf41
------------------------------------------------------------
People who touched revisions under test:
Jan Beulich <jbeulich@suse.com>
Razvan Cojocaru <rcojocaru@bitdefender.com>
------------------------------------------------------------
jobs:
build-amd64 pass
build-armhf pass
build-i386 pass
build-amd64-libvirt pass
build-armhf-libvirt pass
build-i386-libvirt pass
build-amd64-pvops pass
build-armhf-pvops pass
build-i386-pvops pass
build-amd64-rumpuserxen fail
build-i386-rumpuserxen fail
test-amd64-amd64-xl pass
test-armhf-armhf-xl fail
test-amd64-i386-xl pass
test-amd64-i386-rhel6hvm-amd pass
test-amd64-i386-qemut-rhel6hvm-amd pass
test-amd64-i386-qemuu-rhel6hvm-amd pass
test-amd64-amd64-xl-qemut-debianhvm-amd64 pass
test-amd64-i386-xl-qemut-debianhvm-amd64 pass
test-amd64-amd64-xl-qemuu-debianhvm-amd64 pass
test-amd64-i386-xl-qemuu-debianhvm-amd64 pass
test-amd64-i386-freebsd10-amd64 pass
test-amd64-amd64-xl-qemuu-ovmf-amd64 fail
test-amd64-i386-xl-qemuu-ovmf-amd64 fail
test-amd64-amd64-rumpuserxen-amd64 blocked
test-amd64-amd64-xl-qemut-win7-amd64 fail
test-amd64-i386-xl-qemut-win7-amd64 fail
test-amd64-amd64-xl-qemuu-win7-amd64 fail
test-amd64-i386-xl-qemuu-win7-amd64 fail
test-amd64-amd64-xl-win7-amd64 fail
test-amd64-i386-xl-win7-amd64 fail
test-amd64-i386-xl-credit2 pass
test-amd64-i386-freebsd10-i386 pass
test-amd64-i386-rumpuserxen-i386 blocked
test-amd64-amd64-xl-pcipt-intel fail
test-amd64-i386-rhel6hvm-intel pass
test-amd64-i386-qemut-rhel6hvm-intel pass
test-amd64-i386-qemuu-rhel6hvm-intel pass
test-amd64-amd64-libvirt fail
test-armhf-armhf-libvirt fail
test-amd64-i386-libvirt fail
test-amd64-i386-xl-multivcpu pass
test-amd64-amd64-pair pass
test-amd64-i386-pair pass
test-amd64-amd64-xl-sedf-pin pass
test-amd64-amd64-pv pass
test-amd64-i386-pv pass
test-amd64-amd64-xl-sedf pass
test-amd64-i386-xl-qemut-winxpsp3-vcpus1 fail
test-amd64-i386-xl-qemuu-winxpsp3-vcpus1 fail
test-amd64-i386-xl-winxpsp3-vcpus1 fail
test-amd64-i386-xend-qemut-winxpsp3 fail
test-amd64-amd64-xl-qemut-winxpsp3 fail
test-amd64-amd64-xl-qemuu-winxpsp3 fail
test-amd64-i386-xend-winxpsp3 fail
test-amd64-amd64-xl-winxpsp3 fail
------------------------------------------------------------
sg-report-flight on osstest.cam.xci-test.com
logs: /home/xc_osstest/logs
images: /home/xc_osstest/images
Logs, config files, etc. are available at
http://www.chiark.greenend.org.uk/~xensrcts/logs
Test harness code can be found at
http://xenbits.xensource.com/gitweb?p=osstest.git;a=summary
Not pushing.
------------------------------------------------------------
commit 5f182148435fe7f0e5d6c91e35fb1409effca8d2
Author: Jan Beulich <jbeulich@suse.com>
Date: Fri Aug 22 14:10:09 2014 +0200
x86_emulate: properly do IP updates and other side effects on success
The two MMX/SSE/AVX code blocks failed to update IP properly, and these
as well as get_reg_refix(), which "manually" updated IP so far, failed
to do the TF and RF processing needed at the end of successfully
emulated instructions.
Fix the test utility at once to check IP is properly getting updated,
and while at it macroize the respective code quite a bit, hopefully
making it easier to add further tests when the need arises.
Reported-by: Andrei LUTAS <vlutas@bitdefender.com>
Signed-off-by: Jan Beulich <jbeulich@suse.com>
Tested-by: Razvan Cojocaru <rcojocaru@bitdefender.com>
Reviewed-by: Andrew Cooper <andrew.cooper@citrix.com>
master commit: 3af450fd2d9403f208d3ac6459716f027b8597ad
master date: 2014-08-08 09:34:03 +0200
(qemu changes not included)
^ permalink raw reply [flat|nested] only message in thread
only message in thread, other threads:[~2014-08-23 8:29 UTC | newest]
Thread overview: (only message) (download: mbox.gz follow: Atom feed
-- links below jump to the message on this page --
2014-08-23 8:29 [xen-4.3-testing test] 29946: regressions - FAIL xen.org
This is a public inbox, see mirroring instructions
for how to clone and mirror all data and code used for this inbox;
as well as URLs for NNTP newsgroup(s).