From mboxrd@z Thu Jan 1 00:00:00 1970 From: xen.org Subject: [linux-linus test] 29977: tolerable FAIL - PUSHED Date: Mon, 25 Aug 2014 20:14:55 +0100 Message-ID: Mime-Version: 1.0 Content-Type: multipart/mixed; boundary="===============4067380931655866678==" Return-path: List-Unsubscribe: , List-Post: List-Help: List-Subscribe: , Sender: xen-devel-bounces@lists.xen.org Errors-To: xen-devel-bounces@lists.xen.org To: xen-devel@lists.xensource.com Cc: ian.jackson@eu.citrix.com List-Id: xen-devel@lists.xenproject.org --===============4067380931655866678== Content-Type: text/plain Content-Length: 15463 Content-Transfer-Encoding: quoted-printable flight 29977 linux-linus real [real] http://www.chiark.greenend.org.uk/~xensrcts/logs/29977/ Failures :-/ but no regressions. Regressions which are regarded as allowable (not blocking): test-amd64-i386-freebsd10-i386 7 freebsd-install fail like 29957 test-amd64-i386-freebsd10-amd64 7 freebsd-install fail like 29957 test-amd64-i386-pair 17 guest-migrate/src_host/dst_host fail like 29957 test-amd64-amd64-xl-qemuu-winxpsp3 7 windows-install fail like 29957 Tests which did not succeed, but are not blocking: test-amd64-i386-libvirt 9 guest-start fail never pass test-armhf-armhf-libvirt 9 guest-start fail never pass test-armhf-armhf-xl 10 migrate-support-check fail never pass test-amd64-amd64-xl-pcipt-intel 9 guest-start fail never pass test-amd64-amd64-libvirt 9 guest-start fail never pass test-amd64-i386-xl-qemuu-winxpsp3 14 guest-stop fail never pass test-amd64-i386-xl-qemuu-winxpsp3-vcpus1 14 guest-stop fail never pass test-amd64-amd64-xl-winxpsp3 14 guest-stop fail never pass test-amd64-i386-xl-qemut-win7-amd64 14 guest-stop fail never pass test-amd64-i386-xl-qemuu-win7-amd64 14 guest-stop fail never pass test-amd64-i386-xl-win7-amd64 14 guest-stop fail never pass test-amd64-amd64-xl-qemuu-win7-amd64 14 guest-stop fail never pass test-amd64-amd64-xl-qemut-winxpsp3 14 guest-stop fail never pass test-amd64-amd64-xl-win7-amd64 14 guest-stop fail never pass test-amd64-i386-xl-qemut-winxpsp3-vcpus1 14 guest-stop fail never pass test-amd64-i386-xl-winxpsp3-vcpus1 14 guest-stop fail never pass test-amd64-i386-xl-winxpsp3 14 guest-stop fail never pass test-amd64-i386-xl-qemut-winxpsp3 14 guest-stop fail never pass test-amd64-amd64-xl-qemut-win7-amd64 14 guest-stop fail never pass version targeted for testing: linux 7be141d0554921751db103b54e9f794956aa4f65 baseline version: linux 451fd72219dd6f3355e2d036c598544c760ee532 ------------------------------------------------------------ People who touched revisions under test: Alex Deucher Alexandre Courbot Ananth N Mavinakayanahalli Andreas Ruprecht Andy Lutomirski Anson Huang Anson Huang Ard Biesheuvel Arnd Bergmann Benjamin LaHaise Bill Pringlemeir Chen-Yu Tsai Christian K=C3=B6nig Dan Aloni Dan Carpenter Daniel Drake Daniel Vetter Dave Airlie Dave Airlie Dave Hansen Fugang Duan Geert Uytterhoeven Guenter Roeck H. Peter Anvin Heiko Stuebner Imre Deak Ingo Molnar Jani Nikula Jeremiah Mahler Jerome Blin Julia Lawall Lars-Peter Clausen Laurent Pinchart Linus Torvalds Linus Walleij Lothar Wa=C3=9Fmann Marcel Ziswiler Markus Mayer Markus Mayer Masami Hiramatsu Mathias Nyman Matt Fleming Maxime Ripard Michel D=C3=A4nzer Mika Westerberg Oleg Chernovskiy Olof Johansson Pali Roh=C3=A1r Pawel Moll Peter Zijlstra Semen Protsenko Shawn Guo Silvio Fricke Simon Horman Soren Brinkmann Stefan Agner Stefan Bader Stephen Warren Tomeu Vizoso Ville Syrj=C3=A4l=C3=A4 ------------------------------------------------------------ jobs: build-amd64 pass build-armhf pass build-i386 pass build-amd64-libvirt pass build-armhf-libvirt pass build-i386-libvirt pass build-amd64-pvops pass build-armhf-pvops pass build-i386-pvops pass build-amd64-rumpuserxen pass build-i386-rumpuserxen pass test-amd64-amd64-xl pass test-armhf-armhf-xl pass test-amd64-i386-xl pass test-amd64-i386-rhel6hvm-amd pass test-amd64-i386-qemut-rhel6hvm-amd pass test-amd64-i386-qemuu-rhel6hvm-amd pass test-amd64-amd64-xl-qemut-debianhvm-amd64 pass test-amd64-i386-xl-qemut-debianhvm-amd64 pass test-amd64-amd64-xl-qemuu-debianhvm-amd64 pass test-amd64-i386-xl-qemuu-debianhvm-amd64 pass test-amd64-i386-freebsd10-amd64 fail test-amd64-amd64-xl-qemuu-ovmf-amd64 pass test-amd64-i386-xl-qemuu-ovmf-amd64 pass test-amd64-amd64-rumpuserxen-amd64 pass test-amd64-amd64-xl-qemut-win7-amd64 fail test-amd64-i386-xl-qemut-win7-amd64 fail test-amd64-amd64-xl-qemuu-win7-amd64 fail test-amd64-i386-xl-qemuu-win7-amd64 fail test-amd64-amd64-xl-win7-amd64 fail test-amd64-i386-xl-win7-amd64 fail test-amd64-i386-xl-credit2 pass test-amd64-i386-freebsd10-i386 fail test-amd64-i386-rumpuserxen-i386 pass test-amd64-amd64-xl-pcipt-intel fail test-amd64-i386-rhel6hvm-intel pass test-amd64-i386-qemut-rhel6hvm-intel pass test-amd64-i386-qemuu-rhel6hvm-intel pass test-amd64-amd64-libvirt fail test-armhf-armhf-libvirt fail test-amd64-i386-libvirt fail test-amd64-i386-xl-multivcpu pass test-amd64-amd64-pair pass test-amd64-i386-pair fail test-amd64-amd64-xl-sedf-pin pass test-amd64-amd64-xl-sedf pass test-amd64-i386-xl-qemut-winxpsp3-vcpus1 fail test-amd64-i386-xl-qemuu-winxpsp3-vcpus1 fail test-amd64-i386-xl-winxpsp3-vcpus1 fail test-amd64-amd64-xl-qemut-winxpsp3 fail test-amd64-i386-xl-qemut-winxpsp3 fail test-amd64-amd64-xl-qemuu-winxpsp3 fail test-amd64-i386-xl-qemuu-winxpsp3 fail test-amd64-amd64-xl-winxpsp3 fail test-amd64-i386-xl-winxpsp3 fail ------------------------------------------------------------ sg-report-flight on osstest.cam.xci-test.com logs: /home/xc_osstest/logs images: /home/xc_osstest/images Logs, config files, etc. are available at http://www.chiark.greenend.org.uk/~xensrcts/logs Test harness code can be found at http://xenbits.xensource.com/gitweb=3Fp=3Dosstest.git;a=3Dsummary Pushing revision : + branch=3Dlinux-linus + revision=3D7be141d0554921751db103b54e9f794956aa4f65 + . cri-lock-repos ++ . cri-common +++ . cri-getconfig +++ umask 002 +++ getconfig Repos +++ perl -e ' use Osstest; readglobalconfig(); print $c{"Repos"} or die $!; ' ++ repos=3D/export/home/osstest/repos ++ repos_lock=3D/export/home/osstest/repos/lock ++ '[' x '!=3D' x/export/home/osstest/repos/lock ']' ++ OSSTEST_REPOS_LOCK_LOCKED=3D/export/home/osstest/repos/lock ++ exec with-lock-ex -w /export/home/osstest/repos/lock ./ap-push linux-linus 7be141d0554921751db103b54e9f794956aa4f65 + branch=3Dlinux-linus + revision=3D7be141d0554921751db103b54e9f794956aa4f65 + . cri-lock-repos ++ . cri-common +++ . cri-getconfig +++ umask 002 +++ getconfig Repos +++ perl -e ' use Osstest; readglobalconfig(); print $c{"Repos"} or die $!; ' ++ repos=3D/export/home/osstest/repos ++ repos_lock=3D/export/home/osstest/repos/lock ++ '[' x/export/home/osstest/repos/lock '!=3D' x/export/home/osstest/repos/lock ']' + . cri-common ++ . cri-getconfig ++ umask 002 + select_xenbranch + case "$branch" in + tree=3Dlinux + xenbranch=3Dxen-unstable + '[' xlinux =3D xlinux ']' + linuxbranch=3Dlinux-linus + '[' x =3D x ']' + qemuubranch=3Dqemu-upstream-unstable + : tested/2.6.39.x + . ap-common ++ : osstest@xenbits.xensource.com ++ : git://xenbits.xen.org/xen.git ++ : osstest@xenbits.xensource.com:/home/xen/git/xen.git ++ : git://xenbits.xen.org/staging/qemu-xen-unstable.git ++ : git://git.kernel.org ++ : git://git.kernel.org/pub/scm/linux/kernel/git ++ : git ++ : git://xenbits.xen.org/libvirt.git ++ : osstest@xenbits.xensource.com:/home/xen/git/libvirt.git ++ : git://xenbits.xen.org/libvirt.git +++ besteffort_repo git://git.sv.gnu.org/gnulib.git +++ local repo=3Dgit://git.sv.gnu.org/gnulib.git +++ cached_repo git://git.sv.gnu.org/gnulib.git '[fetch=3Dtry]' +++ local repo=3Dgit://git.sv.gnu.org/gnulib.git +++ local 'options=3D[fetch=3Dtry]' ++++ getconfig GitCacheProxy ++++ perl -e ' use Osstest; readglobalconfig(); print $c{"GitCacheProxy"} or die $!; ' +++ local cache=3Dgit://drall.uk.xensource.com:9419/ +++ '[' xgit://drall.uk.xensource.com:9419/ '!=3D' x ']' +++ echo 'git://drall.uk.xensource.com:9419/git://git.sv.gnu.org/gnulib.git%20[fetch=3Dtry]' ++ : 'git://drall.uk.xensource.com:9419/git://git.sv.gnu.org/gnulib.git%20[fetch=3Dtry]' ++ : git://xenbits.xen.org/rumpuser-xen.git ++ : git ++ : git://xenbits.xen.org/rumpuser-xen.git ++ : osstest@xenbits.xensource.com:/home/xen/git/rumpuser-xen.git +++ besteffort_repo https://github.com/rumpkernel/rumpkernel-netbsd-src +++ local repo=3Dhttps://github.com/rumpkernel/rumpkernel-netbsd-src +++ cached_repo https://github.com/rumpkernel/rumpkernel-netbsd-src '[fetch=3Dtry]' +++ local repo=3Dhttps://github.com/rumpkernel/rumpkernel-netbsd-src +++ local 'options=3D[fetch=3Dtry]' ++++ getconfig GitCacheProxy ++++ perl -e ' use Osstest; readglobalconfig(); print $c{"GitCacheProxy"} or die $!; ' +++ local cache=3Dgit://drall.uk.xensource.com:9419/ +++ '[' xgit://drall.uk.xensource.com:9419/ '!=3D' x ']' +++ echo 'git://drall.uk.xensource.com:9419/https://github.com/rumpkernel/rumpkernel-netbsd-src%20[fetch=3Dtry]' ++ : 'git://drall.uk.xensource.com:9419/https://github.com/rumpkernel/rumpkernel-netbsd-src%20[fetch=3Dtry]' ++ : git ++ : git://git.seabios.org/seabios.git ++ : osstest@xenbits.xensource.com:/home/xen/git/osstest/seabios.git ++ : git://xenbits.xen.org/osstest/seabios.git ++ : git://xenbits.xen.org/osstest/linux-firmware.git ++ : osstest@xenbits.xensource.com:/home/osstest/ext/linux-firmware.git ++ : git://git.kernel.org/pub/scm/linux/kernel/git/firmware/linux-firmware.git ++ : osstest@xenbits.xensource.com:/home/xen/git/linux-pvops.git ++ : git://xenbits.xen.org/linux-pvops.git ++ : tested/linux-3.4 ++ : tested/linux-arm-xen ++ '[' xgit://git.kernel.org/pub/scm/linux/kernel/git/torvalds/linux-2.6.git =3D x ']' ++ '[' xgit://git.kernel.org/pub/scm/linux/kernel/git/torvalds/linux-2.6.git =3D x ']' ++ : git://git.kernel.org/pub/scm/linux/kernel/git/konrad/xen.git ++ : tested/2.6.39.x ++ : daily-cron.linux-linus ++ : daily-cron.linux-linus ++ : daily-cron.linux-linus ++ : daily-cron.linux-linus ++ : daily-cron.linux-linus ++ : daily-cron.linux-linus ++ : http://hg.uk.xensource.com/carbon/trunk/linux-2.6.27 ++ : git://xenbits.xen.org/staging/qemu-upstream-unstable.git ++ : daily-cron.linux-linus ++ : git://git.qemu.org/qemu.git ++ : git://xenbits.xen.org/osstest/qemu.git ++ : osstest@xenbits.xensource.com:/home/xen/git/osstest/qemu.git ++ : daily-cron.linux-linus + TREE_LINUX=3Dosstest@xenbits.xensource.com:/home/xen/git/linux-pvops.git + TREE_QEMU_MAINLINE=3Dosstest@xenbits.xensource.com:/home/xen/git/osstest/qemu.git + TREE_QEMU_UPSTREAM=3Dosstest@xenbits.xensource.com:/home/xen/git/qemu-upstream-unstable.git + TREE_XEN=3Dosstest@xenbits.xensource.com:/home/xen/git/xen.git + TREE_LIBVIRT=3Dosstest@xenbits.xensource.com:/home/xen/git/libvirt.git + TREE_RUMPUSERXEN=3Dosstest@xenbits.xensource.com:/home/xen/git/rumpuser-xen.git + TREE_SEABIOS=3Dosstest@xenbits.xensource.com:/home/xen/git/osstest/seabios.git + info_linux_tree linux-linus + case $1 in + : git://git.kernel.org/pub/scm/linux/kernel/git/torvalds/linux-2.6.git + : master + : git + : git + : git://xenbits.xen.org/linux-pvops.git + : osstest@xenbits.xensource.com:/home/xen/git/linux-pvops.git + : tested/linux-linus + : tested/linux-linus + return 0 + cd /export/home/osstest/repos/linux + git push osstest@xenbits.xensource.com:/home/xen/git/linux-pvops.git 7be141d0554921751db103b54e9f794956aa4f65:tested/linux-linus To osstest@xenbits.xensource.com:/home/xen/git/linux-pvops.git 451fd72..7be141d 7be141d0554921751db103b54e9f794956aa4f65 -> tested/linux-linus + exit 0 --===============4067380931655866678== Content-Type: text/plain; charset="us-ascii" MIME-Version: 1.0 Content-Transfer-Encoding: 7bit Content-Disposition: inline _______________________________________________ Xen-devel mailing list Xen-devel@lists.xen.org http://lists.xen.org/xen-devel --===============4067380931655866678==--