From: xen.org <Ian.Jackson@eu.citrix.com>
To: xen-devel@lists.xensource.com
Cc: ian.jackson@eu.citrix.com
Subject: [qemu-mainline test] 29983: regressions - FAIL
Date: Tue, 26 Aug 2014 10:45:50 +0100 [thread overview]
Message-ID: <osstest-29983-mainreport@xen.org> (raw)
[-- Attachment #1: Type: text/plain, Size: 14441 bytes --]
flight 29983 qemu-mainline real [real]
http://www.chiark.greenend.org.uk/~xensrcts/logs/29983/
Regressions :-(
Tests which did not succeed and are blocking,
including tests which could not be run:
test-amd64-i386-xl-qemuu-debianhvm-amd64 11 guest-saverestore.2 fail REGR. vs. 29970
Regressions which are regarded as allowable (not blocking):
test-amd64-i386-xl-qemuu-win7-amd64 7 windows-install fail like 29951
Tests which did not succeed, but are not blocking:
test-amd64-i386-libvirt 9 guest-start fail never pass
test-armhf-armhf-xl 10 migrate-support-check fail never pass
test-amd64-amd64-xl-pcipt-intel 9 guest-start fail never pass
test-amd64-amd64-libvirt 9 guest-start fail never pass
test-armhf-armhf-libvirt 9 guest-start fail never pass
test-amd64-amd64-xl-winxpsp3 14 guest-stop fail never pass
test-amd64-i386-xl-qemut-winxpsp3-vcpus1 14 guest-stop fail never pass
test-amd64-amd64-xl-qemut-winxpsp3 14 guest-stop fail never pass
test-amd64-amd64-xl-qemut-win7-amd64 14 guest-stop fail never pass
test-amd64-i386-xl-qemut-winxpsp3 14 guest-stop fail never pass
test-amd64-amd64-xl-qemuu-win7-amd64 14 guest-stop fail never pass
test-amd64-i386-xl-qemuu-winxpsp3-vcpus1 14 guest-stop fail never pass
test-amd64-amd64-xl-qemuu-winxpsp3 14 guest-stop fail never pass
test-amd64-i386-xl-winxpsp3-vcpus1 14 guest-stop fail never pass
test-amd64-i386-xl-win7-amd64 14 guest-stop fail never pass
test-amd64-i386-xl-qemut-win7-amd64 14 guest-stop fail never pass
test-amd64-amd64-xl-win7-amd64 14 guest-stop fail never pass
test-amd64-i386-xl-qemuu-winxpsp3 14 guest-stop fail never pass
test-amd64-i386-xl-winxpsp3 14 guest-stop fail never pass
version targeted for testing:
qemuu 3dd359c2d34c6abf385d58da863f337b39702585
baseline version:
qemuu 33886ebeec0c0ff6253a49253fae0db44c9ed0f3
------------------------------------------------------------
People who touched revisions under test:
Ben Draper <ben@xrsa.net>
Li Liu <john.liuli@huawei.com>
Liming Wang <liming.wang@canonical.com>
Michael Tokarev <mjt@tls.msk.ru>
Peter Crosthwaite <peter.crosthwaite@xilinx.com>
Peter Maydell <peter.maydell@linaro.org>
Stefan Weil <sw@weilnetz.de>
zhanghailiang <zhang.zhanghailiang@huawei.com>
------------------------------------------------------------
jobs:
build-amd64 pass
build-armhf pass
build-i386 pass
build-amd64-libvirt pass
build-armhf-libvirt pass
build-i386-libvirt pass
build-amd64-pvops pass
build-armhf-pvops pass
build-i386-pvops pass
test-amd64-amd64-xl pass
test-armhf-armhf-xl pass
test-amd64-i386-xl pass
test-amd64-i386-rhel6hvm-amd pass
test-amd64-i386-qemut-rhel6hvm-amd pass
test-amd64-i386-qemuu-rhel6hvm-amd pass
test-amd64-amd64-xl-qemut-debianhvm-amd64 pass
test-amd64-i386-xl-qemut-debianhvm-amd64 pass
test-amd64-amd64-xl-qemuu-debianhvm-amd64 pass
test-amd64-i386-xl-qemuu-debianhvm-amd64 fail
test-amd64-i386-freebsd10-amd64 pass
test-amd64-amd64-xl-qemuu-ovmf-amd64 pass
test-amd64-i386-xl-qemuu-ovmf-amd64 pass
test-amd64-amd64-xl-qemut-win7-amd64 fail
test-amd64-i386-xl-qemut-win7-amd64 fail
test-amd64-amd64-xl-qemuu-win7-amd64 fail
test-amd64-i386-xl-qemuu-win7-amd64 fail
test-amd64-amd64-xl-win7-amd64 fail
test-amd64-i386-xl-win7-amd64 fail
test-amd64-i386-xl-credit2 pass
test-amd64-i386-freebsd10-i386 pass
test-amd64-amd64-xl-pcipt-intel fail
test-amd64-i386-rhel6hvm-intel pass
test-amd64-i386-qemut-rhel6hvm-intel pass
test-amd64-i386-qemuu-rhel6hvm-intel pass
test-amd64-amd64-libvirt fail
test-armhf-armhf-libvirt fail
test-amd64-i386-libvirt fail
test-amd64-i386-xl-multivcpu pass
test-amd64-amd64-pair pass
test-amd64-i386-pair pass
test-amd64-amd64-xl-sedf-pin pass
test-amd64-amd64-xl-sedf pass
test-amd64-i386-xl-qemut-winxpsp3-vcpus1 fail
test-amd64-i386-xl-qemuu-winxpsp3-vcpus1 fail
test-amd64-i386-xl-winxpsp3-vcpus1 fail
test-amd64-amd64-xl-qemut-winxpsp3 fail
test-amd64-i386-xl-qemut-winxpsp3 fail
test-amd64-amd64-xl-qemuu-winxpsp3 fail
test-amd64-i386-xl-qemuu-winxpsp3 fail
test-amd64-amd64-xl-winxpsp3 fail
test-amd64-i386-xl-winxpsp3 fail
------------------------------------------------------------
sg-report-flight on osstest.cam.xci-test.com
logs: /home/xc_osstest/logs
images: /home/xc_osstest/images
Logs, config files, etc. are available at
http://www.chiark.greenend.org.uk/~xensrcts/logs
Test harness code can be found at
http://xenbits.xensource.com/gitweb?p=osstest.git;a=summary
Not pushing.
------------------------------------------------------------
commit 3dd359c2d34c6abf385d58da863f337b39702585
Merge: 33886eb 40a87c6
Author: Peter Maydell <peter.maydell@linaro.org>
Date: Mon Aug 25 17:34:30 2014 +0100
Merge remote-tracking branch 'remotes/mjt/tags/trivial-patches-2014-08-24' into staging
trivial patches for 2014-08-24
# gpg: Signature made Sun 24 Aug 2014 14:28:49 BST using RSA key ID A4C3D7DB
# gpg: Good signature from "Michael Tokarev <mjt@tls.msk.ru>"
# gpg: aka "Michael Tokarev <mjt@corpit.ru>"
# gpg: aka "Michael Tokarev <mjt@debian.org>"
# gpg: WARNING: This key is not certified with a trusted signature!
# gpg: There is no indication that the signature belongs to the owner.
# Primary key fingerprint: 6EE1 95D1 886E 8FFB 810D 4324 457C E0A0 8044 65C5
# Subkey fingerprint: 6F67 E18E 7C91 C5B1 5514 66A7 BEE5 9D74 A4C3 D7DB
* remotes/mjt/tags/trivial-patches-2014-08-24:
vmxnet3: Pad short frames to minimum size (60 bytes)
libdecnumber: Fix warnings from smatch (missing static, boolean operations)
linux-user: fix file descriptor leaks
po: Fix Makefile rules for in-tree builds without configuration
slirp/misc: Use the GLib memory allocation APIs
configure: no need to mkdir QMP
dma: axidma: Variablise repeated s->streams[i] sub-expr
microblaze: ml605: Get rid of ddr_base variable
tests/bios-tables-test: check the value returned by fopen()
tcg: dump op count into qemu log
util/path: Use the GLib memory allocation routines
Signed-off-by: Peter Maydell <peter.maydell@linaro.org>
commit 40a87c6c9b11ef9c14e0301f76abf0eb2582f08e
Author: Ben Draper <ben@xrsa.net>
Date: Wed Aug 20 13:27:14 2014 +0100
vmxnet3: Pad short frames to minimum size (60 bytes)
When running VMware ESXi under qemu-kvm the guest discards frames
that are too short. Short ARP Requests will be dropped, this prevents
guests on the same bridge as VMware ESXi from communicating. This patch
simply adds the padding on the network device itself.
Signed-off-by: Ben Draper <ben@xrsa.net>
Reviewed-by: Dmitry Fleytman <dmitry@daynix.com>
Cc: qemu-stable@nongnu.org
Signed-off-by: Michael Tokarev <mjt@tls.msk.ru>
commit d072cdf3baeab6a190aa9f2f64a8702744f83d29
Author: Stefan Weil <sw@weilnetz.de>
Date: Wed Aug 20 11:02:10 2014 +0200
libdecnumber: Fix warnings from smatch (missing static, boolean operations)
Signed-off-by: Stefan Weil <sw@weilnetz.de>
Signed-off-by: Michael Tokarev <mjt@tls.msk.ru>
commit 680dfde91981516942ec557ef1c27753db24cbe8
Author: zhanghailiang <zhang.zhanghailiang@huawei.com>
Date: Fri Aug 22 16:23:51 2014 +0800
linux-user: fix file descriptor leaks
Handle variable "fd_orig" going out of scope leaks the handle.
Signed-off-by: zhanghailiang <zhang.zhanghailiang@huawei.com>
Reviewed-by: Gonglei <arei.gonglei@huawei.com>
Signed-off-by: Michael Tokarev <mjt@tls.msk.ru>
commit bcc55f327c571295193880110c048b463bce6677
Author: Stefan Weil <sw@weilnetz.de>
Date: Fri Jul 18 16:52:29 2014 +0200
po: Fix Makefile rules for in-tree builds without configuration
Adding 'update' to the phony targets fixes this error:
$ LANG=C make -C po update
make: Entering directory `/qemu/po'
LINK update
/qemu/po/de_DE.po: file not recognized: File format not recognized
collect2: error: ld returned 1 exit status
make: *** [update] Error 1
make: Leaving directory `/qemu/po'
Some other phony targets (build, install) were also added, and the
existing .PHONY statement was moved to a more prominent position at
the beginning of the Makefile.
The patch also fixes a 2nd bug. The default target should be 'all',
but instead 'modules' (from rules.mak) was the default. Fix this by
adding 'all' as a target before any include statement.
Signed-off-by: Stefan Weil <sw@weilnetz.de>
Signed-off-by: Michael Tokarev <mjt@tls.msk.ru>
commit 2fd5d864099dd38b43b595e9e3375dad2f76049b
Author: zhanghailiang <zhang.zhanghailiang@huawei.com>
Date: Tue Aug 19 16:30:17 2014 +0800
slirp/misc: Use the GLib memory allocation APIs
Here we don't check the return value of malloc() which may fail.
Use the g_new() instead, which will abort the program when
there is not enough memory.
Also, use g_strdup instead of strdup and remove the unnecessary
strdup function.
Signed-off-by: zhanghailiang <zhang.zhanghailiang@huawei.com>
Reviewed-by: Alex Bennée <alex.bennee@linaro.org>
Reviewed-by: Benoît Canet <benoit.canet@nodalink.com>
Signed-off-by: Michael Tokarev <mjt@tls.msk.ru>
commit 58ab9e680731ffd1793a7957ab8523f1dca18d05
Author: Liming Wang <liming.wang@canonical.com>
Date: Tue Aug 19 10:24:05 2014 +0800
configure: no need to mkdir QMP
commit 7537fe04 QMP: QMP/ -> docs/qmp/
Above commit has moved last QMP files to docs/qmp and it's not necessary
to create QMP directory. So remove it from configure.
Signed-off-by: Liming Wang <liming.wang@canonical.com>
Signed-off-by: Michael Tokarev <mjt@tls.msk.ru>
commit 6a07a695b0a8bf8638d28d06909a100c854cfc73
Author: Peter Crosthwaite <peter.crosthwaite@xilinx.com>
Date: Sun Aug 17 17:53:12 2014 -0700
dma: axidma: Variablise repeated s->streams[i] sub-expr
This have 6 inline usages. Make it a bit more readable by using a local
variable.
Signed-off-by: Peter Crosthwaite <peter.crosthwaite@xilinx.com>
Signed-off-by: Michael Tokarev <mjt@tls.msk.ru>
commit f55f8852675f1ece8739b5f89aeda8418c483367
Author: Peter Crosthwaite <peter.crosthwaite@xilinx.com>
Date: Sun Aug 17 17:52:38 2014 -0700
microblaze: ml605: Get rid of ddr_base variable
It's a constant based on a macro. Just use the macro in place.
Signed-off-by: Peter Crosthwaite <peter.crosthwaite@xilinx.com>
Signed-off-by: Michael Tokarev <mjt@tls.msk.ru>
commit c39a28a43d95a3dcb339bdc2865e953a79f01378
Author: zhanghailiang <zhang.zhanghailiang@huawei.com>
Date: Mon Aug 18 15:54:33 2014 +0800
tests/bios-tables-test: check the value returned by fopen()
The function fopen() may fail, so check its return value.
Signed-off-by: zhanghailiang <zhang.zhanghailiang@huawei.com>
Signed-off-by: Li Liu <john.liuli@huawei.com>
Reviewed-by: Alex Bennée <alex.bennee@linaro.org>
Signed-off-by: Michael Tokarev <mjt@tls.msk.ru>
commit d70724cec84ff99ffc7f70dd567466acf228b389
Author: zhanghailiang <zhang.zhanghailiang@huawei.com>
Date: Mon Aug 18 15:58:08 2014 +0800
tcg: dump op count into qemu log
fopen() may fail and it does not check its return vaule here,
it is better to dump op count to the normal log file.
Signed-off-by: Li Liu <john.liuli@huawei.com>
Signed-off-by: zhanghailiang <zhang.zhanghailiang@huawei.com>
Signed-off-by: Michael Tokarev <mjt@tls.msk.ru>
commit bc5008a832f95aae86efce844382e64d54da2146
Author: zhanghailiang <zhang.zhanghailiang@huawei.com>
Date: Mon Aug 18 15:49:22 2014 +0800
util/path: Use the GLib memory allocation routines
In this file, we don't check the return value of malloc/strdup/realloc which may fail.
Instead of using these routines, we use the GLib memory APIs g_malloc/g_strdup/g_realloc.
They will exit on allocation failure, so there is no need to test for failure,
which would be fine for setup.
Signed-off-by: zhanghailiang <zhang.zhanghailiang@huawei.com>
Reviewed-by: Alex Bennée <alex.bennee@linaro.org>
Signed-off-by: Michael Tokarev <mjt@tls.msk.ru>
[-- Attachment #2: Type: text/plain, Size: 126 bytes --]
_______________________________________________
Xen-devel mailing list
Xen-devel@lists.xen.org
http://lists.xen.org/xen-devel
reply other threads:[~2014-08-26 9:45 UTC|newest]
Thread overview: [no followups] expand[flat|nested] mbox.gz Atom feed
Reply instructions:
You may reply publicly to this message via plain-text email
using any one of the following methods:
* Save the following mbox file, import it into your mail client,
and reply-to-all from there: mbox
Avoid top-posting and favor interleaved quoting:
https://en.wikipedia.org/wiki/Posting_style#Interleaved_style
* Reply using the --to, --cc, and --in-reply-to
switches of git-send-email(1):
git send-email \
--in-reply-to=osstest-29983-mainreport@xen.org \
--to=ian.jackson@eu.citrix.com \
--cc=xen-devel@lists.xensource.com \
/path/to/YOUR_REPLY
https://kernel.org/pub/software/scm/git/docs/git-send-email.html
* If your mail client supports setting the In-Reply-To header
via mailto: links, try the mailto: link
Be sure your reply has a Subject: header at the top and a blank line
before the message body.
This is a public inbox, see mirroring instructions
for how to clone and mirror all data and code used for this inbox;
as well as URLs for NNTP newsgroup(s).