From mboxrd@z Thu Jan 1 00:00:00 1970 From: xen.org Subject: [linux-linus test] 30019: tolerable FAIL - PUSHED Date: Thu, 28 Aug 2014 20:35:38 +0100 Message-ID: Mime-Version: 1.0 Content-Type: text/plain; charset="us-ascii" Content-Transfer-Encoding: 7bit Return-path: List-Unsubscribe: , List-Post: List-Help: List-Subscribe: , Sender: xen-devel-bounces@lists.xen.org Errors-To: xen-devel-bounces@lists.xen.org To: xen-devel@lists.xensource.com Cc: ian.jackson@eu.citrix.com List-Id: xen-devel@lists.xenproject.org flight 30019 linux-linus real [real] http://www.chiark.greenend.org.uk/~xensrcts/logs/30019/ Failures :-/ but no regressions. Regressions which are regarded as allowable (not blocking): test-amd64-i386-freebsd10-i386 7 freebsd-install fail like 29977 test-amd64-i386-freebsd10-amd64 7 freebsd-install fail like 29977 test-amd64-i386-pair 17 guest-migrate/src_host/dst_host fail like 29977 test-amd64-amd64-xl-qemuu-winxpsp3 7 windows-install fail like 29977 Tests which did not succeed, but are not blocking: test-amd64-i386-libvirt 9 guest-start fail never pass test-armhf-armhf-libvirt 9 guest-start fail never pass test-armhf-armhf-xl 10 migrate-support-check fail never pass test-amd64-amd64-libvirt 9 guest-start fail never pass test-amd64-amd64-xl-pcipt-intel 9 guest-start fail never pass test-amd64-i386-xl-qemuu-winxpsp3 14 guest-stop fail never pass test-amd64-i386-xl-qemuu-winxpsp3-vcpus1 14 guest-stop fail never pass test-amd64-amd64-xl-winxpsp3 14 guest-stop fail never pass test-amd64-amd64-xl-qemut-win7-amd64 14 guest-stop fail never pass test-amd64-i386-xl-qemut-win7-amd64 14 guest-stop fail never pass test-amd64-i386-xl-qemuu-win7-amd64 14 guest-stop fail never pass test-amd64-i386-xl-win7-amd64 14 guest-stop fail never pass test-amd64-amd64-xl-qemut-winxpsp3 14 guest-stop fail never pass test-amd64-amd64-xl-win7-amd64 14 guest-stop fail never pass test-amd64-i386-xl-qemut-winxpsp3-vcpus1 14 guest-stop fail never pass test-amd64-i386-xl-winxpsp3-vcpus1 14 guest-stop fail never pass test-amd64-i386-xl-winxpsp3 14 guest-stop fail never pass test-amd64-i386-xl-qemut-winxpsp3 14 guest-stop fail never pass test-amd64-amd64-xl-qemuu-win7-amd64 14 guest-stop fail never pass version targeted for testing: linux f1bd473f95e02bc382d4dae94d7f82e2a455e05d baseline version: linux 7be141d0554921751db103b54e9f794956aa4f65 ------------------------------------------------------------ People who touched revisions under test: Aaro Koskinen Anand Jain Benjamin Tissoires chandan Chandan Rajendra Chris Mason Christoph Lameter David Jeffery Eric Sandeen Filipe David Manana Filipe Manana Geert Uytterhoeven Guenter Roeck Hauke Mehrtens Heiko Carstens Huacai Chen James Hogan Jiri Kosina Josef Bacik Lars Persson Lars Persson Linus Torvalds Liu Bo Magnus Damm Manuel Lauss Markos Chandras Martin Schwidefsky Miao Xie Michael Holzheu Pranith Kumar Qu Wenruo Ralf Baechle Randy Dunlap Satoru Takeuchi Serge E. Hallyn Sergey Ryazanov Simon Horman Steven Rostedt (Red Hat) Steven Rostedt Tetsuo Handa Trond Myklebust Wang Shilong Wei Yongjun Weston Andros Adamson Yang Wei ------------------------------------------------------------ jobs: build-amd64 pass build-armhf pass build-i386 pass build-amd64-libvirt pass build-armhf-libvirt pass build-i386-libvirt pass build-amd64-pvops pass build-armhf-pvops pass build-i386-pvops pass build-amd64-rumpuserxen pass build-i386-rumpuserxen pass test-amd64-amd64-xl pass test-armhf-armhf-xl pass test-amd64-i386-xl pass test-amd64-i386-rhel6hvm-amd pass test-amd64-i386-qemut-rhel6hvm-amd pass test-amd64-i386-qemuu-rhel6hvm-amd pass test-amd64-amd64-xl-qemut-debianhvm-amd64 pass test-amd64-i386-xl-qemut-debianhvm-amd64 pass test-amd64-amd64-xl-qemuu-debianhvm-amd64 pass test-amd64-i386-xl-qemuu-debianhvm-amd64 pass test-amd64-i386-freebsd10-amd64 fail test-amd64-amd64-xl-qemuu-ovmf-amd64 pass test-amd64-i386-xl-qemuu-ovmf-amd64 pass test-amd64-amd64-rumpuserxen-amd64 pass test-amd64-amd64-xl-qemut-win7-amd64 fail test-amd64-i386-xl-qemut-win7-amd64 fail test-amd64-amd64-xl-qemuu-win7-amd64 fail test-amd64-i386-xl-qemuu-win7-amd64 fail test-amd64-amd64-xl-win7-amd64 fail test-amd64-i386-xl-win7-amd64 fail test-amd64-i386-xl-credit2 pass test-amd64-i386-freebsd10-i386 fail test-amd64-i386-rumpuserxen-i386 pass test-amd64-amd64-xl-pcipt-intel fail test-amd64-i386-rhel6hvm-intel pass test-amd64-i386-qemut-rhel6hvm-intel pass test-amd64-i386-qemuu-rhel6hvm-intel pass test-amd64-amd64-libvirt fail test-armhf-armhf-libvirt fail test-amd64-i386-libvirt fail test-amd64-i386-xl-multivcpu pass test-amd64-amd64-pair pass test-amd64-i386-pair fail test-amd64-amd64-xl-sedf-pin pass test-amd64-amd64-xl-sedf pass test-amd64-i386-xl-qemut-winxpsp3-vcpus1 fail test-amd64-i386-xl-qemuu-winxpsp3-vcpus1 fail test-amd64-i386-xl-winxpsp3-vcpus1 fail test-amd64-amd64-xl-qemut-winxpsp3 fail test-amd64-i386-xl-qemut-winxpsp3 fail test-amd64-amd64-xl-qemuu-winxpsp3 fail test-amd64-i386-xl-qemuu-winxpsp3 fail test-amd64-amd64-xl-winxpsp3 fail test-amd64-i386-xl-winxpsp3 fail ------------------------------------------------------------ sg-report-flight on osstest.cam.xci-test.com logs: /home/xc_osstest/logs images: /home/xc_osstest/images Logs, config files, etc. are available at http://www.chiark.greenend.org.uk/~xensrcts/logs Test harness code can be found at http://xenbits.xensource.com/gitweb?p=osstest.git;a=summary Pushing revision : + branch=linux-linus + revision=f1bd473f95e02bc382d4dae94d7f82e2a455e05d + . cri-lock-repos ++ . cri-common +++ . cri-getconfig +++ umask 002 +++ getconfig Repos +++ perl -e ' use Osstest; readglobalconfig(); print $c{"Repos"} or die $!; ' ++ repos=/export/home/osstest/repos ++ repos_lock=/export/home/osstest/repos/lock ++ '[' x '!=' x/export/home/osstest/repos/lock ']' ++ OSSTEST_REPOS_LOCK_LOCKED=/export/home/osstest/repos/lock ++ exec with-lock-ex -w /export/home/osstest/repos/lock ./ap-push linux-linus f1bd473f95e02bc382d4dae94d7f82e2a455e05d + branch=linux-linus + revision=f1bd473f95e02bc382d4dae94d7f82e2a455e05d + . cri-lock-repos ++ . cri-common +++ . cri-getconfig +++ umask 002 +++ getconfig Repos +++ perl -e ' use Osstest; readglobalconfig(); print $c{"Repos"} or die $!; ' ++ repos=/export/home/osstest/repos ++ repos_lock=/export/home/osstest/repos/lock ++ '[' x/export/home/osstest/repos/lock '!=' x/export/home/osstest/repos/lock ']' + . cri-common ++ . cri-getconfig ++ umask 002 + select_xenbranch + case "$branch" in + tree=linux + xenbranch=xen-unstable + '[' xlinux = xlinux ']' + linuxbranch=linux-linus + '[' x = x ']' + qemuubranch=qemu-upstream-unstable + : tested/2.6.39.x + . ap-common ++ : osstest@xenbits.xensource.com ++ : git://xenbits.xen.org/xen.git ++ : osstest@xenbits.xensource.com:/home/xen/git/xen.git ++ : git://xenbits.xen.org/staging/qemu-xen-unstable.git ++ : git://git.kernel.org ++ : git://git.kernel.org/pub/scm/linux/kernel/git ++ : git ++ : git://xenbits.xen.org/libvirt.git ++ : osstest@xenbits.xensource.com:/home/xen/git/libvirt.git ++ : git://xenbits.xen.org/libvirt.git +++ besteffort_repo git://git.sv.gnu.org/gnulib.git +++ local repo=git://git.sv.gnu.org/gnulib.git +++ cached_repo git://git.sv.gnu.org/gnulib.git '[fetch=try]' +++ local repo=git://git.sv.gnu.org/gnulib.git +++ local 'options=[fetch=try]' ++++ getconfig GitCacheProxy ++++ perl -e ' use Osstest; readglobalconfig(); print $c{"GitCacheProxy"} or die $!; ' +++ local cache=git://drall.uk.xensource.com:9419/ +++ '[' xgit://drall.uk.xensource.com:9419/ '!=' x ']' +++ echo 'git://drall.uk.xensource.com:9419/git://git.sv.gnu.org/gnulib.git%20[fetch=try]' ++ : 'git://drall.uk.xensource.com:9419/git://git.sv.gnu.org/gnulib.git%20[fetch=try]' ++ : git://xenbits.xen.org/rumpuser-xen.git ++ : git ++ : git://xenbits.xen.org/rumpuser-xen.git ++ : osstest@xenbits.xensource.com:/home/xen/git/rumpuser-xen.git +++ besteffort_repo https://github.com/rumpkernel/rumpkernel-netbsd-src +++ local repo=https://github.com/rumpkernel/rumpkernel-netbsd-src +++ cached_repo https://github.com/rumpkernel/rumpkernel-netbsd-src '[fetch=try]' +++ local repo=https://github.com/rumpkernel/rumpkernel-netbsd-src +++ local 'options=[fetch=try]' ++++ getconfig GitCacheProxy ++++ perl -e ' use Osstest; readglobalconfig(); print $c{"GitCacheProxy"} or die $!; ' +++ local cache=git://drall.uk.xensource.com:9419/ +++ '[' xgit://drall.uk.xensource.com:9419/ '!=' x ']' +++ echo 'git://drall.uk.xensource.com:9419/https://github.com/rumpkernel/rumpkernel-netbsd-src%20[fetch=try]' ++ : 'git://drall.uk.xensource.com:9419/https://github.com/rumpkernel/rumpkernel-netbsd-src%20[fetch=try]' ++ : git ++ : git://git.seabios.org/seabios.git ++ : osstest@xenbits.xensource.com:/home/xen/git/osstest/seabios.git ++ : git://xenbits.xen.org/osstest/seabios.git ++ : git://xenbits.xen.org/osstest/linux-firmware.git ++ : osstest@xenbits.xensource.com:/home/osstest/ext/linux-firmware.git ++ : git://git.kernel.org/pub/scm/linux/kernel/git/firmware/linux-firmware.git ++ : osstest@xenbits.xensource.com:/home/xen/git/linux-pvops.git ++ : git://xenbits.xen.org/linux-pvops.git ++ : tested/linux-3.4 ++ : tested/linux-arm-xen ++ '[' xgit://git.kernel.org/pub/scm/linux/kernel/git/torvalds/linux-2.6.git = x ']' ++ '[' xgit://git.kernel.org/pub/scm/linux/kernel/git/torvalds/linux-2.6.git = x ']' ++ : git://git.kernel.org/pub/scm/linux/kernel/git/konrad/xen.git ++ : tested/2.6.39.x ++ : daily-cron.linux-linus ++ : daily-cron.linux-linus ++ : daily-cron.linux-linus ++ : daily-cron.linux-linus ++ : daily-cron.linux-linus ++ : daily-cron.linux-linus ++ : http://hg.uk.xensource.com/carbon/trunk/linux-2.6.27 ++ : git://xenbits.xen.org/staging/qemu-upstream-unstable.git ++ : daily-cron.linux-linus ++ : git://git.qemu.org/qemu.git ++ : git://xenbits.xen.org/osstest/qemu.git ++ : osstest@xenbits.xensource.com:/home/xen/git/osstest/qemu.git ++ : daily-cron.linux-linus + TREE_LINUX=osstest@xenbits.xensource.com:/home/xen/git/linux-pvops.git + TREE_QEMU_MAINLINE=osstest@xenbits.xensource.com:/home/xen/git/osstest/qemu.git + TREE_QEMU_UPSTREAM=osstest@xenbits.xensource.com:/home/xen/git/qemu-upstream-unstable.git + TREE_XEN=osstest@xenbits.xensource.com:/home/xen/git/xen.git + TREE_LIBVIRT=osstest@xenbits.xensource.com:/home/xen/git/libvirt.git + TREE_RUMPUSERXEN=osstest@xenbits.xensource.com:/home/xen/git/rumpuser-xen.git + TREE_SEABIOS=osstest@xenbits.xensource.com:/home/xen/git/osstest/seabios.git + info_linux_tree linux-linus + case $1 in + : git://git.kernel.org/pub/scm/linux/kernel/git/torvalds/linux-2.6.git + : master + : git + : git + : git://xenbits.xen.org/linux-pvops.git + : osstest@xenbits.xensource.com:/home/xen/git/linux-pvops.git + : tested/linux-linus + : tested/linux-linus + return 0 + cd /export/home/osstest/repos/linux + git push osstest@xenbits.xensource.com:/home/xen/git/linux-pvops.git f1bd473f95e02bc382d4dae94d7f82e2a455e05d:tested/linux-linus To osstest@xenbits.xensource.com:/home/xen/git/linux-pvops.git 7be141d..f1bd473 f1bd473f95e02bc382d4dae94d7f82e2a455e05d -> tested/linux-linus + exit 0