* [linux-linus test] 30032: regressions - FAIL
@ 2014-08-29 20:19 xen.org
0 siblings, 0 replies; only message in thread
From: xen.org @ 2014-08-29 20:19 UTC (permalink / raw)
To: xen-devel; +Cc: ian.jackson
[-- Attachment #1: Type: text/plain, Size: 8422 bytes --]
flight 30032 linux-linus real [real]
http://www.chiark.greenend.org.uk/~xensrcts/logs/30032/
Regressions :-(
Tests which did not succeed and are blocking,
including tests which could not be run:
test-amd64-i386-xl-qemut-debianhvm-amd64 10 guest-localmigrate fail REGR. vs. 30019
test-amd64-i386-xl-qemuu-ovmf-amd64 12 guest-localmigrate.2 fail REGR. vs. 30019
Regressions which are regarded as allowable (not blocking):
test-amd64-i386-freebsd10-i386 7 freebsd-install fail like 30019
test-amd64-i386-freebsd10-amd64 7 freebsd-install fail like 30019
test-amd64-i386-pair 17 guest-migrate/src_host/dst_host fail like 30019
test-amd64-amd64-xl-qemuu-winxpsp3 7 windows-install fail like 30019
Tests which did not succeed, but are not blocking:
test-amd64-i386-libvirt 9 guest-start fail never pass
test-armhf-armhf-libvirt 9 guest-start fail never pass
test-armhf-armhf-xl 10 migrate-support-check fail never pass
test-amd64-amd64-xl-pcipt-intel 9 guest-start fail never pass
test-amd64-amd64-libvirt 9 guest-start fail never pass
test-amd64-i386-xl-qemuu-winxpsp3 14 guest-stop fail never pass
test-amd64-i386-xl-qemuu-winxpsp3-vcpus1 14 guest-stop fail never pass
test-amd64-amd64-xl-winxpsp3 14 guest-stop fail never pass
test-amd64-amd64-xl-qemut-win7-amd64 14 guest-stop fail never pass
test-amd64-i386-xl-qemut-win7-amd64 14 guest-stop fail never pass
test-amd64-i386-xl-qemuu-win7-amd64 14 guest-stop fail never pass
test-amd64-i386-xl-win7-amd64 14 guest-stop fail never pass
test-amd64-amd64-xl-win7-amd64 14 guest-stop fail never pass
test-amd64-amd64-xl-qemut-winxpsp3 14 guest-stop fail never pass
test-amd64-i386-xl-qemut-winxpsp3-vcpus1 14 guest-stop fail never pass
test-amd64-i386-xl-winxpsp3-vcpus1 14 guest-stop fail never pass
test-amd64-i386-xl-winxpsp3 14 guest-stop fail never pass
test-amd64-i386-xl-qemut-winxpsp3 14 guest-stop fail never pass
test-amd64-amd64-xl-qemuu-win7-amd64 14 guest-stop fail never pass
version targeted for testing:
linux 59753a805499f1ffbca4ac0a24b3dff67bf00001
baseline version:
linux f1bd473f95e02bc382d4dae94d7f82e2a455e05d
------------------------------------------------------------
People who touched revisions under test:
Aaro Koskinen <aaro.koskinen@iki.fi>
Alex Deucher <alexander.deucher@amd.com>
Alex Williamson <alex.williamson@redhat.com>
Alexandre Belloni <alexandre.belloni@free-electrons.com>
Bjorn Andersson <bjorn.andersson@sonymobile.com>
Christian König <christian.koenig@amd.com>
Clemens Ladisch <clemens@ladisch.de>
Dan Carpenter <dan.carpenter@oracle.com>
Dave Airlie <airlied@redhat.com>
David Herrmann <dh.herrmann@gmail.com>
Fabio Estevam <fabio.estevam@freescale.com>
Gioh Kim <gioh.kim@lge.com>
Hans Wennborg <hans@hanshq.net>
Javier Martinez Canillas <javier.martinez@collabora.co.uk>
Jingoo Han <jg1.han@samsung.com>
Kiran Padwal <kiran.padwal@smartplayin.com>
Laurent Pinchart <laurent.pinchart@ideasonboard.com>
Lee Jones <lee.jones@linaro.org>
Linus Torvalds <torvalds@linux-foundation.org>
Linus Walleij <linus.walleij@linaro.org>
Lothar WaÃmann <LW@KARO-electronics.de>
Maarten Lankhorst <maarten.lankhorst@canonical.com>
Patrice Chotard <patrice.chotard@st.com>
Rasmus Villemoes <linux@rasmusvillemoes.dk>
Rob Clark <robdclark@gmail.com>
Sergei Shtylyov <sergei.shtylyov@cogentembedded.com>
Sonny Rao <sonnyrao@chromium.org>
Stephen Warren <swarren@wwwdotorg.org>
Sumit Semwal <sumit.semwal@linaro.org>
Takashi Iwai <tiwai@suse.de>
Thierry Reding <treding@nvidia.com>
Tomasz Figa <t.figa@samsung.com>
Tony Lindgren <tony@atomide.com>
Wei Yongjun <yongjun_wei@trendmicro.com.cn>
Y.C. Chen <yc_chen@aspeedtech.com>
------------------------------------------------------------
jobs:
build-amd64 pass
build-armhf pass
build-i386 pass
build-amd64-libvirt pass
build-armhf-libvirt pass
build-i386-libvirt pass
build-amd64-pvops pass
build-armhf-pvops pass
build-i386-pvops pass
build-amd64-rumpuserxen pass
build-i386-rumpuserxen pass
test-amd64-amd64-xl pass
test-armhf-armhf-xl pass
test-amd64-i386-xl pass
test-amd64-i386-rhel6hvm-amd pass
test-amd64-i386-qemut-rhel6hvm-amd pass
test-amd64-i386-qemuu-rhel6hvm-amd pass
test-amd64-amd64-xl-qemut-debianhvm-amd64 pass
test-amd64-i386-xl-qemut-debianhvm-amd64 fail
test-amd64-amd64-xl-qemuu-debianhvm-amd64 pass
test-amd64-i386-xl-qemuu-debianhvm-amd64 pass
test-amd64-i386-freebsd10-amd64 fail
test-amd64-amd64-xl-qemuu-ovmf-amd64 pass
test-amd64-i386-xl-qemuu-ovmf-amd64 fail
test-amd64-amd64-rumpuserxen-amd64 pass
test-amd64-amd64-xl-qemut-win7-amd64 fail
test-amd64-i386-xl-qemut-win7-amd64 fail
test-amd64-amd64-xl-qemuu-win7-amd64 fail
test-amd64-i386-xl-qemuu-win7-amd64 fail
test-amd64-amd64-xl-win7-amd64 fail
test-amd64-i386-xl-win7-amd64 fail
test-amd64-i386-xl-credit2 pass
test-amd64-i386-freebsd10-i386 fail
test-amd64-i386-rumpuserxen-i386 pass
test-amd64-amd64-xl-pcipt-intel fail
test-amd64-i386-rhel6hvm-intel pass
test-amd64-i386-qemut-rhel6hvm-intel pass
test-amd64-i386-qemuu-rhel6hvm-intel pass
test-amd64-amd64-libvirt fail
test-armhf-armhf-libvirt fail
test-amd64-i386-libvirt fail
test-amd64-i386-xl-multivcpu pass
test-amd64-amd64-pair pass
test-amd64-i386-pair fail
test-amd64-amd64-xl-sedf-pin pass
test-amd64-amd64-xl-sedf pass
test-amd64-i386-xl-qemut-winxpsp3-vcpus1 fail
test-amd64-i386-xl-qemuu-winxpsp3-vcpus1 fail
test-amd64-i386-xl-winxpsp3-vcpus1 fail
test-amd64-amd64-xl-qemut-winxpsp3 fail
test-amd64-i386-xl-qemut-winxpsp3 fail
test-amd64-amd64-xl-qemuu-winxpsp3 fail
test-amd64-i386-xl-qemuu-winxpsp3 fail
test-amd64-amd64-xl-winxpsp3 fail
test-amd64-i386-xl-winxpsp3 fail
------------------------------------------------------------
sg-report-flight on osstest.cam.xci-test.com
logs: /home/xc_osstest/logs
images: /home/xc_osstest/images
Logs, config files, etc. are available at
http://www.chiark.greenend.org.uk/~xensrcts/logs
Test harness code can be found at
http://xenbits.xensource.com/gitweb?p=osstest.git;a=summary
Not pushing.
(No revision log; it would be 733 lines long.)
[-- Attachment #2: Type: text/plain, Size: 126 bytes --]
_______________________________________________
Xen-devel mailing list
Xen-devel@lists.xen.org
http://lists.xen.org/xen-devel
^ permalink raw reply [flat|nested] only message in thread
only message in thread, other threads:[~2014-08-29 20:19 UTC | newest]
Thread overview: (only message) (download: mbox.gz follow: Atom feed
-- links below jump to the message on this page --
2014-08-29 20:19 [linux-linus test] 30032: regressions - FAIL xen.org
This is a public inbox, see mirroring instructions
for how to clone and mirror all data and code used for this inbox;
as well as URLs for NNTP newsgroup(s).