From mboxrd@z Thu Jan 1 00:00:00 1970 From: xen.org Subject: [linux-linus test] 30064: regressions - FAIL Date: Mon, 1 Sep 2014 01:34:30 +0100 Message-ID: Mime-Version: 1.0 Content-Type: multipart/mixed; boundary="===============0849344355835155150==" Return-path: List-Unsubscribe: , List-Post: List-Help: List-Subscribe: , Sender: xen-devel-bounces@lists.xen.org Errors-To: xen-devel-bounces@lists.xen.org To: xen-devel@lists.xensource.com Cc: ian.jackson@eu.citrix.com List-Id: xen-devel@lists.xenproject.org --===============0849344355835155150== Content-Type: text/plain Content-Length: 13588 Content-Transfer-Encoding: quoted-printable flight 30064 linux-linus real [real] http://www.chiark.greenend.org.uk/~xensrcts/logs/30064/ Regressions :-( Tests which did not succeed and are blocking, including tests which could not be run: test-armhf-armhf-xl 9 guest-start fail REGR. vs. 30019 Regressions which are regarded as allowable (not blocking): test-amd64-i386-freebsd10-i386 7 freebsd-install fail like 30019 test-amd64-i386-freebsd10-amd64 7 freebsd-install fail like 30019 test-amd64-i386-pair 17 guest-migrate/src_host/dst_host fail like 30019 test-amd64-amd64-xl-qemuu-winxpsp3 7 windows-install fail like 30019 Tests which did not succeed, but are not blocking: test-amd64-i386-libvirt 9 guest-start fail never pass test-armhf-armhf-libvirt 9 guest-start fail never pass test-amd64-amd64-xl-pcipt-intel 9 guest-start fail never pass test-amd64-amd64-libvirt 9 guest-start fail never pass test-amd64-i386-xl-qemuu-winxpsp3 14 guest-stop fail never pass test-amd64-i386-xl-qemuu-winxpsp3-vcpus1 14 guest-stop fail never pass test-amd64-amd64-xl-winxpsp3 14 guest-stop fail never pass test-amd64-amd64-xl-qemut-win7-amd64 14 guest-stop fail never pass test-amd64-i386-xl-qemut-win7-amd64 14 guest-stop fail never pass test-amd64-i386-xl-qemuu-win7-amd64 14 guest-stop fail never pass test-amd64-i386-xl-win7-amd64 14 guest-stop fail never pass test-amd64-amd64-xl-win7-amd64 14 guest-stop fail never pass test-amd64-amd64-xl-qemut-winxpsp3 14 guest-stop fail never pass test-amd64-i386-xl-qemut-winxpsp3-vcpus1 14 guest-stop fail never pass test-amd64-i386-xl-winxpsp3-vcpus1 14 guest-stop fail never pass test-amd64-i386-xl-winxpsp3 14 guest-stop fail never pass test-amd64-i386-xl-qemut-winxpsp3 14 guest-stop fail never pass test-amd64-amd64-xl-qemuu-win7-amd64 14 guest-stop fail never pass version targeted for testing: linux fd5984d7c8e8e249aca0c515817ab1e7dee1502c baseline version: linux f1bd473f95e02bc382d4dae94d7f82e2a455e05d ------------------------------------------------------------ People who touched revisions under test: Aaro Koskinen Alan Cox Alan Stern Alex Deucher Alex Williamson Alexander Usyskin Alexandre Belloni Alexey Khoroshilov Alvin (Weike) Chen Andi Kleen Andreas Noever Andrew Morton Andy Shevchenko Arjun Sreedharan Bartlomiej Zolnierkiewicz Ben Hutchings Bing Niu Bjorn Andersson Bo Shen Brennan Ashton Bryan O'Donoghue Chao Yu Christian K=C3=B6nig Christoph Hellwig Clemens Ladisch Dan Carpenter Dan Streetman Daniel Walter Darrick J. Wong Dave Airlie Dave Jones David Herrmann Dirk Brandewie Dmitry Monakhov Ed Butler Evan Langlois Fabio Estevam Felipe Balbi Filipe Brandenburger Gioh Kim Greg KH Greg Kroah-Hartman Hans de Goede Hans Wennborg Himangi Saraogi Holger Paradies Hu Keping Huang Rui Hugh Dickins HuKeping Ian Abbott Ingo Molnar James Forshaw Javier Martinez Canillas Ja=C5=A1a Bartelj Jens Axboe Jerome Marchand Jiang Liu Jingoo Han Joe Perches Johan Hovold Jon Medhurst (Tixy) Jon Medhurst Julia Lawall Junxiao Bi Kees Cook Kiran Padwal Krzysztof Kozlowski Kyungmin Park Lan Tianyu Larry Finger Laurent Pinchart Laurent Pinchart Lee Jones Li RongQing Linus Torvalds Linus Walleij Lothar Wa=C3=9Fmann Lv Zheng Maarten Lankhorst Maciej Puzio Mark Mark Brown Mark Einon Mark Fasheh Mark Knibbs Mathias Nyman Matt Turner Matthew Wilcox Max Filippov [xtensa] Mel Gorman Michael Cree Michael Grzeschik Michael Welling Michael Welling Michal Hocko Michal Simek Mika Westerberg Mike Snitzer Mikulas Patocka Milan Broz Minchan Kim Ming Lei Nicolas Alt Nicolas Ferre Patrice Chotard Paul Zimmerman Paul Zimmerman Pawel Moll Peter Chen Philippe Reynes Phong Tran Pranith Kumar Rafael J. Wysocki Rasmus Villemoes Richard Henderson Richard Kuo [hexagon] Richard Weinberger Rickard Strandqvist Rob Clark Rob Elliott Roger Quadros Sabrina Dubroca Sachin Kamat Sagi Grimberg Sasha Levin Serge E. Hallyn Sergei Shtylyov Sergey Senozhatsky Seunghun Lee Shaun Ruffell Shriraj-Rai P Sonny Rao Stephen Hemminger Stephen Warren Sumit Semwal Takashi Iwai Tang Chen Tejun Heo Theodore Ts'o Thierry Reding Thomas Glanzmann Thomas Gleixner Tomas Winkler Tomasz Figa Tomi Valkeinen Tony Battersby Tony Lindgren Toralf F=C3=B6rster Toshiaki Makita Trond Myklebust Valentina Manea Vineet Gupta [arc] Viresh Kumar Vivek Gautam Vivek Goyal Wei Yongjun Will Deacon Xishi Qiu Y.C. Chen Zhigang Lu [tile] ------------------------------------------------------------ jobs: build-amd64 pass build-armhf pass build-i386 pass build-amd64-libvirt pass build-armhf-libvirt pass build-i386-libvirt pass build-amd64-pvops pass build-armhf-pvops pass build-i386-pvops pass build-amd64-rumpuserxen pass build-i386-rumpuserxen pass test-amd64-amd64-xl pass test-armhf-armhf-xl fail test-amd64-i386-xl pass test-amd64-i386-rhel6hvm-amd pass test-amd64-i386-qemut-rhel6hvm-amd pass test-amd64-i386-qemuu-rhel6hvm-amd pass test-amd64-amd64-xl-qemut-debianhvm-amd64 pass test-amd64-i386-xl-qemut-debianhvm-amd64 pass test-amd64-amd64-xl-qemuu-debianhvm-amd64 pass test-amd64-i386-xl-qemuu-debianhvm-amd64 pass test-amd64-i386-freebsd10-amd64 fail test-amd64-amd64-xl-qemuu-ovmf-amd64 pass test-amd64-i386-xl-qemuu-ovmf-amd64 pass test-amd64-amd64-rumpuserxen-amd64 pass test-amd64-amd64-xl-qemut-win7-amd64 fail test-amd64-i386-xl-qemut-win7-amd64 fail test-amd64-amd64-xl-qemuu-win7-amd64 fail test-amd64-i386-xl-qemuu-win7-amd64 fail test-amd64-amd64-xl-win7-amd64 fail test-amd64-i386-xl-win7-amd64 fail test-amd64-i386-xl-credit2 pass test-amd64-i386-freebsd10-i386 fail test-amd64-i386-rumpuserxen-i386 pass test-amd64-amd64-xl-pcipt-intel fail test-amd64-i386-rhel6hvm-intel pass test-amd64-i386-qemut-rhel6hvm-intel pass test-amd64-i386-qemuu-rhel6hvm-intel pass test-amd64-amd64-libvirt fail test-armhf-armhf-libvirt fail test-amd64-i386-libvirt fail test-amd64-i386-xl-multivcpu pass test-amd64-amd64-pair pass test-amd64-i386-pair fail test-amd64-amd64-xl-sedf-pin pass test-amd64-amd64-xl-sedf pass test-amd64-i386-xl-qemut-winxpsp3-vcpus1 fail test-amd64-i386-xl-qemuu-winxpsp3-vcpus1 fail test-amd64-i386-xl-winxpsp3-vcpus1 fail test-amd64-amd64-xl-qemut-winxpsp3 fail test-amd64-i386-xl-qemut-winxpsp3 fail test-amd64-amd64-xl-qemuu-winxpsp3 fail test-amd64-i386-xl-qemuu-winxpsp3 fail test-amd64-amd64-xl-winxpsp3 fail test-amd64-i386-xl-winxpsp3 fail ------------------------------------------------------------ sg-report-flight on osstest.cam.xci-test.com logs: /home/xc_osstest/logs images: /home/xc_osstest/images Logs, config files, etc. are available at http://www.chiark.greenend.org.uk/~xensrcts/logs Test harness code can be found at http://xenbits.xensource.com/gitweb=3Fp=3Dosstest.git;a=3Dsummary Not pushing. (No revision log; it would be 3809 lines long.) --===============0849344355835155150== Content-Type: text/plain; charset="us-ascii" MIME-Version: 1.0 Content-Transfer-Encoding: 7bit Content-Disposition: inline _______________________________________________ Xen-devel mailing list Xen-devel@lists.xen.org http://lists.xen.org/xen-devel --===============0849344355835155150==--