From mboxrd@z Thu Jan 1 00:00:00 1970 From: xen.org Subject: [linux-linus test] 30098: regressions - FAIL Date: Thu, 4 Sep 2014 02:14:51 +0100 Message-ID: Mime-Version: 1.0 Content-Type: multipart/mixed; boundary="===============5174459485472350500==" Return-path: List-Unsubscribe: , List-Post: List-Help: List-Subscribe: , Sender: xen-devel-bounces@lists.xen.org Errors-To: xen-devel-bounces@lists.xen.org To: xen-devel@lists.xensource.com Cc: ian.jackson@eu.citrix.com List-Id: xen-devel@lists.xenproject.org --===============5174459485472350500== Content-Type: text/plain Content-Length: 15294 Content-Transfer-Encoding: quoted-printable flight 30098 linux-linus real [real] http://www.chiark.greenend.org.uk/~xensrcts/logs/30098/ Regressions :-( Tests which did not succeed and are blocking, including tests which could not be run: test-armhf-armhf-xl 9 guest-start fail REGR. vs. 30019 Tests which are failing intermittently (not blocking): test-amd64-amd64-xl 15 guest-localmigrate/x10 fail pass in 30084 test-amd64-amd64-xl-qemuu-win7-amd64 7 windows-install fail pass in 30084 Regressions which are regarded as allowable (not blocking): test-amd64-i386-freebsd10-i386 7 freebsd-install fail like 30019 test-amd64-i386-freebsd10-amd64 7 freebsd-install fail like 30019 test-amd64-i386-pair 17 guest-migrate/src_host/dst_host fail like 30019 test-amd64-amd64-xl-qemuu-winxpsp3 7 windows-install fail like 30019 Tests which did not succeed, but are not blocking: test-amd64-i386-libvirt 9 guest-start fail never pass test-armhf-armhf-libvirt 9 guest-start fail never pass test-amd64-amd64-libvirt 9 guest-start fail never pass test-amd64-amd64-xl-pcipt-intel 9 guest-start fail never pass test-amd64-i386-xl-qemuu-winxpsp3-vcpus1 14 guest-stop fail never pass test-amd64-amd64-xl-winxpsp3 14 guest-stop fail never pass test-amd64-i386-xl-qemuu-winxpsp3 14 guest-stop fail never pass test-amd64-amd64-xl-qemut-win7-amd64 14 guest-stop fail never pass test-amd64-i386-xl-qemut-win7-amd64 14 guest-stop fail never pass test-amd64-i386-xl-qemuu-win7-amd64 14 guest-stop fail never pass test-amd64-i386-xl-win7-amd64 14 guest-stop fail never pass test-amd64-amd64-xl-win7-amd64 14 guest-stop fail never pass test-amd64-amd64-xl-qemut-winxpsp3 14 guest-stop fail never pass test-amd64-i386-xl-qemut-winxpsp3-vcpus1 14 guest-stop fail never pass test-amd64-i386-xl-winxpsp3-vcpus1 14 guest-stop fail never pass test-amd64-i386-xl-winxpsp3 14 guest-stop fail never pass test-amd64-i386-xl-qemut-winxpsp3 14 guest-stop fail never pass test-amd64-amd64-xl-qemuu-win7-amd64 14 guest-stop fail in 30084 never pass version targeted for testing: linux 7505ceaf863590b24a4c0c83b64817d26e0d51e3 baseline version: linux f1bd473f95e02bc382d4dae94d7f82e2a455e05d ------------------------------------------------------------ People who touched revisions under test: Aaro Koskinen Addy Ke Alan Cox Alan Douglas Alan Stern Alex Deucher Alex Shi Alex Williamson Alexander Usyskin Alexandre Belloni Alexey Khoroshilov Alvin (Weike) Chen Andi Kleen Andreas Noever Andrew Morton Andrey Ryabinin Andy Shevchenko Arjun Sreedharan Arnd Bergmann Bartlomiej Zolnierkiewicz Ben Hutchings Bing Niu Bjorn Andersson Bo Shen Brennan Ashton Brian Norris Bryan O'Donoghue Chao Yu Chris Zankel Christian K=C3=B6nig Christoph Hellwig Clemens Ladisch Dan Carpenter Dan Streetman Daniel Walter Darrick J. Wong Dave Airlie Dave Jones David Herrmann Dirk Brandewie Dmitry Monakhov Doug Anderson Ed Butler Evan Langlois Fabio Estevam Felipe Balbi Filipe Brandenburger Geert Uytterhoeven Gioh Kim Grazvydas Ignotas Greg KH Greg Kroah-Hartman Grygorii Strashko Guenter Roeck Hans de Goede Hans Wennborg Heiko Stuebner Heiko St=C3=BCbner Himangi Saraogi Holger Paradies Hu Keping Huang Rui Hugh Dickins HuKeping Ian Abbott Ingo Molnar James Forshaw Javier Martinez Canillas Ja=C5=A1a Bartelj Jeff Layton Jens Axboe Jerome Marchand Jiang Liu Jingoo Han Joe Perches Johan Hovold Jon Medhurst (Tixy) Jon Medhurst Jorge A. Ventura Julia Lawall Junxiao Bi Juri Lelli Kees Cook Kiran Padwal Krzysztof Kozlowski Kuninori Morimoto Kyungmin Park Lan Tianyu Larry Finger Laurent Pinchart Laurent Pinchart Lee Jones Li RongQing Linus Torvalds Linus Walleij Lokesh Vutla Lorenzo Pieralisi Lothar Wa=C3=9Fmann Lv Zheng Maarten Lankhorst Maciej Puzio Manuel Lauss Mark Mark Brown Mark Brown Mark Einon Mark Fasheh Mark Knibbs Mark Rutland Markus Pargmann Mathias Nyman Matt Turner Matthew Wilcox Max Filippov [xtensa] Max Filippov Mel Gorman Michael Cree Michael Grzeschik Michael Welling Michael Welling Michal Hocko Michal Simek Mika Westerberg Mike Snitzer Miklos Szeredi Mikulas Patocka Milan Broz Minchan Kim Ming Lei Nicolas Alt Nicolas Ferre Nishanth Menon Olof Johansson Patrice Chotard Paul Walmsley Paul Zimmerman Paul Zimmerman Pawel Moll Peter Chen Philippe Reynes Phong Tran Pranith Kumar Rabeeh Khoury Rafael J. Wysocki Rajendra Nayak Rasmus Villemoes Richard Henderson Richard Kuo [hexagon] Richard Weinberger Rickard Strandqvist Rob Clark Rob Elliott Roger Quadros Russell King Sabrina Dubroca Sachin Kamat Sagi Grimberg Sasha Levin Serge E. Hallyn Sergei Shtylyov Sergey Senozhatsky Seunghun Lee Shaun Ruffell Shawn Guo Shriraj-Rai P Simon Horman Sonny Rao Stephen Hemminger Stephen Warren Sudeep Holla Sumit Semwal Takashi Iwai Tang Chen Tejun Heo Tero Kristo Theodore Ts'o Thierry Reding Thomas Glanzmann Thomas Gleixner Tomas Winkler Tomasz Figa Tomi Valkeinen Tony Battersby Tony Lindgren Toralf F=C3=B6rster Toshiaki Makita Trond Myklebust Valentina Manea Vincent Stehl=C3=A9 Vineet Gupta [arc] Viresh Kumar Vivek Gautam Vivek Goyal Wei Yongjun Will Deacon Xishi Qiu Y.C. Chen Zhigang Lu [tile] ------------------------------------------------------------ jobs: build-amd64 pass build-armhf pass build-i386 pass build-amd64-libvirt pass build-armhf-libvirt pass build-i386-libvirt pass build-amd64-pvops pass build-armhf-pvops pass build-i386-pvops pass build-amd64-rumpuserxen pass build-i386-rumpuserxen pass test-amd64-amd64-xl fail test-armhf-armhf-xl fail test-amd64-i386-xl pass test-amd64-i386-rhel6hvm-amd pass test-amd64-i386-qemut-rhel6hvm-amd pass test-amd64-i386-qemuu-rhel6hvm-amd pass test-amd64-amd64-xl-qemut-debianhvm-amd64 pass test-amd64-i386-xl-qemut-debianhvm-amd64 pass test-amd64-amd64-xl-qemuu-debianhvm-amd64 pass test-amd64-i386-xl-qemuu-debianhvm-amd64 pass test-amd64-i386-freebsd10-amd64 fail test-amd64-amd64-xl-qemuu-ovmf-amd64 pass test-amd64-i386-xl-qemuu-ovmf-amd64 pass test-amd64-amd64-rumpuserxen-amd64 pass test-amd64-amd64-xl-qemut-win7-amd64 fail test-amd64-i386-xl-qemut-win7-amd64 fail test-amd64-amd64-xl-qemuu-win7-amd64 fail test-amd64-i386-xl-qemuu-win7-amd64 fail test-amd64-amd64-xl-win7-amd64 fail test-amd64-i386-xl-win7-amd64 fail test-amd64-i386-xl-credit2 pass test-amd64-i386-freebsd10-i386 fail test-amd64-i386-rumpuserxen-i386 pass test-amd64-amd64-xl-pcipt-intel fail test-amd64-i386-rhel6hvm-intel pass test-amd64-i386-qemut-rhel6hvm-intel pass test-amd64-i386-qemuu-rhel6hvm-intel pass test-amd64-amd64-libvirt fail test-armhf-armhf-libvirt fail test-amd64-i386-libvirt fail test-amd64-i386-xl-multivcpu pass test-amd64-amd64-pair pass test-amd64-i386-pair fail test-amd64-amd64-xl-sedf-pin pass test-amd64-amd64-xl-sedf pass test-amd64-i386-xl-qemut-winxpsp3-vcpus1 fail test-amd64-i386-xl-qemuu-winxpsp3-vcpus1 fail test-amd64-i386-xl-winxpsp3-vcpus1 fail test-amd64-amd64-xl-qemut-winxpsp3 fail test-amd64-i386-xl-qemut-winxpsp3 fail test-amd64-amd64-xl-qemuu-winxpsp3 fail test-amd64-i386-xl-qemuu-winxpsp3 fail test-amd64-amd64-xl-winxpsp3 fail test-amd64-i386-xl-winxpsp3 fail ------------------------------------------------------------ sg-report-flight on osstest.cam.xci-test.com logs: /home/xc_osstest/logs images: /home/xc_osstest/images Logs, config files, etc. are available at http://www.chiark.greenend.org.uk/~xensrcts/logs Test harness code can be found at http://xenbits.xensource.com/gitweb=3Fp=3Dosstest.git;a=3Dsummary Not pushing. (No revision log; it would be 5377 lines long.) --===============5174459485472350500== Content-Type: text/plain; charset="us-ascii" MIME-Version: 1.0 Content-Transfer-Encoding: 7bit Content-Disposition: inline _______________________________________________ Xen-devel mailing list Xen-devel@lists.xen.org http://lists.xen.org/xen-devel --===============5174459485472350500==--