xen-devel.lists.xenproject.org archive mirror
 help / color / mirror / Atom feed
* [xen-unstable test] 30114: trouble: blocked/broken/fail/pass
@ 2014-09-05  8:09 xen.org
  0 siblings, 0 replies; only message in thread
From: xen.org @ 2014-09-05  8:09 UTC (permalink / raw)
  To: xen-devel; +Cc: ian.jackson

flight 30114 xen-unstable real [real]
http://www.chiark.greenend.org.uk/~xensrcts/logs/30114/

Failures and problems with tests :-(

Tests which did not succeed and are blocking,
including tests which could not be run:
 build-i386                    3 host-install(3)         broken REGR. vs. 30110
 build-i386-oldkern            3 host-install(3)         broken REGR. vs. 30110

Tests which are failing intermittently (not blocking):
 test-amd64-amd64-rumpuserxen-amd64  3 host-install(3)     broken pass in 30110
 test-amd64-amd64-xl-sedf      3 host-install(3)           broken pass in 30110
 test-amd64-i386-rhel6hvm-amd  8 guest-stop         fail in 30110 pass in 30106
 test-amd64-i386-xl-multivcpu  3 host-install(3)  broken in 30110 pass in 30106
 test-amd64-i386-qemuu-rhel6hvm-intel 3 host-install(3) broken in 30110 pass in 30106
 test-amd64-i386-pair  3 host-install/src_host(3) broken in 30110 pass in 30106
 test-amd64-i386-xl-qemut-winxpsp3-vcpus1 12 guest-localmigrate.2 fail in 30110 pass in 30106
 test-amd64-i386-xl-qemut-debianhvm-amd64 3 host-install(3) broken in 30110 pass in 30106
 test-amd64-amd64-xl-qemuu-ovmf-amd64 3 host-install(3) broken in 30110 pass in 30114
 test-amd64-amd64-xl-qemut-winxpsp3 3 host-install(3) broken in 30106 pass in 30114

Regressions which are regarded as allowable (not blocking):
 test-amd64-amd64-xl-pcipt-intel  3 host-install(3)           broken like 30110

Tests which did not succeed, but are not blocking:
 test-armhf-armhf-libvirt      9 guest-start                  fail   never pass
 test-amd64-i386-rumpuserxen-i386  1 build-check(1)               blocked  n/a
 test-armhf-armhf-xl          10 migrate-support-check        fail   never pass
 test-amd64-i386-libvirt       1 build-check(1)               blocked  n/a
 test-amd64-amd64-libvirt      9 guest-start                  fail   never pass
 test-amd64-i386-qemut-rhel6hvm-amd  1 build-check(1)               blocked n/a
 test-amd64-i386-qemuu-rhel6hvm-amd  1 build-check(1)               blocked n/a
 test-amd64-i386-rhel6hvm-amd  1 build-check(1)               blocked  n/a
 test-amd64-i386-xl-multivcpu  1 build-check(1)               blocked  n/a
 test-amd64-i386-xl            1 build-check(1)               blocked  n/a
 test-amd64-i386-qemut-rhel6hvm-intel  1 build-check(1)             blocked n/a
 test-amd64-i386-qemuu-rhel6hvm-intel  1 build-check(1)             blocked n/a
 test-amd64-i386-rhel6hvm-intel  1 build-check(1)               blocked  n/a
 test-amd64-i386-xl-credit2    1 build-check(1)               blocked  n/a
 test-amd64-i386-freebsd10-i386  1 build-check(1)               blocked  n/a
 test-amd64-i386-freebsd10-amd64  1 build-check(1)               blocked  n/a
 test-amd64-i386-xl-qemut-winxpsp3  1 build-check(1)               blocked  n/a
 build-i386-libvirt            1 build-check(1)               blocked  n/a
 test-amd64-i386-xl-qemuu-winxpsp3-vcpus1  1 build-check(1)         blocked n/a
 test-amd64-i386-xl-qemuu-winxpsp3  1 build-check(1)               blocked  n/a
 test-amd64-i386-pair          1 build-check(1)               blocked  n/a
 test-amd64-i386-xl-qemut-winxpsp3-vcpus1  1 build-check(1)         blocked n/a
 build-i386-rumpuserxen        1 build-check(1)               blocked  n/a
 test-amd64-i386-xl-qemut-debianhvm-amd64  1 build-check(1)         blocked n/a
 test-amd64-i386-xl-qemuu-debianhvm-amd64  1 build-check(1)         blocked n/a
 test-amd64-i386-xl-qemuu-ovmf-amd64  1 build-check(1)              blocked n/a
 test-amd64-amd64-xl-qemuu-win7-amd64 14 guest-stop             fail never pass
 test-amd64-i386-xl-win7-amd64  1 build-check(1)               blocked  n/a
 test-amd64-amd64-xl-qemut-winxpsp3 14 guest-stop               fail never pass
 test-amd64-i386-xl-qemut-win7-amd64  1 build-check(1)              blocked n/a
 test-amd64-i386-xl-winxpsp3-vcpus1  1 build-check(1)               blocked n/a
 test-amd64-amd64-xl-winxpsp3 14 guest-stop                   fail   never pass
 test-amd64-i386-xl-qemuu-win7-amd64  1 build-check(1)              blocked n/a
 test-amd64-i386-xl-winxpsp3   1 build-check(1)               blocked  n/a
 test-amd64-amd64-xl-qemut-win7-amd64 14 guest-stop             fail never pass
 test-amd64-amd64-xl-qemuu-winxpsp3 14 guest-stop               fail never pass
 test-amd64-amd64-xl-win7-amd64 14 guest-stop                   fail never pass
 test-amd64-i386-libvirt       9 guest-start           fail in 30110 never pass
 test-amd64-i386-xl-qemut-winxpsp3 14 guest-stop       fail in 30110 never pass
 test-amd64-i386-xl-qemuu-winxpsp3-vcpus1 14 guest-stop fail in 30110 never pass
 test-amd64-i386-xl-qemuu-winxpsp3 14 guest-stop       fail in 30110 never pass
 test-amd64-i386-xl-win7-amd64 14 guest-stop           fail in 30110 never pass
 test-amd64-i386-xl-qemut-win7-amd64 14 guest-stop     fail in 30110 never pass
 test-amd64-i386-xl-winxpsp3-vcpus1 14 guest-stop      fail in 30110 never pass
 test-amd64-i386-xl-qemuu-win7-amd64 14 guest-stop     fail in 30110 never pass
 test-amd64-i386-xl-winxpsp3  14 guest-stop            fail in 30110 never pass
 test-amd64-amd64-xl-pcipt-intel  9 guest-start        fail in 30106 never pass
 test-amd64-i386-xl-qemut-winxpsp3-vcpus1 14 guest-stop fail in 30106 never pass

version targeted for testing:
 xen                  c33fe5459732fc85c2c279c5e8ed316b8601c58c
baseline version:
 xen                  c33fe5459732fc85c2c279c5e8ed316b8601c58c

jobs:
 build-amd64                                                  pass    
 build-armhf                                                  pass    
 build-i386                                                   broken  
 build-amd64-libvirt                                          pass    
 build-armhf-libvirt                                          pass    
 build-i386-libvirt                                           blocked 
 build-amd64-oldkern                                          pass    
 build-i386-oldkern                                           broken  
 build-amd64-pvops                                            pass    
 build-armhf-pvops                                            pass    
 build-i386-pvops                                             pass    
 build-amd64-rumpuserxen                                      pass    
 build-i386-rumpuserxen                                       blocked 
 test-amd64-amd64-xl                                          pass    
 test-armhf-armhf-xl                                          pass    
 test-amd64-i386-xl                                           blocked 
 test-amd64-i386-rhel6hvm-amd                                 blocked 
 test-amd64-i386-qemut-rhel6hvm-amd                           blocked 
 test-amd64-i386-qemuu-rhel6hvm-amd                           blocked 
 test-amd64-amd64-xl-qemut-debianhvm-amd64                    pass    
 test-amd64-i386-xl-qemut-debianhvm-amd64                     blocked 
 test-amd64-amd64-xl-qemuu-debianhvm-amd64                    pass    
 test-amd64-i386-xl-qemuu-debianhvm-amd64                     blocked 
 test-amd64-i386-freebsd10-amd64                              blocked 
 test-amd64-amd64-xl-qemuu-ovmf-amd64                         pass    
 test-amd64-i386-xl-qemuu-ovmf-amd64                          blocked 
 test-amd64-amd64-rumpuserxen-amd64                           broken  
 test-amd64-amd64-xl-qemut-win7-amd64                         fail    
 test-amd64-i386-xl-qemut-win7-amd64                          blocked 
 test-amd64-amd64-xl-qemuu-win7-amd64                         fail    
 test-amd64-i386-xl-qemuu-win7-amd64                          blocked 
 test-amd64-amd64-xl-win7-amd64                               fail    
 test-amd64-i386-xl-win7-amd64                                blocked 
 test-amd64-i386-xl-credit2                                   blocked 
 test-amd64-i386-freebsd10-i386                               blocked 
 test-amd64-i386-rumpuserxen-i386                             blocked 
 test-amd64-amd64-xl-pcipt-intel                              broken  
 test-amd64-i386-rhel6hvm-intel                               blocked 
 test-amd64-i386-qemut-rhel6hvm-intel                         blocked 
 test-amd64-i386-qemuu-rhel6hvm-intel                         blocked 
 test-amd64-amd64-libvirt                                     fail    
 test-armhf-armhf-libvirt                                     fail    
 test-amd64-i386-libvirt                                      blocked 
 test-amd64-i386-xl-multivcpu                                 blocked 
 test-amd64-amd64-pair                                        pass    
 test-amd64-i386-pair                                         blocked 
 test-amd64-amd64-xl-sedf-pin                                 pass    
 test-amd64-amd64-xl-sedf                                     broken  
 test-amd64-i386-xl-qemut-winxpsp3-vcpus1                     blocked 
 test-amd64-i386-xl-qemuu-winxpsp3-vcpus1                     blocked 
 test-amd64-i386-xl-winxpsp3-vcpus1                           blocked 
 test-amd64-amd64-xl-qemut-winxpsp3                           fail    
 test-amd64-i386-xl-qemut-winxpsp3                            blocked 
 test-amd64-amd64-xl-qemuu-winxpsp3                           fail    
 test-amd64-i386-xl-qemuu-winxpsp3                            blocked 
 test-amd64-amd64-xl-winxpsp3                                 fail    
 test-amd64-i386-xl-winxpsp3                                  blocked 


------------------------------------------------------------
sg-report-flight on osstest.cam.xci-test.com
logs: /home/xc_osstest/logs
images: /home/xc_osstest/images

Logs, config files, etc. are available at
    http://www.chiark.greenend.org.uk/~xensrcts/logs

Test harness code can be found at
    http://xenbits.xensource.com/gitweb?p=osstest.git;a=summary


Published tested tree is already up to date.

^ permalink raw reply	[flat|nested] only message in thread

only message in thread, other threads:[~2014-09-05  8:09 UTC | newest]

Thread overview: (only message) (download: mbox.gz follow: Atom feed
-- links below jump to the message on this page --
2014-09-05  8:09 [xen-unstable test] 30114: trouble: blocked/broken/fail/pass xen.org

This is a public inbox, see mirroring instructions
for how to clone and mirror all data and code used for this inbox;
as well as URLs for NNTP newsgroup(s).