From: xen.org <Ian.Jackson@eu.citrix.com>
To: xen-devel@lists.xensource.com
Cc: ian.jackson@eu.citrix.com
Subject: [libvirt test] 30117: trouble: blocked/broken/fail/pass
Date: Fri, 5 Sep 2014 15:36:41 +0100 [thread overview]
Message-ID: <osstest-30117-mainreport@xen.org> (raw)
flight 30117 libvirt real [real]
http://www.chiark.greenend.org.uk/~xensrcts/logs/30117/
Failures and problems with tests :-(
Tests which did not succeed and are blocking,
including tests which could not be run:
build-i386-libvirt 3 host-install(3) broken REGR. vs. 30105
Tests which did not succeed, but are not blocking:
test-amd64-i386-libvirt 1 build-check(1) blocked n/a
test-armhf-armhf-libvirt 9 guest-start fail never pass
test-amd64-amd64-libvirt 9 guest-start fail never pass
version targeted for testing:
libvirt cefe0ba3db92b50068f5098691b95c8da6cf4428
baseline version:
libvirt 5bb47e0ca7a70f25da67a8a19e99f5d732d7cdf8
------------------------------------------------------------
People who touched revisions under test:
Chen Hanxiao <chenhanxiao@cn.fujitsu.com>
Eric Blake <eblake@redhat.com>
Felix Geyer <debfx@fobos.de>
Giuseppe Scrivano <gscrivan@redhat.com>
Michal Privoznik <mprivozn@redhat.com>
------------------------------------------------------------
jobs:
build-amd64 pass
build-armhf pass
build-i386 pass
build-amd64-libvirt pass
build-armhf-libvirt pass
build-i386-libvirt broken
build-amd64-pvops pass
build-armhf-pvops pass
build-i386-pvops pass
test-amd64-amd64-libvirt fail
test-armhf-armhf-libvirt fail
test-amd64-i386-libvirt blocked
------------------------------------------------------------
sg-report-flight on osstest.cam.xci-test.com
logs: /home/xc_osstest/logs
images: /home/xc_osstest/images
Logs, config files, etc. are available at
http://www.chiark.greenend.org.uk/~xensrcts/logs
Test harness code can be found at
http://xenbits.xensource.com/gitweb?p=osstest.git;a=summary
Not pushing.
(No revision log; it would be 348 lines long.)
reply other threads:[~2014-09-05 14:36 UTC|newest]
Thread overview: [no followups] expand[flat|nested] mbox.gz Atom feed
Reply instructions:
You may reply publicly to this message via plain-text email
using any one of the following methods:
* Save the following mbox file, import it into your mail client,
and reply-to-all from there: mbox
Avoid top-posting and favor interleaved quoting:
https://en.wikipedia.org/wiki/Posting_style#Interleaved_style
* Reply using the --to, --cc, and --in-reply-to
switches of git-send-email(1):
git send-email \
--in-reply-to=osstest-30117-mainreport@xen.org \
--to=ian.jackson@eu.citrix.com \
--cc=xen-devel@lists.xensource.com \
/path/to/YOUR_REPLY
https://kernel.org/pub/software/scm/git/docs/git-send-email.html
* If your mail client supports setting the In-Reply-To header
via mailto: links, try the mailto: link
Be sure your reply has a Subject: header at the top and a blank line
before the message body.
This is a public inbox, see mirroring instructions
for how to clone and mirror all data and code used for this inbox;
as well as URLs for NNTP newsgroup(s).