From mboxrd@z Thu Jan 1 00:00:00 1970 From: xen.org Subject: [libvirt test] 30117: trouble: blocked/broken/fail/pass Date: Fri, 5 Sep 2014 15:36:41 +0100 Message-ID: Mime-Version: 1.0 Content-Type: text/plain; charset="us-ascii" Content-Transfer-Encoding: 7bit Return-path: List-Unsubscribe: , List-Post: List-Help: List-Subscribe: , Sender: xen-devel-bounces@lists.xen.org Errors-To: xen-devel-bounces@lists.xen.org To: xen-devel@lists.xensource.com Cc: ian.jackson@eu.citrix.com List-Id: xen-devel@lists.xenproject.org flight 30117 libvirt real [real] http://www.chiark.greenend.org.uk/~xensrcts/logs/30117/ Failures and problems with tests :-( Tests which did not succeed and are blocking, including tests which could not be run: build-i386-libvirt 3 host-install(3) broken REGR. vs. 30105 Tests which did not succeed, but are not blocking: test-amd64-i386-libvirt 1 build-check(1) blocked n/a test-armhf-armhf-libvirt 9 guest-start fail never pass test-amd64-amd64-libvirt 9 guest-start fail never pass version targeted for testing: libvirt cefe0ba3db92b50068f5098691b95c8da6cf4428 baseline version: libvirt 5bb47e0ca7a70f25da67a8a19e99f5d732d7cdf8 ------------------------------------------------------------ People who touched revisions under test: Chen Hanxiao Eric Blake Felix Geyer Giuseppe Scrivano Michal Privoznik ------------------------------------------------------------ jobs: build-amd64 pass build-armhf pass build-i386 pass build-amd64-libvirt pass build-armhf-libvirt pass build-i386-libvirt broken build-amd64-pvops pass build-armhf-pvops pass build-i386-pvops pass test-amd64-amd64-libvirt fail test-armhf-armhf-libvirt fail test-amd64-i386-libvirt blocked ------------------------------------------------------------ sg-report-flight on osstest.cam.xci-test.com logs: /home/xc_osstest/logs images: /home/xc_osstest/images Logs, config files, etc. are available at http://www.chiark.greenend.org.uk/~xensrcts/logs Test harness code can be found at http://xenbits.xensource.com/gitweb?p=osstest.git;a=summary Not pushing. (No revision log; it would be 348 lines long.)