From mboxrd@z Thu Jan 1 00:00:00 1970 From: xen.org Subject: [qemu-mainline test] 30118: trouble: blocked/broken/fail/pass Date: Fri, 5 Sep 2014 14:28:36 +0100 Message-ID: Mime-Version: 1.0 Content-Type: text/plain; charset="us-ascii" Content-Transfer-Encoding: 7bit Return-path: List-Unsubscribe: , List-Post: List-Help: List-Subscribe: , Sender: xen-devel-bounces@lists.xen.org Errors-To: xen-devel-bounces@lists.xen.org To: xen-devel@lists.xensource.com Cc: ian.jackson@eu.citrix.com List-Id: xen-devel@lists.xenproject.org flight 30118 qemu-mainline real [real] http://www.chiark.greenend.org.uk/~xensrcts/logs/30118/ Failures and problems with tests :-( Tests which did not succeed and are blocking, including tests which could not be run: build-i386 3 host-install(3) broken REGR. vs. 30092 build-i386-pvops 3 host-install(3) broken REGR. vs. 30092 test-amd64-amd64-xl-qemuu-winxpsp3 3 host-install(3) broken REGR. vs. 30092 Regressions which are regarded as allowable (not blocking): test-amd64-amd64-xl-pcipt-intel 3 host-install(3) broken REGR. vs. 30092 test-amd64-amd64-xl-sedf-pin 3 host-install(3) broken REGR. vs. 30092 Tests which did not succeed, but are not blocking: test-amd64-amd64-libvirt 9 guest-start fail never pass test-amd64-i386-qemut-rhel6hvm-intel 1 build-check(1) blocked n/a test-armhf-armhf-xl 10 migrate-support-check fail never pass test-amd64-i386-xl-credit2 1 build-check(1) blocked n/a test-armhf-armhf-libvirt 9 guest-start fail never pass test-amd64-i386-qemut-rhel6hvm-amd 1 build-check(1) blocked n/a test-amd64-i386-libvirt 1 build-check(1) blocked n/a test-amd64-i386-qemuu-rhel6hvm-amd 1 build-check(1) blocked n/a build-i386-libvirt 1 build-check(1) blocked n/a test-amd64-i386-freebsd10-i386 1 build-check(1) blocked n/a test-amd64-i386-freebsd10-amd64 1 build-check(1) blocked n/a test-amd64-i386-xl-multivcpu 1 build-check(1) blocked n/a test-amd64-amd64-xl-winxpsp3 14 guest-stop fail never pass test-amd64-i386-xl-qemuu-winxpsp3-vcpus1 1 build-check(1) blocked n/a test-amd64-i386-xl-qemut-winxpsp3-vcpus1 1 build-check(1) blocked n/a test-amd64-amd64-xl-qemut-winxpsp3 14 guest-stop fail never pass test-amd64-i386-xl-qemuu-ovmf-amd64 1 build-check(1) blocked n/a test-amd64-i386-rhel6hvm-amd 1 build-check(1) blocked n/a test-amd64-i386-pair 1 build-check(1) blocked n/a test-amd64-i386-rhel6hvm-intel 1 build-check(1) blocked n/a test-amd64-i386-xl-qemut-debianhvm-amd64 1 build-check(1) blocked n/a test-amd64-i386-xl 1 build-check(1) blocked n/a test-amd64-i386-xl-qemut-winxpsp3 1 build-check(1) blocked n/a test-amd64-i386-qemuu-rhel6hvm-intel 1 build-check(1) blocked n/a test-amd64-amd64-xl-qemuu-win7-amd64 14 guest-stop fail never pass test-amd64-amd64-xl-qemut-win7-amd64 14 guest-stop fail never pass test-amd64-i386-xl-qemuu-debianhvm-amd64 1 build-check(1) blocked n/a test-amd64-i386-xl-winxpsp3-vcpus1 1 build-check(1) blocked n/a test-amd64-i386-xl-qemut-win7-amd64 1 build-check(1) blocked n/a test-amd64-amd64-xl-win7-amd64 14 guest-stop fail never pass test-amd64-i386-xl-win7-amd64 1 build-check(1) blocked n/a test-amd64-i386-xl-winxpsp3 1 build-check(1) blocked n/a test-amd64-i386-xl-qemuu-win7-amd64 1 build-check(1) blocked n/a test-amd64-i386-xl-qemuu-winxpsp3 1 build-check(1) blocked n/a version targeted for testing: qemuu bbb6a1e872a6f0d6c43913726b2229c0cbdd3220 baseline version: qemuu 30eaca3acdf17d7bcbd1213eb149c02037edfb0b ------------------------------------------------------------ People who touched revisions under test: Andrey Korolyov Aneesh Kumar K.V Bastian Blank Chen Fan Dmitry Fleytman Fam Zheng Gonglei huangzhichao Jason Wang Knut Omang Le Tan Li Liu Michael S. Tsirkin Michael Tokarev Paolo Bonzini Peter Maydell Richard W.M. Jones Stefan Hajnoczi William Dauchy William Dauchy zhanghailiang ------------------------------------------------------------ jobs: build-amd64 pass build-armhf pass build-i386 broken build-amd64-libvirt pass build-armhf-libvirt pass build-i386-libvirt blocked build-amd64-pvops pass build-armhf-pvops pass build-i386-pvops broken test-amd64-amd64-xl pass test-armhf-armhf-xl pass test-amd64-i386-xl blocked test-amd64-i386-rhel6hvm-amd blocked test-amd64-i386-qemut-rhel6hvm-amd blocked test-amd64-i386-qemuu-rhel6hvm-amd blocked test-amd64-amd64-xl-qemut-debianhvm-amd64 pass test-amd64-i386-xl-qemut-debianhvm-amd64 blocked test-amd64-amd64-xl-qemuu-debianhvm-amd64 pass test-amd64-i386-xl-qemuu-debianhvm-amd64 blocked test-amd64-i386-freebsd10-amd64 blocked test-amd64-amd64-xl-qemuu-ovmf-amd64 pass test-amd64-i386-xl-qemuu-ovmf-amd64 blocked test-amd64-amd64-xl-qemut-win7-amd64 fail test-amd64-i386-xl-qemut-win7-amd64 blocked test-amd64-amd64-xl-qemuu-win7-amd64 fail test-amd64-i386-xl-qemuu-win7-amd64 blocked test-amd64-amd64-xl-win7-amd64 fail test-amd64-i386-xl-win7-amd64 blocked test-amd64-i386-xl-credit2 blocked test-amd64-i386-freebsd10-i386 blocked test-amd64-amd64-xl-pcipt-intel broken test-amd64-i386-rhel6hvm-intel blocked test-amd64-i386-qemut-rhel6hvm-intel blocked test-amd64-i386-qemuu-rhel6hvm-intel blocked test-amd64-amd64-libvirt fail test-armhf-armhf-libvirt fail test-amd64-i386-libvirt blocked test-amd64-i386-xl-multivcpu blocked test-amd64-amd64-pair pass test-amd64-i386-pair blocked test-amd64-amd64-xl-sedf-pin broken test-amd64-amd64-xl-sedf pass test-amd64-i386-xl-qemut-winxpsp3-vcpus1 blocked test-amd64-i386-xl-qemuu-winxpsp3-vcpus1 blocked test-amd64-i386-xl-winxpsp3-vcpus1 blocked test-amd64-amd64-xl-qemut-winxpsp3 fail test-amd64-i386-xl-qemut-winxpsp3 blocked test-amd64-amd64-xl-qemuu-winxpsp3 broken test-amd64-i386-xl-qemuu-winxpsp3 blocked test-amd64-amd64-xl-winxpsp3 fail test-amd64-i386-xl-winxpsp3 blocked ------------------------------------------------------------ sg-report-flight on osstest.cam.xci-test.com logs: /home/xc_osstest/logs images: /home/xc_osstest/images Logs, config files, etc. are available at http://www.chiark.greenend.org.uk/~xensrcts/logs Test harness code can be found at http://xenbits.xensource.com/gitweb?p=osstest.git;a=summary Not pushing. (No revision log; it would be 768 lines long.)