* [linux-3.10 test] 30122: regressions - trouble: broken/fail/pass
@ 2014-09-05 21:28 xen.org
0 siblings, 0 replies; only message in thread
From: xen.org @ 2014-09-05 21:28 UTC (permalink / raw)
To: xen-devel; +Cc: ian.jackson
flight 30122 linux-3.10 real [real]
http://www.chiark.greenend.org.uk/~xensrcts/logs/30122/
Regressions :-(
Tests which did not succeed and are blocking,
including tests which could not be run:
test-amd64-amd64-xl-qemut-winxpsp3 7 windows-install fail REGR. vs. 26303
Tests which are failing intermittently (not blocking):
test-amd64-amd64-xl 3 host-install(3) broken pass in 30108
test-amd64-i386-pair 3 host-install/src_host(3) broken pass in 30103
test-amd64-amd64-xl-pcipt-intel 3 host-install(3) broken in 30108 pass in 30122
test-amd64-i386-freebsd10-i386 3 host-install(3) broken in 30108 pass in 30122
test-amd64-i386-freebsd10-amd64 10 guest-saverestore fail in 30108 pass in 30122
test-amd64-i386-xl-qemut-winxpsp3 3 host-install(3) broken in 30108 pass in 30122
test-amd64-amd64-xl-qemuu-ovmf-amd64 3 host-install(3) broken in 30108 pass in 30122
test-amd64-amd64-xl-sedf-pin 13 guest-saverestore.2 fail in 30103 pass in 30122
Regressions which are regarded as allowable (not blocking):
test-amd64-i386-rumpuserxen-i386 3 host-install(3) broken blocked in 26303
test-amd64-amd64-rumpuserxen-amd64 3 host-install(3) broken blocked in 26303
test-amd64-amd64-xl-winxpsp3 7 windows-install fail like 26303
test-amd64-i386-xl-qemut-debianhvm-amd64 3 host-install(3) broken in 30108 blocked in 26303
test-amd64-amd64-xl-qemuu-debianhvm-amd64 3 host-install(3) broken in 30108 blocked in 26303
test-amd64-i386-pair 17 guest-migrate/src_host/dst_host fail in 30103 like 26303
Tests which did not succeed, but are not blocking:
test-amd64-i386-libvirt 9 guest-start fail never pass
test-amd64-amd64-libvirt 9 guest-start fail never pass
test-amd64-amd64-xl-pcipt-intel 9 guest-start fail never pass
test-amd64-i386-xl-qemut-win7-amd64 14 guest-stop fail never pass
test-armhf-armhf-libvirt 5 xen-boot fail never pass
test-armhf-armhf-xl 5 xen-boot fail never pass
test-amd64-i386-xl-qemuu-winxpsp3-vcpus1 14 guest-stop fail never pass
test-amd64-i386-xl-winxpsp3-vcpus1 14 guest-stop fail never pass
test-amd64-amd64-xl-qemuu-winxpsp3 14 guest-stop fail never pass
test-amd64-i386-xl-winxpsp3 14 guest-stop fail never pass
test-amd64-i386-xl-win7-amd64 14 guest-stop fail never pass
test-amd64-amd64-xl-qemut-win7-amd64 14 guest-stop fail never pass
test-amd64-i386-xl-qemut-winxpsp3 14 guest-stop fail never pass
test-amd64-amd64-xl-win7-amd64 14 guest-stop fail never pass
test-amd64-i386-xl-qemut-winxpsp3-vcpus1 14 guest-stop fail never pass
test-amd64-amd64-xl-qemuu-win7-amd64 14 guest-stop fail never pass
test-amd64-i386-xl-qemuu-win7-amd64 14 guest-stop fail never pass
test-amd64-i386-xl-qemuu-winxpsp3 14 guest-stop fail never pass
version targeted for testing:
linux 7f363d2d04aa06a58619ffb5f22a84ae4f362c17
baseline version:
linux be67db109090b17b56eb8eb2190cd70700f107aa
------------------------------------------------------------
519 people touched revisions under test,
not listing them all
------------------------------------------------------------
jobs:
build-amd64 pass
build-armhf pass
build-i386 pass
build-amd64-libvirt pass
build-armhf-libvirt pass
build-i386-libvirt pass
build-amd64-pvops pass
build-armhf-pvops pass
build-i386-pvops pass
build-amd64-rumpuserxen pass
build-i386-rumpuserxen pass
test-amd64-amd64-xl broken
test-armhf-armhf-xl fail
test-amd64-i386-xl pass
test-amd64-i386-rhel6hvm-amd pass
test-amd64-i386-qemut-rhel6hvm-amd pass
test-amd64-i386-qemuu-rhel6hvm-amd pass
test-amd64-amd64-xl-qemut-debianhvm-amd64 pass
test-amd64-i386-xl-qemut-debianhvm-amd64 pass
test-amd64-amd64-xl-qemuu-debianhvm-amd64 pass
test-amd64-i386-xl-qemuu-debianhvm-amd64 pass
test-amd64-i386-freebsd10-amd64 pass
test-amd64-amd64-xl-qemuu-ovmf-amd64 pass
test-amd64-i386-xl-qemuu-ovmf-amd64 pass
test-amd64-amd64-rumpuserxen-amd64 broken
test-amd64-amd64-xl-qemut-win7-amd64 fail
test-amd64-i386-xl-qemut-win7-amd64 fail
test-amd64-amd64-xl-qemuu-win7-amd64 fail
test-amd64-i386-xl-qemuu-win7-amd64 fail
test-amd64-amd64-xl-win7-amd64 fail
test-amd64-i386-xl-win7-amd64 fail
test-amd64-i386-xl-credit2 pass
test-amd64-i386-freebsd10-i386 pass
test-amd64-i386-rumpuserxen-i386 broken
test-amd64-amd64-xl-pcipt-intel fail
test-amd64-i386-rhel6hvm-intel pass
test-amd64-i386-qemut-rhel6hvm-intel pass
test-amd64-i386-qemuu-rhel6hvm-intel pass
test-amd64-amd64-libvirt fail
test-armhf-armhf-libvirt fail
test-amd64-i386-libvirt fail
test-amd64-i386-xl-multivcpu pass
test-amd64-amd64-pair pass
test-amd64-i386-pair broken
test-amd64-amd64-xl-sedf-pin pass
test-amd64-amd64-xl-sedf pass
test-amd64-i386-xl-qemut-winxpsp3-vcpus1 fail
test-amd64-i386-xl-qemuu-winxpsp3-vcpus1 fail
test-amd64-i386-xl-winxpsp3-vcpus1 fail
test-amd64-amd64-xl-qemut-winxpsp3 fail
test-amd64-i386-xl-qemut-winxpsp3 fail
test-amd64-amd64-xl-qemuu-winxpsp3 fail
test-amd64-i386-xl-qemuu-winxpsp3 fail
test-amd64-amd64-xl-winxpsp3 fail
test-amd64-i386-xl-winxpsp3 fail
------------------------------------------------------------
sg-report-flight on osstest.cam.xci-test.com
logs: /home/xc_osstest/logs
images: /home/xc_osstest/images
Logs, config files, etc. are available at
http://www.chiark.greenend.org.uk/~xensrcts/logs
Test harness code can be found at
http://xenbits.xensource.com/gitweb?p=osstest.git;a=summary
Not pushing.
(No revision log; it would be 17896 lines long.)
^ permalink raw reply [flat|nested] only message in thread
only message in thread, other threads:[~2014-09-05 21:28 UTC | newest]
Thread overview: (only message) (download: mbox.gz follow: Atom feed
-- links below jump to the message on this page --
2014-09-05 21:28 [linux-3.10 test] 30122: regressions - trouble: broken/fail/pass xen.org
This is a public inbox, see mirroring instructions
for how to clone and mirror all data and code used for this inbox;
as well as URLs for NNTP newsgroup(s).