xen-devel.lists.xenproject.org archive mirror
 help / color / mirror / Atom feed
* [linux-3.14 test] 30128: tolerable FAIL - PUSHED
@ 2014-09-06  8:36 xen.org
  0 siblings, 0 replies; only message in thread
From: xen.org @ 2014-09-06  8:36 UTC (permalink / raw)
  To: xen-devel; +Cc: ian.jackson

[-- Attachment #1: Type: text/plain, Size: 16438 bytes --]

flight 30128 linux-3.14 real [real]
http://www.chiark.greenend.org.uk/~xensrcts/logs/30128/

Failures :-/ but no regressions.

Regressions which are regarded as allowable (not blocking):
 test-amd64-i386-pair        17 guest-migrate/src_host/dst_host fail like 30069

Tests which did not succeed, but are not blocking:
 test-armhf-armhf-libvirt      9 guest-start                  fail   never pass
 test-armhf-armhf-xl          10 migrate-support-check        fail   never pass
 test-amd64-i386-libvirt       9 guest-start                  fail   never pass
 test-amd64-amd64-xl-pcipt-intel  9 guest-start                 fail never pass
 test-amd64-amd64-libvirt      9 guest-start                  fail   never pass
 test-amd64-amd64-xl-qemut-win7-amd64 14 guest-stop             fail never pass
 test-amd64-amd64-xl-winxpsp3 14 guest-stop                   fail   never pass
 test-amd64-amd64-xl-qemut-winxpsp3 14 guest-stop               fail never pass
 test-amd64-i386-xl-qemut-win7-amd64 14 guest-stop              fail never pass
 test-amd64-i386-xl-qemuu-win7-amd64 14 guest-stop              fail never pass
 test-amd64-i386-xl-qemuu-winxpsp3 14 guest-stop                fail never pass
 test-amd64-i386-xl-winxpsp3  14 guest-stop                   fail   never pass
 test-amd64-amd64-xl-qemuu-winxpsp3 14 guest-stop               fail never pass
 test-amd64-i386-xl-qemut-winxpsp3 14 guest-stop                fail never pass
 test-amd64-i386-xl-qemut-winxpsp3-vcpus1 14 guest-stop         fail never pass
 test-amd64-i386-xl-qemuu-winxpsp3-vcpus1 14 guest-stop         fail never pass
 test-amd64-amd64-xl-qemuu-win7-amd64 14 guest-stop             fail never pass
 test-amd64-i386-xl-winxpsp3-vcpus1 14 guest-stop               fail never pass
 test-amd64-amd64-xl-win7-amd64 14 guest-stop                   fail never pass
 test-amd64-i386-xl-win7-amd64 14 guest-stop                   fail  never pass

version targeted for testing:
 linux                8e952ae717dea59aa8104421dc4d3b9e66981c7d
baseline version:
 linux                946de0e6b6ed49eacb03e3cddfcb1d774d6378ed

------------------------------------------------------------
People who touched revisions under test:
  "Theodore Ts'o" <tytso@mit.edu>
  Alan Cox <alan@linux.intel.com>
  Alan Stern <stern@rowland.harvard.edu>
  Aleksei Besogonov <alex.besogonov@gmail.com>
  Alex Deucher <alexander.deucher@amd.com>
  Alex Williamson <alex.williamson@redhat.com>
  Alexander Usyskin <alexander.usyskin@intel.com>
  Alvin (Weike) Chen <alvin.chen@intel.com>
  Andrew Morton <akpm@linux-foundation.org>
  Andrey Utkin <andrey.krieger.utkin@gmail.com>
  Andy Lutomirski <luto@amacapital.net>
  Arnd Bergmann <arnd@arndb.de>
  Axel Lin <axel.lin@ingics.com>
  Baruch Siach <baruch@tkos.co.il>
  Benjamin Herrenschmidt <benh@kernel.crashing.org>
  Bjorn Helgaas <bhelgaas@google.com>
  Brian W Hart <hartb@linux.vnet.ibm.com>
  Brian W. Hart <hartb@linux.vnet.ibm.com>
  Bruno Prémont <bonbons@linux-vserver.org>
  Bryan O'Donoghue <bryan.odonoghue@intel.com>
  Chris Mason <clm@fb.com>
  Christoph Hellwig <hch@lst.de>
  Christoph Schulz <develop@kristov.de>
  Chuck Lever <chuck.lever@oracle.com>
  Clemens Ladisch <clemens@ladisch.de>
  corubba <corubba@gmx.de>
  Daniel Bristot de Oliveira <bristot@redhat.com>
  Darrick J. Wong <darrick.wong@oracle.com>
  Dave Airlie <airlied@redhat.com>
  Dave Chiluk <chiluk@canonical.com>
  David Henningsson <david.henningsson@canonical.com>
  David Vrabel <david.vrabel@citrix.com>
  Dmitry Monakhov <dmonakhov@openvz.org>
  Felipe Reyes <freyes@suse.com>
  Filipe Manana <fdmanana@suse.com>
  Francesco Muzio <muziofg@gmail.com>
  Frans Klaver <frans.klaver@xsens.com>
  Franz Hsieh <franz.hsieh@canonical.com>
  Greg Kroah-Hartman <gregkh@linuxfoundation.org>
  Guenter Roeck <linux@roeck-us.net>
  H. Peter Anvin <hpa@linux.intel.com>
  Hans de Goede <hdegoede@redhat.com>
  Herbert Xu <herbert@gondor.apana.org.au>
  Holger Paradies <retabell@gmx.de>
  Huang Rui <ray.huang@amd.com>
  Hui Wang <hui.wang@canonical.com>
  Ingo Molnar <mingo@kernel.org>
  J. Bruce Fields <bfields@redhat.com>
  James Forshaw <forshaw@google.com>
  Jan Kara <jack@suse.cz>
  Jason Gunthorpe <jgunthorpe@obsidianresearch.com>
  Jaša Bartelj <jasa.bartelj@gmail.com>
  Jeremy Vial <jvial@adeneo-embedded.com>
  Jiri Kosina <jkosina@suse.cz>
  Johan Hovold <johan@kernel.org>
  Kinglong Mee <kinglongmee@gmail.com>
  Larry Finger <Larry.Finger@lwfinger.net>
  Linus Torvalds <torvalds@linux-foundation.org>
  Liu Bo <bo.li.liu@oracle.com>
  Liu, RongrongX <rongrongx.liu@intel.com>
  Ludovic Desroches <ludovic.desroches@atmel.com>
  Mario <fugazzi99@gmail.com>
  Mark Einon <mark.einon@gmail.com>
  Martin Steigerwald <martin@lichtvoll.de>
  Mathias Nyman <mathias.nyman@linux.intel.com>
  Matt Fleming <matt.fleming@intel.com>
  Michael S. Tsirkin <mst@redhat.com>
  Michael Welling <mwelling@emacinc.com>
  Mukesh Rathor <mukesh.rathor@oracle.com>
  Nadav Amit <namit@cs.technion.ac.il>
  Nicolas Alt <n.alt@mytum.de>
  Oleg Nesterov <oleg@redhat.com>
  Oliver Neukum <oneukum@suse.de>
  Paolo Bonzini <pbonzini@redhat.com>
  Patrick Riphagen <patrick.riphagen@xsens.com>
  Paul S McSpadden <fisch602@gmail.com>
  Peter Chen <peter.chen@freescale.com>
  Peter Huewe <peterhuewe@gmx.de>
  Peter Hurley <peter@hurleysoftware.com>
  Peter Zijlstra <peterz@infradead.org>
  Pratyush Anand <pratyush.anand@st.com>
  Robert Resch <fli4l@robert.reschpara.de>
  Roger Quadros <rogerq@ti.com>
  Russell King <rmk+kernel@arm.linux.org.uk>
  Shriraj-Rai P <shriraj-rai.p@amd.com>
  Simone Gotti <simone.gotti@gmail.com>
  Stephen M. Cameron <scameron@beardog.cce.hp.com>
  Steven Rostedt <rostedt@goodmis.org>
  Suman Anna <s-anna@ti.com>
  Takashi Iwai <tiwai@suse.de>
  Theodore Ts'o <tytso@mit.edu>
  Tomas Winkler <tomas.winkler@intel.com>
  Tony Lindgren <tony@atomide.com>
  Trond Myklebust <trond.myklebust@primarydata.com>
  Tyrel Datwyler <tyreld@linux.vnet.ibm.com>
  Vidya Sagar <sagar.tv@gmail.com>
  Wanpeng Li <wanpeng.li@linux.intel.com>
  Wolfram Sang <wsa@the-dreams.de>
------------------------------------------------------------

jobs:
 build-amd64                                                  pass
 build-armhf                                                  pass
 build-i386                                                   pass
 build-amd64-libvirt                                          pass
 build-armhf-libvirt                                          pass
 build-i386-libvirt                                           pass
 build-amd64-pvops                                            pass
 build-armhf-pvops                                            pass
 build-i386-pvops                                             pass
 build-amd64-rumpuserxen                                      pass
 build-i386-rumpuserxen                                       pass
 test-amd64-amd64-xl                                          pass
 test-armhf-armhf-xl                                          pass
 test-amd64-i386-xl                                           pass
 test-amd64-i386-rhel6hvm-amd                                 pass
 test-amd64-i386-qemut-rhel6hvm-amd                           pass
 test-amd64-i386-qemuu-rhel6hvm-amd                           pass
 test-amd64-amd64-xl-qemut-debianhvm-amd64                    pass
 test-amd64-i386-xl-qemut-debianhvm-amd64                     pass
 test-amd64-amd64-xl-qemuu-debianhvm-amd64                    pass
 test-amd64-i386-xl-qemuu-debianhvm-amd64                     pass
 test-amd64-i386-freebsd10-amd64                              pass
 test-amd64-amd64-xl-qemuu-ovmf-amd64                         pass
 test-amd64-i386-xl-qemuu-ovmf-amd64                          pass
 test-amd64-amd64-rumpuserxen-amd64                           pass
 test-amd64-amd64-xl-qemut-win7-amd64                         fail
 test-amd64-i386-xl-qemut-win7-amd64                          fail
 test-amd64-amd64-xl-qemuu-win7-amd64                         fail
 test-amd64-i386-xl-qemuu-win7-amd64                          fail
 test-amd64-amd64-xl-win7-amd64                               fail
 test-amd64-i386-xl-win7-amd64                                fail
 test-amd64-i386-xl-credit2                                   pass
 test-amd64-i386-freebsd10-i386                               pass
 test-amd64-i386-rumpuserxen-i386                             pass
 test-amd64-amd64-xl-pcipt-intel                              fail
 test-amd64-i386-rhel6hvm-intel                               pass
 test-amd64-i386-qemut-rhel6hvm-intel                         pass
 test-amd64-i386-qemuu-rhel6hvm-intel                         pass
 test-amd64-amd64-libvirt                                     fail
 test-armhf-armhf-libvirt                                     fail
 test-amd64-i386-libvirt                                      fail
 test-amd64-i386-xl-multivcpu                                 pass
 test-amd64-amd64-pair                                        pass
 test-amd64-i386-pair                                         fail
 test-amd64-amd64-xl-sedf-pin                                 pass
 test-amd64-amd64-xl-sedf                                     pass
 test-amd64-i386-xl-qemut-winxpsp3-vcpus1                     fail
 test-amd64-i386-xl-qemuu-winxpsp3-vcpus1                     fail
 test-amd64-i386-xl-winxpsp3-vcpus1                           fail
 test-amd64-amd64-xl-qemut-winxpsp3                           fail
 test-amd64-i386-xl-qemut-winxpsp3                            fail
 test-amd64-amd64-xl-qemuu-winxpsp3                           fail
 test-amd64-i386-xl-qemuu-winxpsp3                            fail
 test-amd64-amd64-xl-winxpsp3                                 fail
 test-amd64-i386-xl-winxpsp3                                  fail


------------------------------------------------------------
sg-report-flight on osstest.cam.xci-test.com
logs: /home/xc_osstest/logs
images: /home/xc_osstest/images

Logs, config files, etc. are available at
    http://www.chiark.greenend.org.uk/~xensrcts/logs

Test harness code can be found at
    http://xenbits.xensource.com/gitweb?p=osstest.git;a=summary


Pushing revision :

+ branch=linux-3.14
+ revision=8e952ae717dea59aa8104421dc4d3b9e66981c7d
+ . cri-lock-repos
++ . cri-common
+++ . cri-getconfig
+++ umask 002
+++ getconfig Repos
+++ perl -e '
                use Osstest;
                readglobalconfig();
                print $c{"Repos"} or die $!;
        '
++ repos=/export/home/osstest/repos
++ repos_lock=/export/home/osstest/repos/lock
++ '[' x '!=' x/export/home/osstest/repos/lock ']'
++ OSSTEST_REPOS_LOCK_LOCKED=/export/home/osstest/repos/lock
++ exec with-lock-ex -w /export/home/osstest/repos/lock ./ap-push linux-3.14 8e952ae717dea59aa8104421dc4d3b9e66981c7d
+ branch=linux-3.14
+ revision=8e952ae717dea59aa8104421dc4d3b9e66981c7d
+ . cri-lock-repos
++ . cri-common
+++ . cri-getconfig
+++ umask 002
+++ getconfig Repos
+++ perl -e '
                use Osstest;
                readglobalconfig();
                print $c{"Repos"} or die $!;
        '
++ repos=/export/home/osstest/repos
++ repos_lock=/export/home/osstest/repos/lock
++ '[' x/export/home/osstest/repos/lock '!=' x/export/home/osstest/repos/lock ']'
+ . cri-common
++ . cri-getconfig
++ umask 002
+ select_xenbranch
+ case "$branch" in
+ tree=linux
+ xenbranch=xen-unstable
+ '[' xlinux = xlinux ']'
+ linuxbranch=linux-3.14
+ '[' x = x ']'
+ qemuubranch=qemu-upstream-unstable
+ : tested/2.6.39.x
+ . ap-common
++ : osstest@xenbits.xensource.com
++ : git://xenbits.xen.org/xen.git
++ : osstest@xenbits.xensource.com:/home/xen/git/xen.git
++ : git://xenbits.xen.org/staging/qemu-xen-unstable.git
++ : git://git.kernel.org
++ : git://git.kernel.org/pub/scm/linux/kernel/git
++ : git
++ : git://xenbits.xen.org/libvirt.git
++ : osstest@xenbits.xensource.com:/home/xen/git/libvirt.git
++ : git://xenbits.xen.org/libvirt.git
+++ besteffort_repo git://git.sv.gnu.org/gnulib.git
+++ local repo=git://git.sv.gnu.org/gnulib.git
+++ cached_repo git://git.sv.gnu.org/gnulib.git '[fetch=try]'
+++ local repo=git://git.sv.gnu.org/gnulib.git
+++ local 'options=[fetch=try]'
++++ getconfig GitCacheProxy
++++ perl -e '
                use Osstest;
                readglobalconfig();
                print $c{"GitCacheProxy"} or die $!;
        '
+++ local cache=git://drall.uk.xensource.com:9419/
+++ '[' xgit://drall.uk.xensource.com:9419/ '!=' x ']'
+++ echo 'git://drall.uk.xensource.com:9419/git://git.sv.gnu.org/gnulib.git%20[fetch=try]'
++ : 'git://drall.uk.xensource.com:9419/git://git.sv.gnu.org/gnulib.git%20[fetch=try]'
++ : git://xenbits.xen.org/rumpuser-xen.git
++ : git
++ : git://xenbits.xen.org/rumpuser-xen.git
++ : osstest@xenbits.xensource.com:/home/xen/git/rumpuser-xen.git
+++ besteffort_repo https://github.com/rumpkernel/rumpkernel-netbsd-src
+++ local repo=https://github.com/rumpkernel/rumpkernel-netbsd-src
+++ cached_repo https://github.com/rumpkernel/rumpkernel-netbsd-src '[fetch=try]'
+++ local repo=https://github.com/rumpkernel/rumpkernel-netbsd-src
+++ local 'options=[fetch=try]'
++++ getconfig GitCacheProxy
++++ perl -e '
                use Osstest;
                readglobalconfig();
                print $c{"GitCacheProxy"} or die $!;
        '
+++ local cache=git://drall.uk.xensource.com:9419/
+++ '[' xgit://drall.uk.xensource.com:9419/ '!=' x ']'
+++ echo 'git://drall.uk.xensource.com:9419/https://github.com/rumpkernel/rumpkernel-netbsd-src%20[fetch=try]'
++ : 'git://drall.uk.xensource.com:9419/https://github.com/rumpkernel/rumpkernel-netbsd-src%20[fetch=try]'
++ : git
++ : git://git.seabios.org/seabios.git
++ : osstest@xenbits.xensource.com:/home/xen/git/osstest/seabios.git
++ : git://xenbits.xen.org/osstest/seabios.git
++ : git://xenbits.xen.org/osstest/linux-firmware.git
++ : osstest@xenbits.xensource.com:/home/osstest/ext/linux-firmware.git
++ : git://git.kernel.org/pub/scm/linux/kernel/git/firmware/linux-firmware.git
++ : osstest@xenbits.xensource.com:/home/xen/git/linux-pvops.git
++ : git://xenbits.xen.org/linux-pvops.git
++ : tested/linux-3.4
++ : tested/linux-arm-xen
++ '[' xgit://git.kernel.org/pub/scm/linux/kernel/git/stable/linux-stable.git = x ']'
++ '[' xgit://git.kernel.org/pub/scm/linux/kernel/git/stable/linux-stable.git = x ']'
++ : git://git.kernel.org/pub/scm/linux/kernel/git/konrad/xen.git
++ : tested/2.6.39.x
++ : daily-cron.linux-3.14
++ : daily-cron.linux-3.14
++ : daily-cron.linux-3.14
++ : daily-cron.linux-3.14
++ : daily-cron.linux-3.14
++ : daily-cron.linux-3.14
++ : http://hg.uk.xensource.com/carbon/trunk/linux-2.6.27
++ : git://xenbits.xen.org/staging/qemu-upstream-unstable.git
++ : daily-cron.linux-3.14
++ : git://git.qemu.org/qemu.git
++ : git://xenbits.xen.org/osstest/qemu.git
++ : osstest@xenbits.xensource.com:/home/xen/git/osstest/qemu.git
++ : daily-cron.linux-3.14
+ TREE_LINUX=osstest@xenbits.xensource.com:/home/xen/git/linux-pvops.git
+ TREE_QEMU_MAINLINE=osstest@xenbits.xensource.com:/home/xen/git/osstest/qemu.git
+ TREE_QEMU_UPSTREAM=osstest@xenbits.xensource.com:/home/xen/git/qemu-upstream-unstable.git
+ TREE_XEN=osstest@xenbits.xensource.com:/home/xen/git/xen.git
+ TREE_LIBVIRT=osstest@xenbits.xensource.com:/home/xen/git/libvirt.git
+ TREE_RUMPUSERXEN=osstest@xenbits.xensource.com:/home/xen/git/rumpuser-xen.git
+ TREE_SEABIOS=osstest@xenbits.xensource.com:/home/xen/git/osstest/seabios.git
+ info_linux_tree linux-3.14
+ case $1 in
+ : git://git.kernel.org/pub/scm/linux/kernel/git/stable/linux-stable.git
+ : linux-3.14.y
+ : linux-3.14.y
+ : git
+ : git
+ : git://xenbits.xen.org/linux-pvops.git
+ : osstest@xenbits.xensource.com:/home/xen/git/linux-pvops.git
+ : tested/linux-3.14
+ : tested/linux-3.14
+ return 0
+ cd /export/home/osstest/repos/linux
+ git push osstest@xenbits.xensource.com:/home/xen/git/linux-pvops.git 8e952ae717dea59aa8104421dc4d3b9e66981c7d:tested/linux-3.14
To osstest@xenbits.xensource.com:/home/xen/git/linux-pvops.git
   946de0e..8e952ae  8e952ae717dea59aa8104421dc4d3b9e66981c7d -> tested/linux-3.14
+ exit 0


[-- Attachment #2: Type: text/plain, Size: 126 bytes --]

_______________________________________________
Xen-devel mailing list
Xen-devel@lists.xen.org
http://lists.xen.org/xen-devel

^ permalink raw reply	[flat|nested] only message in thread

only message in thread, other threads:[~2014-09-06  8:36 UTC | newest]

Thread overview: (only message) (download: mbox.gz follow: Atom feed
-- links below jump to the message on this page --
2014-09-06  8:36 [linux-3.14 test] 30128: tolerable FAIL - PUSHED xen.org

This is a public inbox, see mirroring instructions
for how to clone and mirror all data and code used for this inbox;
as well as URLs for NNTP newsgroup(s).