* [xen-unstable test] 30129: regressions - FAIL
@ 2014-09-06 15:01 xen.org
0 siblings, 0 replies; only message in thread
From: xen.org @ 2014-09-06 15:01 UTC (permalink / raw)
To: xen-devel; +Cc: ian.jackson
flight 30129 xen-unstable real [real]
http://www.chiark.greenend.org.uk/~xensrcts/logs/30129/
Regressions :-(
Tests which did not succeed and are blocking,
including tests which could not be run:
test-amd64-amd64-xl-qemuu-ovmf-amd64 13 guest-localmigrate/x10 fail REGR. vs. 30114
Tests which did not succeed, but are not blocking:
test-armhf-armhf-libvirt 9 guest-start fail never pass
test-armhf-armhf-xl 10 migrate-support-check fail never pass
test-amd64-i386-libvirt 9 guest-start fail never pass
test-amd64-amd64-libvirt 9 guest-start fail never pass
test-amd64-amd64-xl-pcipt-intel 9 guest-start fail never pass
test-amd64-i386-xl-qemut-winxpsp3 14 guest-stop fail never pass
test-amd64-i386-xl-qemuu-winxpsp3-vcpus1 14 guest-stop fail never pass
test-amd64-i386-xl-qemuu-winxpsp3 14 guest-stop fail never pass
test-amd64-i386-xl-qemut-winxpsp3-vcpus1 14 guest-stop fail never pass
test-amd64-amd64-xl-qemuu-win7-amd64 14 guest-stop fail never pass
test-amd64-i386-xl-win7-amd64 14 guest-stop fail never pass
test-amd64-i386-xl-qemut-win7-amd64 14 guest-stop fail never pass
test-amd64-amd64-xl-qemut-winxpsp3 14 guest-stop fail never pass
test-amd64-i386-xl-winxpsp3-vcpus1 14 guest-stop fail never pass
test-amd64-amd64-xl-winxpsp3 14 guest-stop fail never pass
test-amd64-i386-xl-qemuu-win7-amd64 14 guest-stop fail never pass
test-amd64-i386-xl-winxpsp3 14 guest-stop fail never pass
test-amd64-amd64-xl-qemut-win7-amd64 14 guest-stop fail never pass
test-amd64-amd64-xl-qemuu-winxpsp3 14 guest-stop fail never pass
test-amd64-amd64-xl-win7-amd64 14 guest-stop fail never pass
version targeted for testing:
xen 93d5f192d4903953baa8c2115534d23140236176
baseline version:
xen c33fe5459732fc85c2c279c5e8ed316b8601c58c
------------------------------------------------------------
People who touched revisions under test:
Daniel De Graaf <dgdegra@tycho.nsa.gov>
Elena Ufimtseva <ufimtseva@gmail.com>
Ian Campbell <ian.campbell@citrix.com>
Jan Beulich <jbeulich@suse.com>
Kevin Tian <kevint.tian@intel.com>
------------------------------------------------------------
jobs:
build-amd64 pass
build-armhf pass
build-i386 pass
build-amd64-libvirt pass
build-armhf-libvirt pass
build-i386-libvirt pass
build-amd64-oldkern pass
build-i386-oldkern pass
build-amd64-pvops pass
build-armhf-pvops pass
build-i386-pvops pass
build-amd64-rumpuserxen pass
build-i386-rumpuserxen pass
test-amd64-amd64-xl pass
test-armhf-armhf-xl pass
test-amd64-i386-xl pass
test-amd64-i386-rhel6hvm-amd pass
test-amd64-i386-qemut-rhel6hvm-amd pass
test-amd64-i386-qemuu-rhel6hvm-amd pass
test-amd64-amd64-xl-qemut-debianhvm-amd64 pass
test-amd64-i386-xl-qemut-debianhvm-amd64 pass
test-amd64-amd64-xl-qemuu-debianhvm-amd64 pass
test-amd64-i386-xl-qemuu-debianhvm-amd64 pass
test-amd64-i386-freebsd10-amd64 pass
test-amd64-amd64-xl-qemuu-ovmf-amd64 fail
test-amd64-i386-xl-qemuu-ovmf-amd64 pass
test-amd64-amd64-rumpuserxen-amd64 pass
test-amd64-amd64-xl-qemut-win7-amd64 fail
test-amd64-i386-xl-qemut-win7-amd64 fail
test-amd64-amd64-xl-qemuu-win7-amd64 fail
test-amd64-i386-xl-qemuu-win7-amd64 fail
test-amd64-amd64-xl-win7-amd64 fail
test-amd64-i386-xl-win7-amd64 fail
test-amd64-i386-xl-credit2 pass
test-amd64-i386-freebsd10-i386 pass
test-amd64-i386-rumpuserxen-i386 pass
test-amd64-amd64-xl-pcipt-intel fail
test-amd64-i386-rhel6hvm-intel pass
test-amd64-i386-qemut-rhel6hvm-intel pass
test-amd64-i386-qemuu-rhel6hvm-intel pass
test-amd64-amd64-libvirt fail
test-armhf-armhf-libvirt fail
test-amd64-i386-libvirt fail
test-amd64-i386-xl-multivcpu pass
test-amd64-amd64-pair pass
test-amd64-i386-pair pass
test-amd64-amd64-xl-sedf-pin pass
test-amd64-amd64-xl-sedf pass
test-amd64-i386-xl-qemut-winxpsp3-vcpus1 fail
test-amd64-i386-xl-qemuu-winxpsp3-vcpus1 fail
test-amd64-i386-xl-winxpsp3-vcpus1 fail
test-amd64-amd64-xl-qemut-winxpsp3 fail
test-amd64-i386-xl-qemut-winxpsp3 fail
test-amd64-amd64-xl-qemuu-winxpsp3 fail
test-amd64-i386-xl-qemuu-winxpsp3 fail
test-amd64-amd64-xl-winxpsp3 fail
test-amd64-i386-xl-winxpsp3 fail
------------------------------------------------------------
sg-report-flight on osstest.cam.xci-test.com
logs: /home/xc_osstest/logs
images: /home/xc_osstest/images
Logs, config files, etc. are available at
http://www.chiark.greenend.org.uk/~xensrcts/logs
Test harness code can be found at
http://xenbits.xensource.com/gitweb?p=osstest.git;a=summary
Not pushing.
------------------------------------------------------------
commit 93d5f192d4903953baa8c2115534d23140236176
Author: Jan Beulich <jbeulich@suse.com>
Date: Fri Sep 5 15:02:28 2014 +0200
vNUMA: fix build on ARM after commit 9695014966
The new domctl isn't really x86-specific.
Signed-off-by: Jan Beulich <jbeulich@suse.com>
Acked-by: Ian Campbell <ian.campbell@citrix.com>
Tested-by: Ian Campbell <ian.campbell@citrix.com>
Reviewed-by: Andrew Cooper <andrew.cooper3@citrix.com>
commit e6b6884ec577a59281e4953f27a2376363012151
Author: Elena Ufimtseva <ufimtseva@gmail.com>
Date: Fri Sep 5 11:02:22 2014 +0200
libxc: Introduce xc_domain_setvnuma to set vNUMA
With the introduction of the XEN_DOMCTL_setvnumainfo
in patch titled: "xen: vnuma topology and subop hypercalls"
we put in the plumbing here to use from the toolstack. The user
is allowed to call this multiple times if they wish so.
It will error out if the nr_vnodes or nr_vcpus is zero.
Signed-off-by: Elena Ufimtseva <ufimtseva@gmail.com>
Reviewed-by: Konrad Rzeszutek Wilk <konrad.wilk@oracle.com>
Acked-by: Ian Campbell <ian.campbell@citrix.com>
commit 40c7af684fc0bf89c7b643a5492b4abd920fba86
Author: Elena Ufimtseva <ufimtseva@gmail.com>
Date: Fri Sep 5 11:01:45 2014 +0200
xsm bits for vNUMA hypercalls
Define xsm_get_vnumainfo hypercall used for domain which
wish to receive vnuma topology. Add xsm hook for
XEN_DOMCTL_setvnumainfo. Also adds basic policies.
Signed-off-by: Elena Ufimtseva <ufimtseva@gmail.com>
Acked-by: Daniel De Graaf <dgdegra@tycho.nsa.gov>
commit 9695014966b57c5ca004c7ec3154e7e30bdb0800
Author: Elena Ufimtseva <ufimtseva@gmail.com>
Date: Fri Sep 5 11:00:57 2014 +0200
xen: vnuma topology and subop hypercalls
Define interface, structures and hypercalls for toolstack to
build vnuma topology and for guests that wish to retrieve it.
Two subop hypercalls introduced by patch:
XEN_DOMCTL_setvnumainfo to define vNUMA domain topology per domain
and XENMEM_get_vnumainfo to retrieve that topology by guest.
Signed-off-by: Elena Ufimtseva <ufimtseva@gmail.com>
Reviewed-by: Jan Beulich <jbeulich@suse.com>
commit f4b3c45a64bfc55130d52688c9694fac6a554309
Author: Jan Beulich <jbeulich@suse.com>
Date: Fri Sep 5 10:58:00 2014 +0200
x86: remove redundancy of MSR_P6_{PERFCTR,EVNTSEL} definitions
Not only did the EVNTSEL ones get defined twice, we can also easily
abstract out the numbers previously attached to them.
While at it also remove an unused Geode-related define.
Signed-off-by: Jan Beulich <jbeulich@suse.com>
Reviewed-by: Andrew Cooper <andrew.cooper3@citrix.com>
Acked-by: Kevin Tian <kevint.tian@intel.com>
(qemu changes not included)
^ permalink raw reply [flat|nested] only message in thread
only message in thread, other threads:[~2014-09-06 15:01 UTC | newest]
Thread overview: (only message) (download: mbox.gz follow: Atom feed
-- links below jump to the message on this page --
2014-09-06 15:01 [xen-unstable test] 30129: regressions - FAIL xen.org
This is a public inbox, see mirroring instructions
for how to clone and mirror all data and code used for this inbox;
as well as URLs for NNTP newsgroup(s).