From: xen.org <Ian.Jackson@eu.citrix.com>
To: xen-devel@lists.xensource.com
Cc: ian.jackson@eu.citrix.com
Subject: [linux-linus test] 30146: regressions - FAIL
Date: Sun, 7 Sep 2014 14:09:53 +0100 [thread overview]
Message-ID: <osstest-30146-mainreport@xen.org> (raw)
[-- Attachment #1: Type: text/plain, Size: 18419 bytes --]
flight 30146 linux-linus real [real]
http://www.chiark.greenend.org.uk/~xensrcts/logs/30146/
Regressions :-(
Tests which did not succeed and are blocking,
including tests which could not be run:
test-armhf-armhf-xl 9 guest-start fail REGR. vs. 30019
Regressions which are regarded as allowable (not blocking):
test-amd64-i386-freebsd10-i386 7 freebsd-install fail like 30019
test-amd64-i386-freebsd10-amd64 7 freebsd-install fail like 30019
test-amd64-i386-pair 17 guest-migrate/src_host/dst_host fail like 30019
test-amd64-amd64-xl-qemuu-winxpsp3 7 windows-install fail like 30019
Tests which did not succeed, but are not blocking:
test-armhf-armhf-libvirt 9 guest-start fail never pass
test-amd64-amd64-libvirt 9 guest-start fail never pass
test-amd64-i386-libvirt 9 guest-start fail never pass
test-amd64-amd64-xl-pcipt-intel 9 guest-start fail never pass
test-amd64-i386-xl-qemuu-winxpsp3-vcpus1 14 guest-stop fail never pass
test-amd64-amd64-xl-winxpsp3 14 guest-stop fail never pass
test-amd64-i386-xl-qemuu-winxpsp3 14 guest-stop fail never pass
test-amd64-amd64-xl-qemut-win7-amd64 14 guest-stop fail never pass
test-amd64-i386-xl-qemut-win7-amd64 14 guest-stop fail never pass
test-amd64-i386-xl-qemuu-win7-amd64 14 guest-stop fail never pass
test-amd64-i386-xl-win7-amd64 14 guest-stop fail never pass
test-amd64-amd64-xl-win7-amd64 14 guest-stop fail never pass
test-amd64-amd64-xl-qemut-winxpsp3 14 guest-stop fail never pass
test-amd64-i386-xl-qemut-winxpsp3-vcpus1 14 guest-stop fail never pass
test-amd64-i386-xl-winxpsp3-vcpus1 14 guest-stop fail never pass
test-amd64-i386-xl-qemut-winxpsp3 14 guest-stop fail never pass
test-amd64-i386-xl-winxpsp3 14 guest-stop fail never pass
test-amd64-amd64-xl-qemuu-win7-amd64 14 guest-stop fail never pass
version targeted for testing:
linux 2b12164b55e76e421c069de2cdf6b04c077983f1
baseline version:
linux f1bd473f95e02bc382d4dae94d7f82e2a455e05d
------------------------------------------------------------
People who touched revisions under test:
Aaro Koskinen <aaro.koskinen@iki.fi>
Addy Ke <addy.ke@rock-chips.com>
Alan Cox <alan@linux.intel.com>
Alan Douglas <adouglas@cadence.com>
Alan Stern <stern@rowland.harvard.edu>
Alex Deucher <alexander.deucher@amd.com>
Alex Shi <alex.shi@linaro.org>
Alex Williamson <alex.williamson@redhat.com>
Alexander Usyskin <alexander.usyskin@intel.com>
Alexandre Belloni <alexandre.belloni@free-electrons.com>
Alexandre Courbot <acourbot@nvidia.com>
Alexey Khoroshilov <khoroshilov@ispras.ru>
Alvin (Weike) Chen <alvin.chen@intel.com>
Andi Kleen <ak@linux.intel.com>
Andreas Färber <afaerber@suse.de>
Andreas Noever <andreas.noever@gmail.com>
Andrew Lunn <andrew@lunn.ch>
Andrew Morton <akpm@linux-foundation.org>
Andrey Ryabinin <a.ryabinin@samsung.com>
Andy Shevchenko <andriy.shevchenko@linux.intel.com>
Anton Altaparmakov <aia21@cam.ac.uk>
Anton Altaparmakov <aia21@cantab.net>
Anup Patel <anup.patel@linaro.org>
Ard Biesheuvel <ard.biesheuvel@linaro.org>
Arjun Sreedharan <arjun024@gmail.com>
Arnd Bergmann <arnd@arndb.de>
arter97 <qkrwngud825@gmail.com>
Bard Liao <bardliao@realtek.com>
Bartlomiej Zolnierkiewicz <b.zolnierkie@samsung.com>
Ben Hutchings <ben@decadent.org.uk>
Ben Skeggs <bskeggs@redhat.com>
Benjamin LaHaise <bcrl@kvack.org>
Benjamin Tissoires <benjamin.tissoires@redhat.com>
Bing Niu <bing.niu@intel.com>
Bjorn Andersson <bjorn.andersson@sonymobile.com>
Bjorn Helgaas <bhelgaas@google.com>
Bo Shen <voice.shen@atmel.com>
Boris BREZILLON <boris.brezillon@free-electrons.com>
Brennan Ashton <bashton@brennanashton.com>
Brian Foster <bfoster@redhat.com>
Brian Norris <computersforpeace@gmail.com>
Bryan O'Donoghue <bryan.odonoghue@intel.com>
Bryan Wu <cooloney@gmail.com>
Catalin Marinas <catalin.marinas@arm.com>
Chao Yu <chao2.yu@samsung.com>
Chen-Yu Tsai <wens@csie.org>
Chris Mason <clm@fb.com>
Chris Zankel <chris@zankel.net>
Christian Borntraeger <borntraeger@de.ibm.com>
Christian König <christian.koenig@amd.com>
Christian Riesch <christian.riesch@omicron.at>
Christoffer Dall <christoffer.dall@linaro.org>
Christoph Hellwig <hch@lst.de>
Clemens Ladisch <clemens@ladisch.de>
Colin Ian King <colin.king@canonical.com>
Dan Carpenter <dan.carpenter@oracle.com>
Dan Streetman <ddstreet@ieee.org>
Daniel Walter <sahne@0x90.at>
Darren Hart <dvhart@linux.intel.com>
Darrick J. Wong <darrick.wong@oracle.com>
Dave Airlie <airlied@redhat.com>
Dave Chinner <david@fromorbit.com>
Dave Chinner <dchinner@redhat.com>
Dave Hansen <dave.hansen@intel.com>
Dave Jones <davej@redhat.com>
David Herrmann <dh.herrmann@gmail.com>
David Howells <dhowells@redhat.com>
Dirk Brandewie <dirk.j.brandewie@intel.com>
Dmitry Monakhov <dmonakhov@openvz.org>
Dmitry Torokhov <dmitry.torokhov@gmail.com>
Doug Anderson <dianders@chromium.org>
Ed Butler <ressy66@ausics.net>
Evan Langlois <uudruid74@gmail.com>
Fabio Estevam <fabio.estevam@freescale.com>
Felipe Balbi <balbi@ti.com>
Filipe Brandenburger <filbranden@google.com>
Gabriele Mazzotta <gabriele.mzt@gmail.com>
Gaël PORTAY <gael.portay@gmail.com>
Geert Uytterhoeven <geert+renesas@glider.be>
Geert Uytterhoeven <geert@linux-m68k.org>
Geoff Levand <geoff@infradead.org>
Gioh Kim <gioh.kim@lge.com>
Grazvydas Ignotas <notasas@gmail.com>
Greg KH <gregkh@linuxfoundation.org>
Greg Kroah-Hartman <gregkh@linuxfoundation.org>
Grygorii Strashko <grygorii.strashko@ti.com>
Gu Zheng <guz.fnst@cn.fujitsu.com>
Guenter Roeck <linux@roeck-us.net>
Hans de Goede <hdegoede@redhat.com>
Hans Wennborg <hans@hanshq.net>
Heiko Stuebner <heiko@sntech.de>
Heiko Stübner <heiko@sntech.de>
Himangi Saraogi <himangi774@gmail.com>
Holger Paradies <retabell@gmx.de>
Hu Keping <hukeping@huawei.com>
Huang Rui <ray.huang@amd.com>
Hugh Dickins <hughd@google.com>
HuKeping <hukeping@huawei.com>
Ian Abbott <abbotti@mev.co.uk>
Imre Deak <imre.deak@intel.com>
Ingo Molnar <mingo@kernel.org>
Jaegeuk Kim <jaegeuk@kernel.org>
James Forshaw <forshaw@google.com>
James Morris <james.l.morris@oracle.com>
Jani Nikula <jani.nikula@intel.com>
Jarkko Nikula <jarkko.nikula@linux.intel.com>
Javier Martinez Canillas <javier.martinez@collabora.co.uk>
Jaša Bartelj <jasa.bartelj@gmail.com>
Jean Pihet <jean.pihet@linaro.org>
Jeff Layton <jlayton@primarydata.com>
Jeff Moyer <jmoyer@redhat.com>
Jens Axboe <axboe@fb.com>
Jerome Marchand <jmarchan@redhat.com>
Jiang Liu <jiang.liu@linux.intel.com>
Jingoo Han <jg1.han@samsung.com>
Jiri Kosina <jkosina@suse.cz>
Joe Perches <joe@perches.com>
Johan Hovold <johan@kernel.org>
Johannes Weiner <hannes@cmpxchg.org>
Jon Medhurst (Tixy) <tixy@linaro.org>
Jon Medhurst <tixy@linaro.org>
Jorge A. Ventura <jorge.araujo.ventura@gmail.com>
Julia Lawall <julia.lawall@lip6.fr>
Junxiao Bi <junxiao.bi@oracle.com>
Juri Lelli <juri.lelli@arm.com>
Kees Cook <keescook@chromium.org>
Kevin Hilman <khilman@linaro.org>
Kiran Padwal <kiran.padwal@smartplayin.com>
Krzysztof Kozlowski <k.kozlowski@samsung.com>
Kuninori Morimoto <kuninori.morimoto.gx@renesas.com>
Kyungmin Park <kyungmin.park@samsung.com>
Lan Tianyu <tianyu.lan@intel.com>
Larry Finger <Larry.Finger@lwfinger.net>
Lars-Peter Clausen <lars@metafoo.de>
Laurent Dufour <ldufour@linux.vnet.ibm.com>
Laurent Pinchart <laurent.pinchart+renesas@ideasonboard.com>
Laurent Pinchart <laurent.pinchart@ideasonboard.com>
Lee Jones <lee.jones@linaro.org>
Leo Yan <leoy@marvell.com>
Li RongQing <roy.qing.li@gmail.com>
Linus Torvalds <torvalds@linux-foundation.org>
Linus Walleij <linus.walleij@linaro.org>
Lokesh Vutla <lokeshvutla@ti.com>
Lorenzo Pieralisi <lorenzo.pieralisi@arm.com>
Lothar WaÃmann <LW@KARO-electronics.de>
Ludovic Desroches <ludovic.desroches@atmel.com>
Lv Zheng <lv.zheng@intel.com>
Maarten Lankhorst <maarten.lankhorst@canonical.com>
Maciej Puzio <mx34567@gmail.com>
Manuel Lauss <manuel.lauss@gmail.com>
Marc Zyngier <marc.zyngier@arm.com>
Marek Roszko <mark.roszko@gmail.com>
Mark <markk@clara.co.uk>
Mark Brown <broonie+linaro@kernel.org>
Mark Brown <broonie@kernel.org>
Mark Brown <broonie@linaro.org>
Mark Einon <mark.einon@gmail.com>
Mark Fasheh <mfasheh@suse.com>
Mark Knibbs <markk@clara.co.uk>
Mark Rutland <mark.rutland@arm.com>
Markus Pargmann <mpa@pengutronix.de>
Martin Schwidefsky <schwidefsky@de.ibm.com>
Mathias Krause <minipli@googlemail.com>
Mathias Nyman <mathias.nyman@linux.intel.com>
Matt Turner <mattst88@gmail.com>
Matthew Garrett <matthew.garrett@nebula.com>
Matthew Wilcox <matthew.r.wilcox@intel.com>
Max Filippov <jcmvbkbc@gmail.com> [xtensa]
Max Filippov <jcmvbkbc@gmail.com>
Max Schwarz <max.schwarz@online.de>
Maxime Ripard <maxime.ripard@free-electrons.com>
Mel Gorman <mgorman@suse.de>
Michael Auchter <a@phire.org>
Michael Cree <mcree@orcon.net.nz>
Michael Grzeschik <m.grzeschik@pengutronix.de>
Michael Welling <mwelling@emacinc.com>
Michael Welling <mwelling@ieee.org>
Michal Hocko <mhocko@suse.cz>
Michal Simek <michal.simek@xilinx.com>
Mika Westerberg <mika.westerberg@linux.intel.com>
Mike Snitzer <snitzer@redhat.com>
Miklos Szeredi <mszeredi@suse.cz>
Mikulas Patocka <mpatocka@redhat.com>
Milan Broz <gmazyland@gmail.com>
Minchan Kim <minchan@kernel.org>
Ming Lei <ming.lei@canonical.com>
Nick Dyer <nick.dyer@itdev.co.uk>
Nicolas Alt <n.alt@mytum.de>
Nicolas Ferre <nicolas.ferre@atmel.com>
Nishanth Menon <nm@ti.com>
Noam Camus <noamc@ezchip.com>
Olof Johansson <olof@lixom.net>
Paolo Bonzini <pbonzini@redhat.com>
Park Ju Hyung <qkrwngud825@gmail.com>
Patrice Chotard <patrice.chotard@st.com>
Paul Handrigan <Paul.Handrigan@cirrus.com>
Paul Walmsley <paul@pwsan.com>
Paul Zimmerman <Paul.Zimmerman@synopsys.com>
Paul Zimmerman <paulz@synopsys.com>
Paulo Zanoni <paulo.r.zanoni@intel.com>
Pawel Moll <mail@pawelmoll.com>
Pawel Moll <pawel.moll@arm.com>
Peter Chen <peter.chen@freescale.com>
Peter Jones <pjones@redhat.com>
Peter Ujfalusi <peter.ujfalusi@ti.com>
Philippe Reynes <tremyfr@gmail.com>
Phong Tran <tranmanphong@gmail.com>
Pranavkumar Sawargaonkar <pranavkumar@linaro.org>
Pranith Kumar <bobby.prani@gmail.com>
Rabeeh Khoury <rabeeh@solid-run.com>
Rafael J. Wysocki <rafael.j.wysocki@intel.com>
Rajendra Nayak <rnayak@ti.com>
Randy Dunlap <rdunlap@infradead.org>
Rasmus Villemoes <linux@rasmusvillemoes.dk>
Richard Henderson <rth@twiddle.net>
Richard Kuo <rkuo@codeaurora.org> [hexagon]
Richard Weinberger <richard@nod.at>
Rickard Strandqvist <rickard_strandqvist@spectrumdigital.se>
Rob Clark <robdclark@gmail.com>
Rob Elliott <Elliott@hp.com>
Robert Coulson <rob.coulson@gmail.com>
Roger Quadros <rogerq@ti.com>
Russell King <rmk+kernel@arm.linux.org.uk>
Sabrina Dubroca <sd@queasysnail.net>
Sachin Kamat <sachin.kamat@samsung.com>
Sagi Grimberg <sagig@mellanox.com>
Sasha Levin <sasha.levin@oracle.com>
Scot Doyle <lkml14@scotdoyle.com>
Sekhar Nori <nsekhar@ti.com>
Serge E. Hallyn <serge.hallyn@ubuntu.com>
Sergei Shtylyov <sergei.shtylyov@cogentembedded.com>
Sergey Senozhatsky <sergey.senozhatsky@gmail.com>
Seunghun Lee <waydi1@gmail.com>
Shaun Ruffell <sruffell@digium.com>
Shawn Guo <shawn.guo@freescale.com>
Shriraj-Rai P <shriraj-rai.p@amd.com>
Simon Horman <horms+renesas@verge.net.au>
Simon Lindgren <simon@aqwary.com>
Sonny Rao <sonnyrao@chromium.org>
Stefan Herbrechtsmeier <stefan@herbrechtsmeier.net>
Stephen Hemminger <stephen@networkplumber.org>
Stephen Warren <swarren@nvidia.com>
Stephen Warren <swarren@wwwdotorg.org>
Steve Dickson <steved@redhat.com>
Steve Dickson <stevedredhatcom>
Subhransu S. Prusty <subhransu.s.prusty@intel.com>
Sudeep Holla <sudeep.holla@arm.com>
Sumit Semwal <sumit.semwal@linaro.org>
Takashi Iwai <tiwai@suse.de>
Takashi Sakamoto <o-takashi@sakamocchi.jp>
Tang Chen <tangchen@cn.fujitsu.com>
Tejun Heo <tj@kernel.org>
Tero Kristo <t-kristo@ti.com>
Theodore Ts'o <tytso@mit.edu>
Thierry Reding <treding@nvidia.com>
Thomas Glanzmann <thomas@glanzmann.de>
Thomas Gleixner <tglx@linutronix.de>
Thomas Hellstrom <thellstrom@vmware.com>
Tibor Billes <tbilles@gmx.com>
Tomas Winkler <tomas.winkler@intel.com>
Tomasz Figa <t.figa@samsung.com>
Tomi Valkeinen <tomi.valkeinen@ti.com>
Tony Battersby <tonyb@cybernetics.com>
Tony Lindgren <tony@atomide.com>
Toralf Förster <toralf.foerster@gmx.de>
Toshiaki Makita <makita.toshiaki@lab.ntt.co.jp>
Trond Myklebust <trond.myklebust@primarydata.com>
Tyler Cleveland <siralucardt@openmailbox.org>
Ulrik De Bie <ulrik.debie-os@e2big.org>
Valentina Manea <valentina.manea.m@gmail.com>
Ville Syrjälä <ville.syrjala@linux.intel.com>
Vincent Stehlé <vincent.stehle@laposte.net>
Vineet Gupta <vgupta@synopsys.com> [arc]
Vineet Gupta <vgupta@synopsys.com>
Vinod Koul <vinod.koul@intel.com>
Viresh Kumar <viresh.kumar@linaro.org>
Vivek Gautam <gautam.vivek@samsung.com>
Vivek Goyal <vgoyal@redhat.com>
Vladimir Davydov <vdavydov@parallels.com>
Wei Yongjun <yongjun_wei@trendmicro.com.cn>
Will Deacon <will.deacon@arm.com>
Wolfram Sang <wsa@the-dreams.de>
Xishi Qiu <qiuxishi@huawei.com>
Xiubo Li <Li.Xiubo@freescale.com>
Y.C. Chen <yc_chen@aspeedtech.com>
Zhigang Lu <zlu@tilera.com> [tile]
------------------------------------------------------------
jobs:
build-amd64 pass
build-armhf pass
build-i386 pass
build-amd64-libvirt pass
build-armhf-libvirt pass
build-i386-libvirt pass
build-amd64-pvops pass
build-armhf-pvops pass
build-i386-pvops pass
build-amd64-rumpuserxen pass
build-i386-rumpuserxen pass
test-amd64-amd64-xl pass
test-armhf-armhf-xl fail
test-amd64-i386-xl pass
test-amd64-i386-rhel6hvm-amd pass
test-amd64-i386-qemut-rhel6hvm-amd pass
test-amd64-i386-qemuu-rhel6hvm-amd pass
test-amd64-amd64-xl-qemut-debianhvm-amd64 pass
test-amd64-i386-xl-qemut-debianhvm-amd64 pass
test-amd64-amd64-xl-qemuu-debianhvm-amd64 pass
test-amd64-i386-xl-qemuu-debianhvm-amd64 pass
test-amd64-i386-freebsd10-amd64 fail
test-amd64-amd64-xl-qemuu-ovmf-amd64 pass
test-amd64-i386-xl-qemuu-ovmf-amd64 pass
test-amd64-amd64-rumpuserxen-amd64 pass
test-amd64-amd64-xl-qemut-win7-amd64 fail
test-amd64-i386-xl-qemut-win7-amd64 fail
test-amd64-amd64-xl-qemuu-win7-amd64 fail
test-amd64-i386-xl-qemuu-win7-amd64 fail
test-amd64-amd64-xl-win7-amd64 fail
test-amd64-i386-xl-win7-amd64 fail
test-amd64-i386-xl-credit2 pass
test-amd64-i386-freebsd10-i386 fail
test-amd64-i386-rumpuserxen-i386 pass
test-amd64-amd64-xl-pcipt-intel fail
test-amd64-i386-rhel6hvm-intel pass
test-amd64-i386-qemut-rhel6hvm-intel pass
test-amd64-i386-qemuu-rhel6hvm-intel pass
test-amd64-amd64-libvirt fail
test-armhf-armhf-libvirt fail
test-amd64-i386-libvirt fail
test-amd64-i386-xl-multivcpu pass
test-amd64-amd64-pair pass
test-amd64-i386-pair fail
test-amd64-amd64-xl-sedf-pin pass
test-amd64-amd64-xl-sedf pass
test-amd64-i386-xl-qemut-winxpsp3-vcpus1 fail
test-amd64-i386-xl-qemuu-winxpsp3-vcpus1 fail
test-amd64-i386-xl-winxpsp3-vcpus1 fail
test-amd64-amd64-xl-qemut-winxpsp3 fail
test-amd64-i386-xl-qemut-winxpsp3 fail
test-amd64-amd64-xl-qemuu-winxpsp3 fail
test-amd64-i386-xl-qemuu-winxpsp3 fail
test-amd64-amd64-xl-winxpsp3 fail
test-amd64-i386-xl-winxpsp3 fail
------------------------------------------------------------
sg-report-flight on osstest.cam.xci-test.com
logs: /home/xc_osstest/logs
images: /home/xc_osstest/images
Logs, config files, etc. are available at
http://www.chiark.greenend.org.uk/~xensrcts/logs
Test harness code can be found at
http://xenbits.xensource.com/gitweb?p=osstest.git;a=summary
Not pushing.
(No revision log; it would be 8656 lines long.)
[-- Attachment #2: Type: text/plain, Size: 126 bytes --]
_______________________________________________
Xen-devel mailing list
Xen-devel@lists.xen.org
http://lists.xen.org/xen-devel
reply other threads:[~2014-09-07 13:09 UTC|newest]
Thread overview: [no followups] expand[flat|nested] mbox.gz Atom feed
Reply instructions:
You may reply publicly to this message via plain-text email
using any one of the following methods:
* Save the following mbox file, import it into your mail client,
and reply-to-all from there: mbox
Avoid top-posting and favor interleaved quoting:
https://en.wikipedia.org/wiki/Posting_style#Interleaved_style
* Reply using the --to, --cc, and --in-reply-to
switches of git-send-email(1):
git send-email \
--in-reply-to=osstest-30146-mainreport@xen.org \
--to=ian.jackson@eu.citrix.com \
--cc=xen-devel@lists.xensource.com \
/path/to/YOUR_REPLY
https://kernel.org/pub/software/scm/git/docs/git-send-email.html
* If your mail client supports setting the In-Reply-To header
via mailto: links, try the mailto: link
Be sure your reply has a Subject: header at the top and a blank line
before the message body.
This is a public inbox, see mirroring instructions
for how to clone and mirror all data and code used for this inbox;
as well as URLs for NNTP newsgroup(s).