* [xen-unstable test] 30173: regressions - FAIL
@ 2014-09-09 9:41 xen.org
0 siblings, 0 replies; only message in thread
From: xen.org @ 2014-09-09 9:41 UTC (permalink / raw)
To: xen-devel; +Cc: ian.jackson
flight 30173 xen-unstable real [real]
http://www.chiark.greenend.org.uk/~xensrcts/logs/30173/
Regressions :-(
Tests which did not succeed and are blocking,
including tests which could not be run:
test-amd64-amd64-xl-win7-amd64 7 windows-install fail REGR. vs. 30157
Tests which did not succeed, but are not blocking:
test-amd64-i386-libvirt 9 guest-start fail never pass
test-armhf-armhf-libvirt 9 guest-start fail never pass
test-armhf-armhf-xl 10 migrate-support-check fail never pass
test-amd64-amd64-libvirt 9 guest-start fail never pass
test-amd64-amd64-xl-pcipt-intel 9 guest-start fail never pass
test-amd64-i386-xl-qemut-winxpsp3 14 guest-stop fail never pass
test-amd64-i386-xl-qemuu-winxpsp3 14 guest-stop fail never pass
test-amd64-i386-xl-qemuu-winxpsp3-vcpus1 14 guest-stop fail never pass
test-amd64-i386-xl-qemut-winxpsp3-vcpus1 14 guest-stop fail never pass
test-amd64-amd64-xl-qemuu-win7-amd64 14 guest-stop fail never pass
test-amd64-i386-xl-win7-amd64 14 guest-stop fail never pass
test-amd64-i386-xl-qemut-win7-amd64 14 guest-stop fail never pass
test-amd64-amd64-xl-winxpsp3 14 guest-stop fail never pass
test-amd64-amd64-xl-qemut-winxpsp3 14 guest-stop fail never pass
test-amd64-i386-xl-winxpsp3-vcpus1 14 guest-stop fail never pass
test-amd64-i386-xl-qemuu-win7-amd64 14 guest-stop fail never pass
test-amd64-i386-xl-winxpsp3 14 guest-stop fail never pass
test-amd64-amd64-xl-qemut-win7-amd64 14 guest-stop fail never pass
test-amd64-amd64-xl-qemuu-winxpsp3 14 guest-stop fail never pass
version targeted for testing:
xen b06c469a7b69da98e416a954817346fa793d332d
baseline version:
xen 4adc3de63f726315e5cd639cce1b766e8df8fddc
------------------------------------------------------------
People who touched revisions under test:
Ian Campbell <ian.campbell@citrix.com>
Julien Grall <julien.grall@linaro.org>
Karim Allah Ahmed <karim.allah.ahmed@gmail.com>
Karim Raslan <karim.allah.ahmed@gmail.com>
Samuel Thibault <samuel.thibault@ens-lyon.org>
Thomas Leonard <talex5@gmail.com>
------------------------------------------------------------
jobs:
build-amd64 pass
build-armhf pass
build-i386 pass
build-amd64-libvirt pass
build-armhf-libvirt pass
build-i386-libvirt pass
build-amd64-oldkern pass
build-i386-oldkern pass
build-amd64-pvops pass
build-armhf-pvops pass
build-i386-pvops pass
build-amd64-rumpuserxen pass
build-i386-rumpuserxen pass
test-amd64-amd64-xl pass
test-armhf-armhf-xl pass
test-amd64-i386-xl pass
test-amd64-i386-rhel6hvm-amd pass
test-amd64-i386-qemut-rhel6hvm-amd pass
test-amd64-i386-qemuu-rhel6hvm-amd pass
test-amd64-amd64-xl-qemut-debianhvm-amd64 pass
test-amd64-i386-xl-qemut-debianhvm-amd64 pass
test-amd64-amd64-xl-qemuu-debianhvm-amd64 pass
test-amd64-i386-xl-qemuu-debianhvm-amd64 pass
test-amd64-i386-freebsd10-amd64 pass
test-amd64-amd64-xl-qemuu-ovmf-amd64 pass
test-amd64-i386-xl-qemuu-ovmf-amd64 pass
test-amd64-amd64-rumpuserxen-amd64 pass
test-amd64-amd64-xl-qemut-win7-amd64 fail
test-amd64-i386-xl-qemut-win7-amd64 fail
test-amd64-amd64-xl-qemuu-win7-amd64 fail
test-amd64-i386-xl-qemuu-win7-amd64 fail
test-amd64-amd64-xl-win7-amd64 fail
test-amd64-i386-xl-win7-amd64 fail
test-amd64-i386-xl-credit2 pass
test-amd64-i386-freebsd10-i386 pass
test-amd64-i386-rumpuserxen-i386 pass
test-amd64-amd64-xl-pcipt-intel fail
test-amd64-i386-rhel6hvm-intel pass
test-amd64-i386-qemut-rhel6hvm-intel pass
test-amd64-i386-qemuu-rhel6hvm-intel pass
test-amd64-amd64-libvirt fail
test-armhf-armhf-libvirt fail
test-amd64-i386-libvirt fail
test-amd64-i386-xl-multivcpu pass
test-amd64-amd64-pair pass
test-amd64-i386-pair pass
test-amd64-amd64-xl-sedf-pin pass
test-amd64-amd64-xl-sedf pass
test-amd64-i386-xl-qemut-winxpsp3-vcpus1 fail
test-amd64-i386-xl-qemuu-winxpsp3-vcpus1 fail
test-amd64-i386-xl-winxpsp3-vcpus1 fail
test-amd64-amd64-xl-qemut-winxpsp3 fail
test-amd64-i386-xl-qemut-winxpsp3 fail
test-amd64-amd64-xl-qemuu-winxpsp3 fail
test-amd64-i386-xl-qemuu-winxpsp3 fail
test-amd64-amd64-xl-winxpsp3 fail
test-amd64-i386-xl-winxpsp3 fail
------------------------------------------------------------
sg-report-flight on osstest.cam.xci-test.com
logs: /home/xc_osstest/logs
images: /home/xc_osstest/images
Logs, config files, etc. are available at
http://www.chiark.greenend.org.uk/~xensrcts/logs
Test harness code can be found at
http://xenbits.xensource.com/gitweb?p=osstest.git;a=summary
Not pushing.
------------------------------------------------------------
commit b06c469a7b69da98e416a954817346fa793d332d
Author: Karim Raslan <karim.allah.ahmed@gmail.com>
Date: Fri Aug 8 16:47:37 2014 +0100
mini-os: arm: events
Signed-off-by: Karim Allah Ahmed <karim.allah.ahmed@gmail.com>
Signed-off-by: Thomas Leonard <talex5@gmail.com>
Acked-by: Ian Campbell <ian.campbell@citrix.com>
commit 2b98553ffc540a44f595156d61f8110f2bbae47f
Author: Thomas Leonard <talex5@gmail.com>
Date: Fri Aug 8 16:47:36 2014 +0100
mini-os: arm: scheduling
Based on an initial patch by Karim Raslan.
Signed-off-by: Karim Allah Ahmed <karim.allah.ahmed@gmail.com>
Signed-off-by: Thomas Leonard <talex5@gmail.com>
Acked-by: Ian Campbell <ian.campbell@citrix.com>
commit 7262f0a93ae43de18577307e6139ab0600e51749
Author: Thomas Leonard <talex5@gmail.com>
Date: Fri Aug 8 16:47:35 2014 +0100
mini-os: arm: memory management
Based on an initial patch by Karim Raslan.
Signed-off-by: Karim Allah Ahmed <karim.allah.ahmed@gmail.com>
Signed-off-by: Thomas Leonard <talex5@gmail.com>
Acked-by: Ian Campbell <ian.campbell@citrix.com>
commit dce56dfac03cdc55b95e764b953f459ca0abe5b6
Author: Thomas Leonard <talex5@gmail.com>
Date: Fri Aug 8 16:47:34 2014 +0100
mini-os: arm: boot code
Based on an initial patch by Karim Raslan.
Signed-off-by: Karim Allah Ahmed <karim.allah.ahmed@gmail.com>
Signed-off-by: Thomas Leonard <talex5@gmail.com>
Acked-by: Ian Campbell <ian.campbell@citrix.com>
commit abc465b15c341035e6a398e34a108be63035cfc2
Author: Karim Raslan <karim.allah.ahmed@gmail.com>
Date: Fri Aug 8 16:47:33 2014 +0100
mini-os: arm: add header files
Adds header files for future ARM support.
Based on work by Karim Allah Ahmed.
Signed-off-by: Karim Allah Ahmed <karim.allah.ahmed@gmail.com>
Signed-off-by: Thomas Leonard <talex5@gmail.com>
Acked-by: Julien Grall <julien.grall@linaro.org>
Acked-by: Samuel Thibault <samuel.thibault@ens-lyon.org>
commit 7b4afdbe8199a85c4a187d4ee3763b09606df121
Author: Thomas Leonard <talex5@gmail.com>
Date: Fri Aug 8 16:47:32 2014 +0100
mini-os: move poor rand function to test.c
It's only used by test.c and probably isn't something that should be
exposed for general use (it just calls gettimeofday).
This is also useful for ARM, which doesn't use math.c, where this used
to live.
Signed-off-by: Thomas Leonard <talex5@gmail.com>
Acked-by: Samuel Thibault <samuel.thibault@ens-lyon.org>
commit 2903df843007e267a489a48f1c6ab03f7ea1d09a
Author: Thomas Leonard <talex5@gmail.com>
Date: Fri Aug 8 16:47:31 2014 +0100
mini-os: added HYPERVISOR_xsm_op
Avoids using _hypercall1 in events.c.
Signed-off-by: Thomas Leonard <talex5@gmail.com>
Acked-by: Samuel Thibault <samuel.thibault@ens-lyon.org>
commit a80e7d0d392076a0466cc3a1476aeb24182401de
Author: Thomas Leonard <talex5@gmail.com>
Date: Fri Aug 8 16:47:30 2014 +0100
mini-os: don't include lib.h from mm.h
This breaks the include cycle hypervisor.h -> hypercall-x86_32.h -> mm.h
-> lib.h -> gntmap.h -> os.h -> hypervisor.h.
Signed-off-by: Thomas Leonard <talex5@gmail.com>
Acked-by: Ian Campbell <ian.campbell@citrix.com>
Acked-by: Samuel Thibault <samuel.thibault@ens-lyon.org>
(qemu changes not included)
^ permalink raw reply [flat|nested] only message in thread
only message in thread, other threads:[~2014-09-09 9:41 UTC | newest]
Thread overview: (only message) (download: mbox.gz follow: Atom feed
-- links below jump to the message on this page --
2014-09-09 9:41 [xen-unstable test] 30173: regressions - FAIL xen.org
This is a public inbox, see mirroring instructions
for how to clone and mirror all data and code used for this inbox;
as well as URLs for NNTP newsgroup(s).