From mboxrd@z Thu Jan 1 00:00:00 1970 From: xen.org Subject: [xen-4.4-testing test] 30221: regressions - FAIL Date: Thu, 11 Sep 2014 13:28:07 +0100 Message-ID: Mime-Version: 1.0 Content-Type: text/plain; charset="us-ascii" Content-Transfer-Encoding: 7bit Return-path: List-Unsubscribe: , List-Post: List-Help: List-Subscribe: , Sender: xen-devel-bounces@lists.xen.org Errors-To: xen-devel-bounces@lists.xen.org To: xen-devel@lists.xensource.com Cc: ian.jackson@eu.citrix.com List-Id: xen-devel@lists.xenproject.org flight 30221 xen-4.4-testing real [real] http://www.chiark.greenend.org.uk/~xensrcts/logs/30221/ Regressions :-( Tests which did not succeed and are blocking, including tests which could not be run: test-amd64-i386-xl-win7-amd64 7 windows-install fail REGR. vs. 30090 Tests which did not succeed, but are not blocking: test-amd64-i386-rumpuserxen-i386 1 build-check(1) blocked n/a test-amd64-amd64-rumpuserxen-amd64 1 build-check(1) blocked n/a test-amd64-i386-libvirt 9 guest-start fail never pass test-armhf-armhf-xl 10 migrate-support-check fail never pass test-amd64-amd64-libvirt 9 guest-start fail never pass test-amd64-amd64-xl-pcipt-intel 9 guest-start fail never pass test-armhf-armhf-libvirt 9 guest-start fail never pass build-amd64-rumpuserxen 6 xen-build fail never pass test-amd64-amd64-xl-qemut-win7-amd64 14 guest-stop fail never pass test-amd64-amd64-xl-win7-amd64 14 guest-stop fail never pass build-i386-rumpuserxen 6 xen-build fail never pass test-amd64-i386-xend-qemut-winxpsp3 17 leak-check/check fail never pass test-amd64-amd64-xl-qemut-winxpsp3 14 guest-stop fail never pass test-amd64-i386-xl-qemut-win7-amd64 14 guest-stop fail never pass test-amd64-i386-xl-qemuu-win7-amd64 14 guest-stop fail never pass test-amd64-amd64-xl-qemuu-winxpsp3 14 guest-stop fail never pass test-amd64-i386-xl-qemuu-winxpsp3-vcpus1 14 guest-stop fail never pass test-amd64-i386-xend-winxpsp3 17 leak-check/check fail never pass test-amd64-i386-xl-qemut-winxpsp3-vcpus1 14 guest-stop fail never pass test-amd64-amd64-xl-qemuu-win7-amd64 14 guest-stop fail never pass test-amd64-i386-xl-winxpsp3-vcpus1 14 guest-stop fail never pass test-amd64-amd64-xl-winxpsp3 14 guest-stop fail never pass version targeted for testing: xen be84c34e642f06107be8096b7e90dd0c86f13164 baseline version: xen d5a7ed88d86f840c0cc26ebc48987101669b5bf7 ------------------------------------------------------------ People who touched revisions under test: David Vrabel Jan Beulich ------------------------------------------------------------ jobs: build-amd64-xend pass build-i386-xend pass build-amd64 pass build-armhf pass build-i386 pass build-amd64-libvirt pass build-armhf-libvirt pass build-i386-libvirt pass build-amd64-pvops pass build-armhf-pvops pass build-i386-pvops pass build-amd64-rumpuserxen fail build-i386-rumpuserxen fail test-amd64-amd64-xl pass test-armhf-armhf-xl pass test-amd64-i386-xl pass test-amd64-i386-rhel6hvm-amd pass test-amd64-i386-qemut-rhel6hvm-amd pass test-amd64-i386-qemuu-rhel6hvm-amd pass test-amd64-amd64-xl-qemut-debianhvm-amd64 pass test-amd64-i386-xl-qemut-debianhvm-amd64 pass test-amd64-amd64-xl-qemuu-debianhvm-amd64 pass test-amd64-i386-xl-qemuu-debianhvm-amd64 pass test-amd64-i386-freebsd10-amd64 pass test-amd64-amd64-xl-qemuu-ovmf-amd64 pass test-amd64-i386-xl-qemuu-ovmf-amd64 pass test-amd64-amd64-rumpuserxen-amd64 blocked test-amd64-amd64-xl-qemut-win7-amd64 fail test-amd64-i386-xl-qemut-win7-amd64 fail test-amd64-amd64-xl-qemuu-win7-amd64 fail test-amd64-i386-xl-qemuu-win7-amd64 fail test-amd64-amd64-xl-win7-amd64 fail test-amd64-i386-xl-win7-amd64 fail test-amd64-i386-xl-credit2 pass test-amd64-i386-freebsd10-i386 pass test-amd64-i386-rumpuserxen-i386 blocked test-amd64-amd64-xl-pcipt-intel fail test-amd64-i386-rhel6hvm-intel pass test-amd64-i386-qemut-rhel6hvm-intel pass test-amd64-i386-qemuu-rhel6hvm-intel pass test-amd64-amd64-libvirt fail test-armhf-armhf-libvirt fail test-amd64-i386-libvirt fail test-amd64-i386-xl-multivcpu pass test-amd64-amd64-pair pass test-amd64-i386-pair pass test-amd64-amd64-xl-sedf-pin pass test-amd64-amd64-pv pass test-amd64-i386-pv pass test-amd64-amd64-xl-sedf pass test-amd64-i386-xl-qemut-winxpsp3-vcpus1 fail test-amd64-i386-xl-qemuu-winxpsp3-vcpus1 fail test-amd64-i386-xl-winxpsp3-vcpus1 fail test-amd64-i386-xend-qemut-winxpsp3 fail test-amd64-amd64-xl-qemut-winxpsp3 fail test-amd64-amd64-xl-qemuu-winxpsp3 fail test-amd64-i386-xend-winxpsp3 fail test-amd64-amd64-xl-winxpsp3 fail ------------------------------------------------------------ sg-report-flight on osstest.cam.xci-test.com logs: /home/xc_osstest/logs images: /home/xc_osstest/images Logs, config files, etc. are available at http://www.chiark.greenend.org.uk/~xensrcts/logs Test harness code can be found at http://xenbits.xensource.com/gitweb?p=osstest.git;a=summary Not pushing. ------------------------------------------------------------ commit be84c34e642f06107be8096b7e90dd0c86f13164 Author: David Vrabel Date: Tue Sep 9 15:31:37 2014 +0200 evtchn: check control block exists when using FIFO-based events When using the FIFO-based event channels, there are no checks for the existance of a control block when binding an event or moving it to a different VCPU. This is because events may be bound when the ABI is in 2-level mode (e.g., by the toolstack before the domain is started). The guest may trigger a Xen crash in evtchn_fifo_set_pending() if: a) the event is bound to a VCPU without a control block; or b) VCPU 0 does not have a control block. In case (a), Xen will crash when looking up the current queue. In (b), Xen will crash when looking up the old queue (which defaults to a queue on VCPU 0). By allocating all the per-VCPU structures when enabling the FIFO ABI, we can be sure that v->evtchn_fifo is always valid. EVTCHNOP_init_control_block for all the other CPUs need only map the shared control block. A single check in evtchn_fifo_set_pending() before accessing the control block fixes all cases where the guest has not initialized some control blocks. This is XSA-107. Reported-by: Vitaly Kuznetsov Signed-off-by: David Vrabel Reviewed-by: Jan Beulich master commit: a4e0cea6fced50e251453dfe52e1b9dde77a84f5 master date: 2014-09-09 15:25:58 +0200 commit 522c9dd4d1928e3ccd5757fc8cfc3b23e53dd73f Author: Jan Beulich Date: Tue Sep 9 15:30:54 2014 +0200 update Xen version to 4.4.2-pre (qemu changes not included)