From: xen.org <Ian.Jackson@eu.citrix.com>
To: xen-devel@lists.xensource.com
Cc: ian.jackson@eu.citrix.com
Subject: [qemu-mainline test] 30228: regressions - FAIL
Date: Thu, 11 Sep 2014 23:21:10 +0100 [thread overview]
Message-ID: <osstest-30228-mainreport@xen.org> (raw)
flight 30228 qemu-mainline real [real]
http://www.chiark.greenend.org.uk/~xensrcts/logs/30228/
Regressions :-(
Tests which did not succeed and are blocking,
including tests which could not be run:
build-armhf 4 host-build-prep fail in 30206 REGR. vs. 30192
Tests which are failing intermittently (not blocking):
test-amd64-amd64-xl-sedf 13 guest-saverestore.2 fail pass in 30206
test-amd64-i386-xl-qemuu-win7-amd64 7 windows-install fail pass in 30206
test-amd64-amd64-xl-qemuu-debianhvm-amd64 13 guest-localmigrate/x10 fail in 30206 pass in 30228
Tests which did not succeed, but are not blocking:
test-armhf-armhf-libvirt 9 guest-start fail never pass
test-amd64-i386-libvirt 9 guest-start fail never pass
test-amd64-amd64-libvirt 9 guest-start fail never pass
test-armhf-armhf-xl 10 migrate-support-check fail never pass
test-amd64-amd64-xl-pcipt-intel 9 guest-start fail never pass
test-amd64-i386-xl-win7-amd64 14 guest-stop fail never pass
test-amd64-amd64-xl-win7-amd64 14 guest-stop fail never pass
test-amd64-i386-xl-qemuu-winxpsp3-vcpus1 14 guest-stop fail never pass
test-amd64-i386-xl-qemut-winxpsp3-vcpus1 14 guest-stop fail never pass
test-amd64-amd64-xl-winxpsp3 14 guest-stop fail never pass
test-amd64-amd64-xl-qemut-winxpsp3 14 guest-stop fail never pass
test-amd64-i386-xl-qemut-winxpsp3 14 guest-stop fail never pass
test-amd64-amd64-xl-qemuu-win7-amd64 14 guest-stop fail never pass
test-amd64-amd64-xl-qemut-win7-amd64 14 guest-stop fail never pass
test-amd64-amd64-xl-qemuu-winxpsp3 14 guest-stop fail never pass
test-amd64-i386-xl-winxpsp3-vcpus1 14 guest-stop fail never pass
test-amd64-i386-xl-qemut-win7-amd64 14 guest-stop fail never pass
test-amd64-i386-xl-winxpsp3 14 guest-stop fail never pass
test-amd64-i386-xl-qemuu-winxpsp3 14 guest-stop fail never pass
test-armhf-armhf-libvirt 1 build-check(1) blocked in 30206 n/a
test-armhf-armhf-xl 1 build-check(1) blocked in 30206 n/a
build-armhf-libvirt 1 build-check(1) blocked in 30206 n/a
test-amd64-i386-xl-qemuu-win7-amd64 14 guest-stop fail in 30206 never pass
version targeted for testing:
qemuu 10601bef566461efbea81ee344ed3355ce71954a
baseline version:
qemuu 1bc0e405816c9c6bde5695af20b07a1491ce1f9f
------------------------------------------------------------
People who touched revisions under test:
Mark Cave-Ayland <mark.cave-ayland@ilande.co.uk>
Peter Maydell <peter.maydell@linaro.org>
------------------------------------------------------------
jobs:
build-amd64 pass
build-armhf pass
build-i386 pass
build-amd64-libvirt pass
build-armhf-libvirt pass
build-i386-libvirt pass
build-amd64-pvops pass
build-armhf-pvops pass
build-i386-pvops pass
test-amd64-amd64-xl pass
test-armhf-armhf-xl pass
test-amd64-i386-xl pass
test-amd64-i386-rhel6hvm-amd pass
test-amd64-i386-qemut-rhel6hvm-amd pass
test-amd64-i386-qemuu-rhel6hvm-amd pass
test-amd64-amd64-xl-qemut-debianhvm-amd64 pass
test-amd64-i386-xl-qemut-debianhvm-amd64 pass
test-amd64-amd64-xl-qemuu-debianhvm-amd64 pass
test-amd64-i386-xl-qemuu-debianhvm-amd64 pass
test-amd64-i386-freebsd10-amd64 pass
test-amd64-amd64-xl-qemuu-ovmf-amd64 pass
test-amd64-i386-xl-qemuu-ovmf-amd64 pass
test-amd64-amd64-xl-qemut-win7-amd64 fail
test-amd64-i386-xl-qemut-win7-amd64 fail
test-amd64-amd64-xl-qemuu-win7-amd64 fail
test-amd64-i386-xl-qemuu-win7-amd64 fail
test-amd64-amd64-xl-win7-amd64 fail
test-amd64-i386-xl-win7-amd64 fail
test-amd64-i386-xl-credit2 pass
test-amd64-i386-freebsd10-i386 pass
test-amd64-amd64-xl-pcipt-intel fail
test-amd64-i386-rhel6hvm-intel pass
test-amd64-i386-qemut-rhel6hvm-intel pass
test-amd64-i386-qemuu-rhel6hvm-intel pass
test-amd64-amd64-libvirt fail
test-armhf-armhf-libvirt fail
test-amd64-i386-libvirt fail
test-amd64-i386-xl-multivcpu pass
test-amd64-amd64-pair pass
test-amd64-i386-pair pass
test-amd64-amd64-xl-sedf-pin pass
test-amd64-amd64-xl-sedf fail
test-amd64-i386-xl-qemut-winxpsp3-vcpus1 fail
test-amd64-i386-xl-qemuu-winxpsp3-vcpus1 fail
test-amd64-i386-xl-winxpsp3-vcpus1 fail
test-amd64-amd64-xl-qemut-winxpsp3 fail
test-amd64-i386-xl-qemut-winxpsp3 fail
test-amd64-amd64-xl-qemuu-winxpsp3 fail
test-amd64-i386-xl-qemuu-winxpsp3 fail
test-amd64-amd64-xl-winxpsp3 fail
test-amd64-i386-xl-winxpsp3 fail
------------------------------------------------------------
sg-report-flight on osstest.cam.xci-test.com
logs: /home/xc_osstest/logs
images: /home/xc_osstest/images
Logs, config files, etc. are available at
http://www.chiark.greenend.org.uk/~xensrcts/logs
Test harness code can be found at
http://xenbits.xensource.com/gitweb?p=osstest.git;a=summary
Not pushing.
------------------------------------------------------------
commit 10601bef566461efbea81ee344ed3355ce71954a
Merge: 1bc0e40 de739df
Author: Peter Maydell <peter.maydell@linaro.org>
Date: Tue Sep 9 15:08:05 2014 +0100
Merge remote-tracking branch 'remotes/mcayland/tags/qemu-sparc-signed' into staging
apb: implement PCI bus error interrupt map registers
# gpg: Signature made Tue 09 Sep 2014 06:09:27 BST using RSA key ID AE0F321F
# gpg: Can't check signature: public key not found
* remotes/mcayland/tags/qemu-sparc-signed:
apb: implement PCI bus error interrupt map registers
Signed-off-by: Peter Maydell <peter.maydell@linaro.org>
commit de739df8e0032d441a57ec1a8f9ab8e9bf72cef0
Author: Mark Cave-Ayland <mark.cave-ayland@ilande.co.uk>
Date: Fri Sep 5 14:50:56 2014 +0100
apb: implement PCI bus error interrupt map registers
Both OpenBSD and FreeBSD SPARC64 attempt to read the interrupt map from the
hardware and will fail if the correct ino isn't present.
Signed-off-by: Mark Cave-Ayland <mark.cave-ayland@ilande.co.uk>
reply other threads:[~2014-09-11 22:21 UTC|newest]
Thread overview: [no followups] expand[flat|nested] mbox.gz Atom feed
Reply instructions:
You may reply publicly to this message via plain-text email
using any one of the following methods:
* Save the following mbox file, import it into your mail client,
and reply-to-all from there: mbox
Avoid top-posting and favor interleaved quoting:
https://en.wikipedia.org/wiki/Posting_style#Interleaved_style
* Reply using the --to, --cc, and --in-reply-to
switches of git-send-email(1):
git send-email \
--in-reply-to=osstest-30228-mainreport@xen.org \
--to=ian.jackson@eu.citrix.com \
--cc=xen-devel@lists.xensource.com \
/path/to/YOUR_REPLY
https://kernel.org/pub/software/scm/git/docs/git-send-email.html
* If your mail client supports setting the In-Reply-To header
via mailto: links, try the mailto: link
Be sure your reply has a Subject: header at the top and a blank line
before the message body.
This is a public inbox, see mirroring instructions
for how to clone and mirror all data and code used for this inbox;
as well as URLs for NNTP newsgroup(s).