* [xen-unstable test] 30282: regressions - FAIL
@ 2014-09-16 8:57 xen.org
0 siblings, 0 replies; only message in thread
From: xen.org @ 2014-09-16 8:57 UTC (permalink / raw)
To: xen-devel; +Cc: ian.jackson
flight 30282 xen-unstable real [real]
http://www.chiark.greenend.org.uk/~xensrcts/logs/30282/
Regressions :-(
Tests which did not succeed and are blocking,
including tests which could not be run:
test-amd64-amd64-pair 18 guest-migrate/dst_host/src_host fail REGR. vs. 30273
Tests which did not succeed, but are not blocking:
test-amd64-i386-libvirt 9 guest-start fail never pass
test-armhf-armhf-libvirt 9 guest-start fail never pass
test-amd64-amd64-xl-pcipt-intel 9 guest-start fail never pass
test-amd64-amd64-libvirt 9 guest-start fail never pass
test-armhf-armhf-xl 10 migrate-support-check fail never pass
test-amd64-i386-xl-qemut-winxpsp3 14 guest-stop fail never pass
test-amd64-i386-xl-qemuu-win7-amd64 14 guest-stop fail never pass
test-amd64-i386-xl-qemuu-winxpsp3-vcpus1 14 guest-stop fail never pass
test-amd64-i386-xl-qemuu-winxpsp3 14 guest-stop fail never pass
test-amd64-i386-xl-qemut-winxpsp3-vcpus1 14 guest-stop fail never pass
test-amd64-amd64-xl-qemut-win7-amd64 14 guest-stop fail never pass
test-amd64-amd64-xl-qemuu-win7-amd64 14 guest-stop fail never pass
test-amd64-i386-xl-qemut-win7-amd64 14 guest-stop fail never pass
test-amd64-i386-xl-win7-amd64 14 guest-stop fail never pass
test-amd64-amd64-xl-qemut-winxpsp3 14 guest-stop fail never pass
test-amd64-amd64-xl-winxpsp3 14 guest-stop fail never pass
test-amd64-i386-xl-winxpsp3-vcpus1 14 guest-stop fail never pass
test-amd64-i386-xl-winxpsp3 14 guest-stop fail never pass
test-amd64-amd64-xl-win7-amd64 14 guest-stop fail never pass
test-amd64-amd64-xl-qemuu-winxpsp3 14 guest-stop fail never pass
version targeted for testing:
xen ff512a29052a6e44bbc703a58ef419d1e6333cd5
baseline version:
xen 7d203b337fb2dcd148d2df850e25b67c792d4d0b
------------------------------------------------------------
People who touched revisions under test:
Ian Campbell <ian.campbell@citrix.com>
Julien Grall <julien.grall@linaro.org>
Stefano Stabellini <stefano.stabellini@eu.citrix.com>
Vijaya Kumar K <Vijaya.Kumar@caviumnetworks.com>
------------------------------------------------------------
jobs:
build-amd64 pass
build-armhf pass
build-i386 pass
build-amd64-libvirt pass
build-armhf-libvirt pass
build-i386-libvirt pass
build-amd64-oldkern pass
build-i386-oldkern pass
build-amd64-pvops pass
build-armhf-pvops pass
build-i386-pvops pass
build-amd64-rumpuserxen pass
build-i386-rumpuserxen pass
test-amd64-amd64-xl pass
test-armhf-armhf-xl pass
test-amd64-i386-xl pass
test-amd64-i386-rhel6hvm-amd pass
test-amd64-i386-qemut-rhel6hvm-amd pass
test-amd64-i386-qemuu-rhel6hvm-amd pass
test-amd64-amd64-xl-qemut-debianhvm-amd64 pass
test-amd64-i386-xl-qemut-debianhvm-amd64 pass
test-amd64-amd64-xl-qemuu-debianhvm-amd64 pass
test-amd64-i386-xl-qemuu-debianhvm-amd64 pass
test-amd64-i386-freebsd10-amd64 pass
test-amd64-amd64-xl-qemuu-ovmf-amd64 pass
test-amd64-i386-xl-qemuu-ovmf-amd64 pass
test-amd64-amd64-rumpuserxen-amd64 pass
test-amd64-amd64-xl-qemut-win7-amd64 fail
test-amd64-i386-xl-qemut-win7-amd64 fail
test-amd64-amd64-xl-qemuu-win7-amd64 fail
test-amd64-i386-xl-qemuu-win7-amd64 fail
test-amd64-amd64-xl-win7-amd64 fail
test-amd64-i386-xl-win7-amd64 fail
test-amd64-i386-xl-credit2 pass
test-amd64-i386-freebsd10-i386 pass
test-amd64-i386-rumpuserxen-i386 pass
test-amd64-amd64-xl-pcipt-intel fail
test-amd64-i386-rhel6hvm-intel pass
test-amd64-i386-qemut-rhel6hvm-intel pass
test-amd64-i386-qemuu-rhel6hvm-intel pass
test-amd64-amd64-libvirt fail
test-armhf-armhf-libvirt fail
test-amd64-i386-libvirt fail
test-amd64-i386-xl-multivcpu pass
test-amd64-amd64-pair fail
test-amd64-i386-pair pass
test-amd64-amd64-xl-sedf-pin pass
test-amd64-amd64-xl-sedf pass
test-amd64-i386-xl-qemut-winxpsp3-vcpus1 fail
test-amd64-i386-xl-qemuu-winxpsp3-vcpus1 fail
test-amd64-i386-xl-winxpsp3-vcpus1 fail
test-amd64-amd64-xl-qemut-winxpsp3 fail
test-amd64-i386-xl-qemut-winxpsp3 fail
test-amd64-amd64-xl-qemuu-winxpsp3 fail
test-amd64-i386-xl-qemuu-winxpsp3 fail
test-amd64-amd64-xl-winxpsp3 fail
test-amd64-i386-xl-winxpsp3 fail
------------------------------------------------------------
sg-report-flight on osstest.cam.xci-test.com
logs: /home/xc_osstest/logs
images: /home/xc_osstest/images
Logs, config files, etc. are available at
http://www.chiark.greenend.org.uk/~xensrcts/logs
Test harness code can be found at
http://xenbits.xensource.com/gitweb?p=osstest.git;a=summary
Not pushing.
------------------------------------------------------------
commit ff512a29052a6e44bbc703a58ef419d1e6333cd5
Author: Vijaya Kumar K <Vijaya.Kumar@caviumnetworks.com>
Date: Fri Sep 12 16:39:49 2014 +0530
xen/arm: check for GICv3 platform support
ID_AA64PFR0_EL1 register provides information about GIC support.
Check for this register in GICv3 driver.
Also print GICv3 support information in boot log
Signed-off-by: Vijaya Kumar K <Vijaya.Kumar@caviumnetworks.com>
Acked-by: Ian Campbell <ian.campbell@citrix.com>
commit 114f47459d0ce5ba4a49ae760113ceb5b6731876
Author: Vijaya Kumar K <Vijaya.Kumar@caviumnetworks.com>
Date: Fri Sep 12 16:39:48 2014 +0530
xen/arm: add SGI handling for GICv3
In ARMv8, write to ICC_SGI1R_EL1 register raises trap to EL2.
Handle the trap and inject SGI to vcpu.
Signed-off-by: Vijaya Kumar K <Vijaya.Kumar@caviumnetworks.com>
Acked-by: Stefano Stabellini <stefano.stabellini@eu.citrix.com>
Acked-by: Julien Grall <julien.grall@linaro.org>
Acked-by: Ian Campbell <ian.campbell@citrix.com>
commit 5dd422c656c6781a4703bb5b681d558d7c199996
Author: Vijaya Kumar K <Vijaya.Kumar@caviumnetworks.com>
Date: Fri Sep 12 16:39:47 2014 +0530
xen/arm: Update Dom0 GIC dt node with GICv3 information
Update GIC device tree node for DOM0 with GICv3
information. GIC hw specfic device tree information
is moved to respective GIC driver.
Signed-off-by: Vijaya Kumar K <Vijaya.Kumar@caviumnetworks.com>
Acked-by: Julien Grall <julien.grall@linaro.org>
Acked-by: Ian Campbell <ian.campbell@citrix.com>
commit 73b9bdfd2adab8ed0cea91d3e4470b0d1bf76591
Author: Vijaya Kumar K <Vijaya.Kumar@caviumnetworks.com>
Date: Fri Sep 12 16:39:46 2014 +0530
xen/arm: Add virtual GICv3 support
Add virtual GICv3 driver support.
Also, with this patch vgic_irq_rank structure is modified to
hold GICv2 GICD_TARGET and GICv3 GICD_ROUTER registers under
union.
This patch adds only basic GICv3 support.
Does not support Interrupt Translation support (ITS)
Signed-off-by: Vijaya Kumar K <Vijaya.Kumar@caviumnetworks.com>
Acked-by: Stefano Stabellini <stefano.stabellini@eu.citrix.com>
commit bc183a0235e092bb0dd3cea97fc4ea55c490101e
Author: Vijaya Kumar K <Vijaya.Kumar@caviumnetworks.com>
Date: Fri Sep 12 16:39:45 2014 +0530
xen/arm: Add support for GIC v3
Add support for GIC v3 specification System register access(SRE)
is enabled to access cpu and virtual interface registers based
on kernel GICv3 driver.
This patch adds only basic v3 support.
Does not support Interrupt Translation support (ITS)
Signed-off-by: Vijaya Kumar K <Vijaya.Kumar@caviumnetworks.com>
Acked-by: Stefano Stabellini <stefano.stabellini@eu.citrix.com>
commit 4218cde8870cd8a1178ee8eca56ca492a3629de1
Author: Vijaya Kumar K <Vijaya.Kumar@caviumnetworks.com>
Date: Fri Sep 12 16:39:44 2014 +0530
xen/arm: Add vgic callback to read irq priority
Use callback in vgic driver to read priority for
a given irq
Signed-off-by: Vijaya Kumar K <Vijaya.Kumar@caviumnetworks.com>
commit 5cf5289622d03ea3af5d6ca7a3b325fa4ce0b286
Author: Vijaya Kumar K <Vijaya.Kumar@caviumnetworks.com>
Date: Fri Sep 12 16:39:43 2014 +0530
xen/arm: Calculate irq rank from irq number
irq rank calculated is not generic and assumes
hardware register size value which does not work
for future GIC versions like V3.
Signed-off-by: Vijaya Kumar K <Vijaya.Kumar@caviumnetworks.com>
Acked-by: Stefano Stabellini <stefano.stabellini@eu.citrix.com>
(qemu changes not included)
^ permalink raw reply [flat|nested] only message in thread
only message in thread, other threads:[~2014-09-16 8:57 UTC | newest]
Thread overview: (only message) (download: mbox.gz follow: Atom feed
-- links below jump to the message on this page --
2014-09-16 8:57 [xen-unstable test] 30282: regressions - FAIL xen.org
This is a public inbox, see mirroring instructions
for how to clone and mirror all data and code used for this inbox;
as well as URLs for NNTP newsgroup(s).