From mboxrd@z Thu Jan 1 00:00:00 1970 From: xen.org Subject: [libvirt test] 30286: regressions - FAIL Date: Tue, 16 Sep 2014 12:24:29 +0100 Message-ID: Mime-Version: 1.0 Content-Type: text/plain; charset="us-ascii" Content-Transfer-Encoding: 7bit Return-path: List-Unsubscribe: , List-Post: List-Help: List-Subscribe: , Sender: xen-devel-bounces@lists.xen.org Errors-To: xen-devel-bounces@lists.xen.org To: xen-devel@lists.xensource.com Cc: ian.jackson@eu.citrix.com List-Id: xen-devel@lists.xenproject.org flight 30286 libvirt real [real] http://www.chiark.greenend.org.uk/~xensrcts/logs/30286/ Regressions :-( Tests which did not succeed and are blocking, including tests which could not be run: build-armhf-libvirt 5 libvirt-build fail REGR. vs. 30226 Tests which did not succeed, but are not blocking: test-amd64-i386-libvirt 9 guest-start fail never pass test-armhf-armhf-libvirt 1 build-check(1) blocked n/a test-amd64-amd64-libvirt 9 guest-start fail never pass version targeted for testing: libvirt 82494cd628eedd4c698a7f11a4001c586107c198 baseline version: libvirt 6c555027dd4ff862ab1d7dd710ee94a45b21d44a ------------------------------------------------------------ People who touched revisions under test: Daniel P. Berrange Eric Blake Erik Skultety Hongbin Lu Jim Fehlig Jiri Denemark John Ferlan Laine Stump Lubomir Rintel Martin Kletzander Michal Privoznik Pavel Hrdina Peter Krempa ------------------------------------------------------------ jobs: build-amd64 pass build-armhf pass build-i386 pass build-amd64-libvirt pass build-armhf-libvirt fail build-i386-libvirt pass build-amd64-pvops pass build-armhf-pvops pass build-i386-pvops pass test-amd64-amd64-libvirt fail test-armhf-armhf-libvirt blocked test-amd64-i386-libvirt fail ------------------------------------------------------------ sg-report-flight on osstest.cam.xci-test.com logs: /home/xc_osstest/logs images: /home/xc_osstest/images Logs, config files, etc. are available at http://www.chiark.greenend.org.uk/~xensrcts/logs Test harness code can be found at http://xenbits.xensource.com/gitweb?p=osstest.git;a=summary Not pushing. (No revision log; it would be 1152 lines long.)