xen-devel.lists.xenproject.org archive mirror
 help / color / mirror / Atom feed
* [libvirt test] 30286: regressions - FAIL
@ 2014-09-16 11:24 xen.org
  0 siblings, 0 replies; only message in thread
From: xen.org @ 2014-09-16 11:24 UTC (permalink / raw)
  To: xen-devel; +Cc: ian.jackson

flight 30286 libvirt real [real]
http://www.chiark.greenend.org.uk/~xensrcts/logs/30286/

Regressions :-(

Tests which did not succeed and are blocking,
including tests which could not be run:
 build-armhf-libvirt           5 libvirt-build             fail REGR. vs. 30226

Tests which did not succeed, but are not blocking:
 test-amd64-i386-libvirt       9 guest-start                  fail   never pass
 test-armhf-armhf-libvirt      1 build-check(1)               blocked  n/a
 test-amd64-amd64-libvirt      9 guest-start                  fail   never pass

version targeted for testing:
 libvirt              82494cd628eedd4c698a7f11a4001c586107c198
baseline version:
 libvirt              6c555027dd4ff862ab1d7dd710ee94a45b21d44a

------------------------------------------------------------
People who touched revisions under test:
  Daniel P. Berrange <berrange@redhat.com>
  Eric Blake <eblake@redhat.com>
  Erik Skultety <eskultet@redhat.com>
  Hongbin Lu <hongbin034@gmail.com>
  Jim Fehlig <jfehlig@suse.com>
  Jiri Denemark <jdenemar@redhat.com>
  John Ferlan <jferlan@redhat.com>
  Laine Stump <laine@laine.org>
  Lubomir Rintel <lkundrak@v3.sk>
  Martin Kletzander <mkletzan@redhat.com>
  Michal Privoznik <mprivozn@redhat.com>
  Pavel Hrdina <phrdina@redhat.com>
  Peter Krempa <pkrempa@redhat.com>
------------------------------------------------------------

jobs:
 build-amd64                                                  pass    
 build-armhf                                                  pass    
 build-i386                                                   pass    
 build-amd64-libvirt                                          pass    
 build-armhf-libvirt                                          fail    
 build-i386-libvirt                                           pass    
 build-amd64-pvops                                            pass    
 build-armhf-pvops                                            pass    
 build-i386-pvops                                             pass    
 test-amd64-amd64-libvirt                                     fail    
 test-armhf-armhf-libvirt                                     blocked 
 test-amd64-i386-libvirt                                      fail    


------------------------------------------------------------
sg-report-flight on osstest.cam.xci-test.com
logs: /home/xc_osstest/logs
images: /home/xc_osstest/images

Logs, config files, etc. are available at
    http://www.chiark.greenend.org.uk/~xensrcts/logs

Test harness code can be found at
    http://xenbits.xensource.com/gitweb?p=osstest.git;a=summary


Not pushing.

(No revision log; it would be 1152 lines long.)

^ permalink raw reply	[flat|nested] only message in thread

only message in thread, other threads:[~2014-09-16 11:24 UTC | newest]

Thread overview: (only message) (download: mbox.gz follow: Atom feed
-- links below jump to the message on this page --
2014-09-16 11:24 [libvirt test] 30286: regressions - FAIL xen.org

This is a public inbox, see mirroring instructions
for how to clone and mirror all data and code used for this inbox;
as well as URLs for NNTP newsgroup(s).