* [qemu-mainline test] 30293: regressions - trouble: blocked/broken/fail/pass
@ 2014-09-17 3:42 xen.org
0 siblings, 0 replies; only message in thread
From: xen.org @ 2014-09-17 3:42 UTC (permalink / raw)
To: xen-devel; +Cc: ian.jackson
[-- Attachment #1: Type: text/plain, Size: 7841 bytes --]
flight 30293 qemu-mainline real [real]
http://www.chiark.greenend.org.uk/~xensrcts/logs/30293/
Regressions :-(
Tests which did not succeed and are blocking,
including tests which could not be run:
build-armhf-pvops 3 host-install(3) broken REGR. vs. 30281
test-amd64-i386-xl-qemut-winxpsp3-vcpus1 12 guest-localmigrate.2 fail REGR. vs. 30281
test-amd64-i386-xl-qemuu-win7-amd64 7 windows-install fail REGR. vs. 30281
Regressions which are regarded as allowable (not blocking):
test-amd64-amd64-xl-sedf 12 guest-localmigrate fail REGR. vs. 30281
Tests which did not succeed, but are not blocking:
test-armhf-armhf-libvirt 1 build-check(1) blocked n/a
test-amd64-i386-libvirt 9 guest-start fail never pass
test-armhf-armhf-xl 1 build-check(1) blocked n/a
test-amd64-amd64-libvirt 9 guest-start fail never pass
test-amd64-amd64-xl-pcipt-intel 9 guest-start fail never pass
test-amd64-i386-xl-qemut-win7-amd64 14 guest-stop fail never pass
test-amd64-amd64-xl-win7-amd64 14 guest-stop fail never pass
test-amd64-i386-xl-win7-amd64 14 guest-stop fail never pass
test-amd64-i386-xl-qemuu-winxpsp3-vcpus1 14 guest-stop fail never pass
test-amd64-amd64-xl-winxpsp3 14 guest-stop fail never pass
test-amd64-amd64-xl-qemut-winxpsp3 14 guest-stop fail never pass
test-amd64-i386-xl-qemut-winxpsp3 14 guest-stop fail never pass
test-amd64-amd64-xl-qemuu-win7-amd64 14 guest-stop fail never pass
test-amd64-amd64-xl-qemut-win7-amd64 14 guest-stop fail never pass
test-amd64-amd64-xl-qemuu-winxpsp3 14 guest-stop fail never pass
test-amd64-i386-xl-winxpsp3-vcpus1 14 guest-stop fail never pass
test-amd64-i386-xl-winxpsp3 14 guest-stop fail never pass
test-amd64-i386-xl-qemuu-winxpsp3 14 guest-stop fail never pass
version targeted for testing:
qemuu 5f3fb5a2e259322d50d289f180ac7e452ad1b6f8
baseline version:
qemuu cc35a44cf7b522b1fd0b786562b7de4b881c41b0
------------------------------------------------------------
People who touched revisions under test:
Gerd Hoffmann <kraxel@redhat.com>
Marc-André Lureau <marcandre.lureau@gmail.com>
Peter Maydell <peter.maydell@linaro.org>
------------------------------------------------------------
jobs:
build-amd64 pass
build-armhf pass
build-i386 pass
build-amd64-libvirt pass
build-armhf-libvirt pass
build-i386-libvirt pass
build-amd64-pvops pass
build-armhf-pvops broken
build-i386-pvops pass
test-amd64-amd64-xl pass
test-armhf-armhf-xl blocked
test-amd64-i386-xl pass
test-amd64-i386-rhel6hvm-amd pass
test-amd64-i386-qemut-rhel6hvm-amd pass
test-amd64-i386-qemuu-rhel6hvm-amd pass
test-amd64-amd64-xl-qemut-debianhvm-amd64 pass
test-amd64-i386-xl-qemut-debianhvm-amd64 pass
test-amd64-amd64-xl-qemuu-debianhvm-amd64 pass
test-amd64-i386-xl-qemuu-debianhvm-amd64 pass
test-amd64-i386-freebsd10-amd64 pass
test-amd64-amd64-xl-qemuu-ovmf-amd64 pass
test-amd64-i386-xl-qemuu-ovmf-amd64 pass
test-amd64-amd64-xl-qemut-win7-amd64 fail
test-amd64-i386-xl-qemut-win7-amd64 fail
test-amd64-amd64-xl-qemuu-win7-amd64 fail
test-amd64-i386-xl-qemuu-win7-amd64 fail
test-amd64-amd64-xl-win7-amd64 fail
test-amd64-i386-xl-win7-amd64 fail
test-amd64-i386-xl-credit2 pass
test-amd64-i386-freebsd10-i386 pass
test-amd64-amd64-xl-pcipt-intel fail
test-amd64-i386-rhel6hvm-intel pass
test-amd64-i386-qemut-rhel6hvm-intel pass
test-amd64-i386-qemuu-rhel6hvm-intel pass
test-amd64-amd64-libvirt fail
test-armhf-armhf-libvirt blocked
test-amd64-i386-libvirt fail
test-amd64-i386-xl-multivcpu pass
test-amd64-amd64-pair pass
test-amd64-i386-pair pass
test-amd64-amd64-xl-sedf-pin pass
test-amd64-amd64-xl-sedf fail
test-amd64-i386-xl-qemut-winxpsp3-vcpus1 fail
test-amd64-i386-xl-qemuu-winxpsp3-vcpus1 fail
test-amd64-i386-xl-winxpsp3-vcpus1 fail
test-amd64-amd64-xl-qemut-winxpsp3 fail
test-amd64-i386-xl-qemut-winxpsp3 fail
test-amd64-amd64-xl-qemuu-winxpsp3 fail
test-amd64-i386-xl-qemuu-winxpsp3 fail
test-amd64-amd64-xl-winxpsp3 fail
test-amd64-i386-xl-winxpsp3 fail
------------------------------------------------------------
sg-report-flight on osstest.cam.xci-test.com
logs: /home/xc_osstest/logs
images: /home/xc_osstest/images
Logs, config files, etc. are available at
http://www.chiark.greenend.org.uk/~xensrcts/logs
Test harness code can be found at
http://xenbits.xensource.com/gitweb?p=osstest.git;a=summary
Not pushing.
------------------------------------------------------------
commit 5f3fb5a2e259322d50d289f180ac7e452ad1b6f8
Merge: cc35a44 07d49a5
Author: Peter Maydell <peter.maydell@linaro.org>
Date: Tue Sep 16 18:28:31 2014 +0100
Merge remote-tracking branch 'remotes/spice/tags/pull-spice-20140916-2' into staging
spice: call qemu_spice_set_passwd() during init
# gpg: Signature made Tue 16 Sep 2014 07:11:22 BST using RSA key ID D3E87138
# gpg: Good signature from "Gerd Hoffmann (work) <kraxel@redhat.com>"
# gpg: aka "Gerd Hoffmann <gerd@kraxel.org>"
# gpg: aka "Gerd Hoffmann (private) <kraxel@gmail.com>"
* remotes/spice/tags/pull-spice-20140916-2:
spice: call qemu_spice_set_passwd() during init
Signed-off-by: Peter Maydell <peter.maydell@linaro.org>
commit 07d49a53b6394941ed833486a3acb5c480d87db2
Author: Marc-André Lureau <marcandre.lureau@gmail.com>
Date: Fri Sep 5 14:08:48 2014 +0200
spice: call qemu_spice_set_passwd() during init
Don't call SPICE API directly to set password given in command line, but
use the internal API, saving password for later calls.
This solves losing password when changing expiration in qemu monitor.
https://bugzilla.redhat.com/show_bug.cgi?id=1138639
Signed-off-by: Gerd Hoffmann <kraxel@redhat.com>
[-- Attachment #2: Type: text/plain, Size: 126 bytes --]
_______________________________________________
Xen-devel mailing list
Xen-devel@lists.xen.org
http://lists.xen.org/xen-devel
^ permalink raw reply [flat|nested] only message in thread
only message in thread, other threads:[~2014-09-17 3:42 UTC | newest]
Thread overview: (only message) (download: mbox.gz follow: Atom feed
-- links below jump to the message on this page --
2014-09-17 3:42 [qemu-mainline test] 30293: regressions - trouble: blocked/broken/fail/pass xen.org
This is a public inbox, see mirroring instructions
for how to clone and mirror all data and code used for this inbox;
as well as URLs for NNTP newsgroup(s).