* [qemu-mainline test] 30298: regressions - FAIL
@ 2014-09-17 18:21 xen.org
0 siblings, 0 replies; only message in thread
From: xen.org @ 2014-09-17 18:21 UTC (permalink / raw)
To: xen-devel; +Cc: ian.jackson
[-- Attachment #1: Type: text/plain, Size: 12048 bytes --]
flight 30298 qemu-mainline real [real]
http://www.chiark.greenend.org.uk/~xensrcts/logs/30298/
Regressions :-(
Tests which did not succeed and are blocking,
including tests which could not be run:
test-amd64-i386-qemuu-rhel6hvm-amd 10 guest-destroy fail REGR. vs. 30281
Regressions which are regarded as allowable (not blocking):
test-amd64-amd64-xl-sedf 15 guest-localmigrate/x10 fail REGR. vs. 30281
Tests which did not succeed, but are not blocking:
test-armhf-armhf-libvirt 9 guest-start fail never pass
test-amd64-i386-libvirt 9 guest-start fail never pass
test-amd64-amd64-libvirt 9 guest-start fail never pass
test-armhf-armhf-xl 10 migrate-support-check fail never pass
test-amd64-amd64-xl-pcipt-intel 9 guest-start fail never pass
test-amd64-i386-xl-qemut-win7-amd64 14 guest-stop fail never pass
test-amd64-amd64-xl-win7-amd64 14 guest-stop fail never pass
test-amd64-i386-xl-win7-amd64 14 guest-stop fail never pass
test-amd64-i386-xl-qemuu-winxpsp3-vcpus1 14 guest-stop fail never pass
test-amd64-i386-xl-qemut-winxpsp3-vcpus1 14 guest-stop fail never pass
test-amd64-amd64-xl-winxpsp3 14 guest-stop fail never pass
test-amd64-amd64-xl-qemut-winxpsp3 14 guest-stop fail never pass
test-amd64-i386-xl-qemut-winxpsp3 14 guest-stop fail never pass
test-amd64-amd64-xl-qemuu-win7-amd64 14 guest-stop fail never pass
test-amd64-amd64-xl-qemut-win7-amd64 14 guest-stop fail never pass
test-amd64-amd64-xl-qemuu-winxpsp3 14 guest-stop fail never pass
test-amd64-i386-xl-winxpsp3-vcpus1 14 guest-stop fail never pass
test-amd64-i386-xl-qemuu-win7-amd64 14 guest-stop fail never pass
test-amd64-i386-xl-winxpsp3 14 guest-stop fail never pass
test-amd64-i386-xl-qemuu-winxpsp3 14 guest-stop fail never pass
version targeted for testing:
qemuu e4d50d47a9eb15f42bdd561803a29a4d7c3eb8ec
baseline version:
qemuu cc35a44cf7b522b1fd0b786562b7de4b881c41b0
------------------------------------------------------------
People who touched revisions under test:
Gerd Hoffmann <kraxel@redhat.com>
Marc-André Lureau <marcandre.lureau@gmail.com>
Peter Maydell <peter.maydell@linaro.org>
------------------------------------------------------------
jobs:
build-amd64 pass
build-armhf pass
build-i386 pass
build-amd64-libvirt pass
build-armhf-libvirt pass
build-i386-libvirt pass
build-amd64-pvops pass
build-armhf-pvops pass
build-i386-pvops pass
test-amd64-amd64-xl pass
test-armhf-armhf-xl pass
test-amd64-i386-xl pass
test-amd64-i386-rhel6hvm-amd pass
test-amd64-i386-qemut-rhel6hvm-amd pass
test-amd64-i386-qemuu-rhel6hvm-amd fail
test-amd64-amd64-xl-qemut-debianhvm-amd64 pass
test-amd64-i386-xl-qemut-debianhvm-amd64 pass
test-amd64-amd64-xl-qemuu-debianhvm-amd64 pass
test-amd64-i386-xl-qemuu-debianhvm-amd64 pass
test-amd64-i386-freebsd10-amd64 pass
test-amd64-amd64-xl-qemuu-ovmf-amd64 pass
test-amd64-i386-xl-qemuu-ovmf-amd64 pass
test-amd64-amd64-xl-qemut-win7-amd64 fail
test-amd64-i386-xl-qemut-win7-amd64 fail
test-amd64-amd64-xl-qemuu-win7-amd64 fail
test-amd64-i386-xl-qemuu-win7-amd64 fail
test-amd64-amd64-xl-win7-amd64 fail
test-amd64-i386-xl-win7-amd64 fail
test-amd64-i386-xl-credit2 pass
test-amd64-i386-freebsd10-i386 pass
test-amd64-amd64-xl-pcipt-intel fail
test-amd64-i386-rhel6hvm-intel pass
test-amd64-i386-qemut-rhel6hvm-intel pass
test-amd64-i386-qemuu-rhel6hvm-intel pass
test-amd64-amd64-libvirt fail
test-armhf-armhf-libvirt fail
test-amd64-i386-libvirt fail
test-amd64-i386-xl-multivcpu pass
test-amd64-amd64-pair pass
test-amd64-i386-pair pass
test-amd64-amd64-xl-sedf-pin pass
test-amd64-amd64-xl-sedf fail
test-amd64-i386-xl-qemut-winxpsp3-vcpus1 fail
test-amd64-i386-xl-qemuu-winxpsp3-vcpus1 fail
test-amd64-i386-xl-winxpsp3-vcpus1 fail
test-amd64-amd64-xl-qemut-winxpsp3 fail
test-amd64-i386-xl-qemut-winxpsp3 fail
test-amd64-amd64-xl-qemuu-winxpsp3 fail
test-amd64-i386-xl-qemuu-winxpsp3 fail
test-amd64-amd64-xl-winxpsp3 fail
test-amd64-i386-xl-winxpsp3 fail
------------------------------------------------------------
sg-report-flight on osstest.cam.xci-test.com
logs: /home/xc_osstest/logs
images: /home/xc_osstest/images
Logs, config files, etc. are available at
http://www.chiark.greenend.org.uk/~xensrcts/logs
Test harness code can be found at
http://xenbits.xensource.com/gitweb?p=osstest.git;a=summary
Not pushing.
------------------------------------------------------------
commit e4d50d47a9eb15f42bdd561803a29a4d7c3eb8ec
Author: Peter Maydell <peter.maydell@linaro.org>
Date: Tue Sep 2 11:24:17 2014 +0100
qemu-char: Rename register_char_driver_qapi() to register_char_driver()
Now we have removed the legacy register_char_driver() we can
rename register_char_driver_qapi() to the more obvious and
shorter name.
Signed-off-by: Peter Maydell <peter.maydell@linaro.org>
Message-id: 1409653457-27863-6-git-send-email-peter.maydell@linaro.org
commit a61ae7f88ce5c4c781d89b789118bf19a17b028f
Author: Peter Maydell <peter.maydell@linaro.org>
Date: Tue Sep 2 11:24:16 2014 +0100
qemu-char: Remove register_char_driver() machinery
Now that all the char backends have been converted to the QAPI
framework we can remove the machinery for handling old style
backends.
Signed-off-by: Peter Maydell <peter.maydell@linaro.org>
Message-id: 1409653457-27863-5-git-send-email-peter.maydell@linaro.org
commit 90a14bfe52166e5a85fff4e20532a22ae21dc6a7
Author: Peter Maydell <peter.maydell@linaro.org>
Date: Tue Sep 2 11:24:15 2014 +0100
qemu-char: Convert udp backend to QAPI
Convert the udp char backend to the new style QAPI framework.
Signed-off-by: Peter Maydell <peter.maydell@linaro.org>
Message-id: 1409653457-27863-4-git-send-email-peter.maydell@linaro.org
commit 8287fea321882b01d30cd7bfc85d1a043935d525
Author: Peter Maydell <peter.maydell@linaro.org>
Date: Tue Sep 2 11:24:14 2014 +0100
util/qemu-sockets.c: Support specifying IPv4 or IPv6 in socket_dgram()
Currently you can specify whether you want a UDP chardev backend
to be IPv4 or IPv6 using the ipv4 or ipv6 options if you use the
QemuOpts parsing code in inet_dgram_opts(). However the QMP struct
parsing code in socket_dgram() doesn't provide this flexibility
(which in turn prevents us from converting the UDP backend handling
to the new style QAPI framework).
Use the existing inet_addr_to_opts() function to convert the
remote->inet address to option strings; this handles ipv4 and
ipv6 flags as well as host and port. (It will also convert any
'to' specification, which is harmless as it is ignored in this
context.)
Signed-off-by: Peter Maydell <peter.maydell@linaro.org>
Message-id: 1409653457-27863-3-git-send-email-peter.maydell@linaro.org
commit dafd325dbbf6053e15f256b53942cb44103058dd
Author: Peter Maydell <peter.maydell@linaro.org>
Date: Tue Sep 2 11:24:13 2014 +0100
qemu-char: Convert socket backend to QAPI
Convert the socket char backend to the new style QAPI framework;
this allows it to return an Error ** to callers who might not
want it to print directly about socket failures.
Signed-off-by: Peter Maydell <peter.maydell@linaro.org>
Message-id: 1409653457-27863-2-git-send-email-peter.maydell@linaro.org
commit 8af47027eb51d2d2afd15cff3ab7236a0211b8a0
Merge: 5f3fb5a 0d61f7d
Author: Peter Maydell <peter.maydell@linaro.org>
Date: Tue Sep 16 18:29:40 2014 +0100
Merge remote-tracking branch 'remotes/kraxel/tags/pull-sdl-20140916-1' into staging
Two minor sdl2 fixes.
# gpg: Signature made Tue 16 Sep 2014 07:20:37 BST using RSA key ID D3E87138
# gpg: Good signature from "Gerd Hoffmann (work) <kraxel@redhat.com>"
# gpg: aka "Gerd Hoffmann <gerd@kraxel.org>"
# gpg: aka "Gerd Hoffmann (private) <kraxel@gmail.com>"
* remotes/kraxel/tags/pull-sdl-20140916-1:
sdl2: keymap fixups
sdl2: drop sdl_zoom.h
Signed-off-by: Peter Maydell <peter.maydell@linaro.org>
commit 5f3fb5a2e259322d50d289f180ac7e452ad1b6f8
Merge: cc35a44 07d49a5
Author: Peter Maydell <peter.maydell@linaro.org>
Date: Tue Sep 16 18:28:31 2014 +0100
Merge remote-tracking branch 'remotes/spice/tags/pull-spice-20140916-2' into staging
spice: call qemu_spice_set_passwd() during init
# gpg: Signature made Tue 16 Sep 2014 07:11:22 BST using RSA key ID D3E87138
# gpg: Good signature from "Gerd Hoffmann (work) <kraxel@redhat.com>"
# gpg: aka "Gerd Hoffmann <gerd@kraxel.org>"
# gpg: aka "Gerd Hoffmann (private) <kraxel@gmail.com>"
* remotes/spice/tags/pull-spice-20140916-2:
spice: call qemu_spice_set_passwd() during init
Signed-off-by: Peter Maydell <peter.maydell@linaro.org>
commit 07d49a53b6394941ed833486a3acb5c480d87db2
Author: Marc-André Lureau <marcandre.lureau@gmail.com>
Date: Fri Sep 5 14:08:48 2014 +0200
spice: call qemu_spice_set_passwd() during init
Don't call SPICE API directly to set password given in command line, but
use the internal API, saving password for later calls.
This solves losing password when changing expiration in qemu monitor.
https://bugzilla.redhat.com/show_bug.cgi?id=1138639
Signed-off-by: Gerd Hoffmann <kraxel@redhat.com>
commit 0d61f7dcc6c04e7e825417c74e50362d990330bf
Author: Gerd Hoffmann <kraxel@redhat.com>
Date: Tue Jul 29 13:52:27 2014 +0200
sdl2: keymap fixups
Make a few keys works correctly in SDL2.
Signed-off-by: Gerd Hoffmann <kraxel@redhat.com>
commit 4f36e42ee9334c56f0ea8048ccdbe8ae8372346e
Author: Gerd Hoffmann <kraxel@redhat.com>
Date: Thu Jul 24 13:45:38 2014 +0200
sdl2: drop sdl_zoom.h
It isn't used.
Signed-off-by: Gerd Hoffmann <kraxel@redhat.com>
[-- Attachment #2: Type: text/plain, Size: 126 bytes --]
_______________________________________________
Xen-devel mailing list
Xen-devel@lists.xen.org
http://lists.xen.org/xen-devel
^ permalink raw reply [flat|nested] only message in thread
only message in thread, other threads:[~2014-09-17 18:21 UTC | newest]
Thread overview: (only message) (download: mbox.gz follow: Atom feed
-- links below jump to the message on this page --
2014-09-17 18:21 [qemu-mainline test] 30298: regressions - FAIL xen.org
This is a public inbox, see mirroring instructions
for how to clone and mirror all data and code used for this inbox;
as well as URLs for NNTP newsgroup(s).