xen-devel.lists.xenproject.org archive mirror
 help / color / mirror / Atom feed
* [qemu-mainline test] 30321: regressions - trouble: broken/fail/pass
@ 2014-09-19  9:18 xen.org
  0 siblings, 0 replies; only message in thread
From: xen.org @ 2014-09-19  9:18 UTC (permalink / raw)
  To: xen-devel; +Cc: ian.jackson

flight 30321 qemu-mainline real [real]
http://www.chiark.greenend.org.uk/~xensrcts/logs/30321/

Regressions :-(

Tests which did not succeed and are blocking,
including tests which could not be run:
 test-armhf-armhf-libvirt      3 host-install(3)         broken REGR. vs. 30306
 test-armhf-armhf-xl           9 guest-start               fail REGR. vs. 30306
 test-amd64-i386-freebsd10-i386 12 guest-saverestore.2     fail REGR. vs. 30306

Tests which did not succeed, but are not blocking:
 test-amd64-i386-libvirt       9 guest-start                  fail   never pass
 test-amd64-amd64-libvirt      9 guest-start                  fail   never pass
 test-amd64-amd64-xl-pcipt-intel  9 guest-start                 fail never pass
 test-amd64-i386-xl-qemut-win7-amd64 14 guest-stop              fail never pass
 test-amd64-amd64-xl-win7-amd64 14 guest-stop                   fail never pass
 test-amd64-i386-xl-win7-amd64 14 guest-stop                   fail  never pass
 test-amd64-i386-xl-qemuu-winxpsp3-vcpus1 14 guest-stop         fail never pass
 test-amd64-i386-xl-qemut-winxpsp3-vcpus1 14 guest-stop         fail never pass
 test-amd64-amd64-xl-winxpsp3 14 guest-stop                   fail   never pass
 test-amd64-amd64-xl-qemut-winxpsp3 14 guest-stop               fail never pass
 test-amd64-amd64-xl-qemut-win7-amd64 14 guest-stop             fail never pass
 test-amd64-i386-xl-qemut-winxpsp3 14 guest-stop                fail never pass
 test-amd64-amd64-xl-qemuu-win7-amd64 14 guest-stop             fail never pass
 test-amd64-amd64-xl-qemuu-winxpsp3 14 guest-stop               fail never pass
 test-amd64-i386-xl-winxpsp3-vcpus1 14 guest-stop               fail never pass
 test-amd64-i386-xl-qemuu-win7-amd64 14 guest-stop              fail never pass
 test-amd64-i386-xl-winxpsp3  14 guest-stop                   fail   never pass
 test-amd64-i386-xl-qemuu-winxpsp3 14 guest-stop                fail never pass

version targeted for testing:
 qemuu                bb26a1e80b5639d71119ff58e0ef598708993fc0
baseline version:
 qemuu                e4d50d47a9eb15f42bdd561803a29a4d7c3eb8ec

------------------------------------------------------------
People who touched revisions under test:
  Gerd Hoffmann <kraxel@redhat.com>
  Markus Armbruster <armbru@redhat.com>
  Peter Lieven <pl@kamp.de>
  Peter Maydell <peter.maydell@linaro.org>
------------------------------------------------------------

jobs:
 build-amd64                                                  pass    
 build-armhf                                                  pass    
 build-i386                                                   pass    
 build-amd64-libvirt                                          pass    
 build-armhf-libvirt                                          pass    
 build-i386-libvirt                                           pass    
 build-amd64-pvops                                            pass    
 build-armhf-pvops                                            pass    
 build-i386-pvops                                             pass    
 test-amd64-amd64-xl                                          pass    
 test-armhf-armhf-xl                                          fail    
 test-amd64-i386-xl                                           pass    
 test-amd64-i386-rhel6hvm-amd                                 pass    
 test-amd64-i386-qemut-rhel6hvm-amd                           pass    
 test-amd64-i386-qemuu-rhel6hvm-amd                           pass    
 test-amd64-amd64-xl-qemut-debianhvm-amd64                    pass    
 test-amd64-i386-xl-qemut-debianhvm-amd64                     pass    
 test-amd64-amd64-xl-qemuu-debianhvm-amd64                    pass    
 test-amd64-i386-xl-qemuu-debianhvm-amd64                     pass    
 test-amd64-i386-freebsd10-amd64                              pass    
 test-amd64-amd64-xl-qemuu-ovmf-amd64                         pass    
 test-amd64-i386-xl-qemuu-ovmf-amd64                          pass    
 test-amd64-amd64-xl-qemut-win7-amd64                         fail    
 test-amd64-i386-xl-qemut-win7-amd64                          fail    
 test-amd64-amd64-xl-qemuu-win7-amd64                         fail    
 test-amd64-i386-xl-qemuu-win7-amd64                          fail    
 test-amd64-amd64-xl-win7-amd64                               fail    
 test-amd64-i386-xl-win7-amd64                                fail    
 test-amd64-i386-xl-credit2                                   pass    
 test-amd64-i386-freebsd10-i386                               fail    
 test-amd64-amd64-xl-pcipt-intel                              fail    
 test-amd64-i386-rhel6hvm-intel                               pass    
 test-amd64-i386-qemut-rhel6hvm-intel                         pass    
 test-amd64-i386-qemuu-rhel6hvm-intel                         pass    
 test-amd64-amd64-libvirt                                     fail    
 test-armhf-armhf-libvirt                                     broken  
 test-amd64-i386-libvirt                                      fail    
 test-amd64-i386-xl-multivcpu                                 pass    
 test-amd64-amd64-pair                                        pass    
 test-amd64-i386-pair                                         pass    
 test-amd64-amd64-xl-sedf-pin                                 pass    
 test-amd64-amd64-xl-sedf                                     pass    
 test-amd64-i386-xl-qemut-winxpsp3-vcpus1                     fail    
 test-amd64-i386-xl-qemuu-winxpsp3-vcpus1                     fail    
 test-amd64-i386-xl-winxpsp3-vcpus1                           fail    
 test-amd64-amd64-xl-qemut-winxpsp3                           fail    
 test-amd64-i386-xl-qemut-winxpsp3                            fail    
 test-amd64-amd64-xl-qemuu-winxpsp3                           fail    
 test-amd64-i386-xl-qemuu-winxpsp3                            fail    
 test-amd64-amd64-xl-winxpsp3                                 fail    
 test-amd64-i386-xl-winxpsp3                                  fail    


------------------------------------------------------------
sg-report-flight on osstest.cam.xci-test.com
logs: /home/xc_osstest/logs
images: /home/xc_osstest/images

Logs, config files, etc. are available at
    http://www.chiark.greenend.org.uk/~xensrcts/logs

Test harness code can be found at
    http://xenbits.xensource.com/gitweb?p=osstest.git;a=summary


Not pushing.

------------------------------------------------------------
commit bb26a1e80b5639d71119ff58e0ef598708993fc0
Merge: e4d50d4 9d64fab
Author: Peter Maydell <peter.maydell@linaro.org>
Date:   Thu Sep 18 17:00:38 2014 +0100

    Merge remote-tracking branch 'remotes/kraxel/tags/pull-vnc-20140918-1' into staging
    
    vnc: set TCP_NODELAY, cleanup in tlc code
    
    # gpg: Signature made Thu 18 Sep 2014 07:02:37 BST using RSA key ID D3E87138
    # gpg: Good signature from "Gerd Hoffmann (work) <kraxel@redhat.com>"
    # gpg:                 aka "Gerd Hoffmann <gerd@kraxel.org>"
    # gpg:                 aka "Gerd Hoffmann (private) <kraxel@gmail.com>"
    
    * remotes/kraxel/tags/pull-vnc-20140918-1:
      vnc-tls: Clean up dead store in vnc_set_x509_credential()
      ui/vnc: set TCP_NODELAY
    
    Signed-off-by: Peter Maydell <peter.maydell@linaro.org>

commit 9d64fab42274fb50a39bab184f79d0239596ba4a
Author: Markus Armbruster <armbru@redhat.com>
Date:   Wed Sep 17 09:33:15 2014 +0200

    vnc-tls: Clean up dead store in vnc_set_x509_credential()
    
    Signed-off-by: Markus Armbruster <armbru@redhat.com>
    Signed-off-by: Gerd Hoffmann <kraxel@redhat.com>

commit 86152436eb06a76e495425c1aa862833576fbc71
Author: Peter Lieven <pl@kamp.de>
Date:   Fri Sep 5 22:07:41 2014 +0200

    ui/vnc: set TCP_NODELAY
    
    we currently have the Nagle algorithm enabled for all outgoing VNC updates.
    This may delay sensitive updates as mouse movements or typing in the console.
    As we currently prepare all data in a buffer and then send as much as we can
    disabling the Nagle algorithm should not cause big trouble. Well established
    VNC servers like TightVNC set TCP_NODELAY as well.
    A regular framebuffer update request generates exactly one framebuffer update
    which should be pushed out as fast as possible.
    
    Signed-off-by: Peter Lieven <pl@kamp.de>
    Signed-off-by: Gerd Hoffmann <kraxel@redhat.com>

^ permalink raw reply	[flat|nested] only message in thread

only message in thread, other threads:[~2014-09-19  9:18 UTC | newest]

Thread overview: (only message) (download: mbox.gz follow: Atom feed
-- links below jump to the message on this page --
2014-09-19  9:18 [qemu-mainline test] 30321: regressions - trouble: broken/fail/pass xen.org

This is a public inbox, see mirroring instructions
for how to clone and mirror all data and code used for this inbox;
as well as URLs for NNTP newsgroup(s).