From mboxrd@z Thu Jan 1 00:00:00 1970 From: xen.org Subject: [linux-3.4 test] 30406: regressions - FAIL Date: Fri, 26 Sep 2014 22:22:40 +0100 Message-ID: Mime-Version: 1.0 Content-Type: multipart/mixed; boundary="===============2819893731981297358==" Return-path: List-Unsubscribe: , List-Post: List-Help: List-Subscribe: , Sender: xen-devel-bounces@lists.xen.org Errors-To: xen-devel-bounces@lists.xen.org To: xen-devel@lists.xensource.com Cc: ian.jackson@eu.citrix.com List-Id: xen-devel@lists.xenproject.org --===============2819893731981297358== Content-Type: text/plain Content-Length: 11063 Content-Transfer-Encoding: quoted-printable flight 30406 linux-3.4 real [real] http://www.chiark.greenend.org.uk/~xensrcts/logs/30406/ Regressions :-( Tests which did not succeed and are blocking, including tests which could not be run: build-i386-pvops 5 kernel-build fail REGR. vs. 29727 Tests which are failing intermittently (not blocking): test-amd64-amd64-xl-sedf 5 xen-boot fail pass in 30394 test-amd64-amd64-xl-qemut-debianhvm-amd64 13 guest-localmigrate/x10 fail pass in 30394 test-amd64-i386-xl-qemut-win7-amd64 13 guest-localmigrate/x10 fail in 30394 pass in 30436-bisect Tests which did not succeed, but are not blocking: test-amd64-i386-rumpuserxen-i386 1 build-check(1) blocked n/a test-amd64-i386-qemut-rhel6hvm-intel 1 build-check(1) blocked n/a test-amd64-i386-rhel6hvm-intel 1 build-check(1) blocked n/a test-amd64-i386-xl 1 build-check(1) blocked n/a test-amd64-i386-libvirt 1 build-check(1) blocked n/a test-amd64-i386-xl-credit2 1 build-check(1) blocked n/a test-amd64-amd64-libvirt 9 guest-start fail never pass test-amd64-i386-xl-multivcpu 1 build-check(1) blocked n/a test-amd64-amd64-xl-pcipt-intel 9 guest-start fail never pass test-amd64-i386-qemut-rhel6hvm-amd 1 build-check(1) blocked n/a test-amd64-i386-xl-qemuu-ovmf-amd64 1 build-check(1) blocked n/a test-amd64-i386-xl-qemut-debianhvm-amd64 1 build-check(1) blocked n/a test-amd64-i386-rhel6hvm-amd 1 build-check(1) blocked n/a test-amd64-i386-qemuu-rhel6hvm-amd 1 build-check(1) blocked n/a test-amd64-i386-freebsd10-i386 1 build-check(1) blocked n/a test-amd64-i386-qemuu-rhel6hvm-intel 1 build-check(1) blocked n/a test-amd64-i386-xl-win7-amd64 1 build-check(1) blocked n/a test-amd64-i386-pair 1 build-check(1) blocked n/a test-amd64-i386-xl-qemut-win7-amd64 1 build-check(1) blocked n/a test-amd64-amd64-xl-qemut-winxpsp3 14 guest-stop fail never pass test-amd64-i386-freebsd10-amd64 1 build-check(1) blocked n/a test-amd64-i386-xl-winxpsp3 1 build-check(1) blocked n/a test-amd64-amd64-xl-win7-amd64 14 guest-stop fail never pass test-amd64-i386-xl-qemuu-debianhvm-amd64 1 build-check(1) blocked n/a test-amd64-i386-xl-qemuu-win7-amd64 1 build-check(1) blocked n/a test-amd64-i386-xl-qemuu-winxpsp3 1 build-check(1) blocked n/a test-amd64-amd64-xl-qemuu-win7-amd64 14 guest-stop fail never pass test-amd64-amd64-xl-qemut-win7-amd64 14 guest-stop fail never pass test-amd64-i386-xl-winxpsp3-vcpus1 1 build-check(1) blocked n/a test-amd64-amd64-xl-qemuu-winxpsp3 14 guest-stop fail never pass test-amd64-i386-xl-qemut-winxpsp3-vcpus1 1 build-check(1) blocked n/a test-amd64-i386-xl-qemuu-winxpsp3-vcpus1 1 build-check(1) blocked n/a test-amd64-i386-xl-qemut-winxpsp3 1 build-check(1) blocked n/a test-amd64-amd64-xl-winxpsp3 14 guest-stop fail never pass test-amd64-i386-libvirt 9 guest-start fail in 30394 never pass test-amd64-i386-xl-win7-amd64 14 guest-stop fail in 30394 never pass test-amd64-i386-xl-winxpsp3 14 guest-stop fail in 30394 never pass test-amd64-i386-xl-qemuu-win7-amd64 14 guest-stop fail in 30394 never pass test-amd64-i386-xl-qemuu-winxpsp3 14 guest-stop fail in 30394 never pass test-amd64-i386-xl-winxpsp3-vcpus1 14 guest-stop fail in 30394 never pass test-amd64-i386-xl-qemut-winxpsp3-vcpus1 14 guest-stop fail in 30394 never pass test-amd64-i386-xl-qemuu-winxpsp3-vcpus1 14 guest-stop fail in 30394 never pass test-amd64-i386-xl-qemut-winxpsp3 14 guest-stop fail in 30394 never pass test-amd64-i386-xl-qemut-win7-amd64 14 guest-stop fail in 30436 never pass version targeted for testing: linux bb4a05a0400ed6d2f1e13d1f82f289ff74300a70 baseline version: linux 9f089cfb4be27efe7c1cd1d6261da02496820441 ------------------------------------------------------------ People who touched revisions under test: "Manibalan P" Aaro Koskinen Alan Douglas Andi Kleen Andrew Morton Anton Blanchard Arjun Sreedharan Benjamin Tissoires Brennan Ashton Christian Svensson Christoph Lameter Dan Williams Daniel Mack Dave Chiluk David Mackey David Rientjes David S. Miller Fengguang Wu Florian Fainelli Francesco Muzio Greg KH Greg Kroah-Hartman Guan Xuetao Hans de Goede Huang Rui James Forshaw James Hogan Jan Kara Ja=C5=A1a Bartelj Jiri Kosina Joerg Roedel Johan Hovold Jonas Bonn KOSAKI Motohiro Linus Torvalds Mark Brown Mark Einon Mark Rutland Marti Raudsepp Mathias Nyman Matt Turner Max Filippov Michael Cree Michael S. Tsirkin NeilBrown Nicolas Alt Paolo Bonzini Paul Gortmaker Pavel Shilovsky Pekka Enberg Ralf Baechle Ra=C3=BAl Porcel Russell King Shriraj-Rai P Stefan Kristiansson Stephen Hemminger Steve French Takashi Iwai Tejun Heo Trond Myklebust Will Deacon Zefan Li ------------------------------------------------------------ jobs: build-amd64 pass build-i386 pass build-amd64-libvirt pass build-i386-libvirt pass build-amd64-pvops pass build-i386-pvops fail build-amd64-rumpuserxen pass build-i386-rumpuserxen pass test-amd64-amd64-xl pass test-amd64-i386-xl blocked test-amd64-i386-rhel6hvm-amd blocked test-amd64-i386-qemut-rhel6hvm-amd blocked test-amd64-i386-qemuu-rhel6hvm-amd blocked test-amd64-amd64-xl-qemut-debianhvm-amd64 fail test-amd64-i386-xl-qemut-debianhvm-amd64 blocked test-amd64-amd64-xl-qemuu-debianhvm-amd64 pass test-amd64-i386-xl-qemuu-debianhvm-amd64 blocked test-amd64-i386-freebsd10-amd64 blocked test-amd64-amd64-xl-qemuu-ovmf-amd64 pass test-amd64-i386-xl-qemuu-ovmf-amd64 blocked test-amd64-amd64-rumpuserxen-amd64 pass test-amd64-amd64-xl-qemut-win7-amd64 fail test-amd64-i386-xl-qemut-win7-amd64 blocked test-amd64-amd64-xl-qemuu-win7-amd64 fail test-amd64-i386-xl-qemuu-win7-amd64 blocked test-amd64-amd64-xl-win7-amd64 fail test-amd64-i386-xl-win7-amd64 blocked test-amd64-i386-xl-credit2 blocked test-amd64-i386-freebsd10-i386 blocked test-amd64-i386-rumpuserxen-i386 blocked test-amd64-amd64-xl-pcipt-intel fail test-amd64-i386-rhel6hvm-intel blocked test-amd64-i386-qemut-rhel6hvm-intel blocked test-amd64-i386-qemuu-rhel6hvm-intel blocked test-amd64-amd64-libvirt fail test-amd64-i386-libvirt blocked test-amd64-i386-xl-multivcpu blocked test-amd64-amd64-pair pass test-amd64-i386-pair blocked test-amd64-amd64-xl-sedf-pin pass test-amd64-amd64-xl-sedf fail test-amd64-i386-xl-qemut-winxpsp3-vcpus1 blocked test-amd64-i386-xl-qemuu-winxpsp3-vcpus1 blocked test-amd64-i386-xl-winxpsp3-vcpus1 blocked test-amd64-amd64-xl-qemut-winxpsp3 fail test-amd64-i386-xl-qemut-winxpsp3 blocked test-amd64-amd64-xl-qemuu-winxpsp3 fail test-amd64-i386-xl-qemuu-winxpsp3 blocked test-amd64-amd64-xl-winxpsp3 fail test-amd64-i386-xl-winxpsp3 blocked ------------------------------------------------------------ sg-report-flight on osstest.cam.xci-test.com logs: /home/xc_osstest/logs images: /home/xc_osstest/images Logs, config files, etc. are available at http://www.chiark.greenend.org.uk/~xensrcts/logs Test harness code can be found at http://xenbits.xensource.com/gitweb=3Fp=3Dosstest.git;a=3Dsummary Not pushing. (No revision log; it would be 1034 lines long.) --===============2819893731981297358== Content-Type: text/plain; charset="us-ascii" MIME-Version: 1.0 Content-Transfer-Encoding: 7bit Content-Disposition: inline _______________________________________________ Xen-devel mailing list Xen-devel@lists.xen.org http://lists.xen.org/xen-devel --===============2819893731981297358==--