* [linux-next test] 30422: tolerable FAIL
@ 2014-09-27 1:37 xen.org
0 siblings, 0 replies; only message in thread
From: xen.org @ 2014-09-27 1:37 UTC (permalink / raw)
To: xen-devel; +Cc: ian.jackson
flight 30422 linux-next real [real]
http://www.chiark.greenend.org.uk/~xensrcts/logs/30422/
Failures :-/ but no regressions.
Regressions which are regarded as allowable (not blocking):
test-amd64-amd64-xl-sedf 5 xen-boot fail baseline untested
test-amd64-amd64-xl 5 xen-boot fail baseline untested
test-amd64-amd64-xl-win7-amd64 5 xen-boot fail baseline untested
test-amd64-amd64-xl-winxpsp3 5 xen-boot fail baseline untested
test-amd64-amd64-xl-sedf-pin 5 xen-boot fail baseline untested
test-amd64-amd64-xl-qemut-winxpsp3 5 xen-boot fail baseline untested
test-amd64-amd64-xl-qemut-debianhvm-amd64 5 xen-boot fail baseline untested
test-amd64-amd64-xl-qemut-win7-amd64 5 xen-boot fail baseline untested
test-amd64-amd64-xl-qemuu-ovmf-amd64 5 xen-boot fail baseline untested
test-amd64-amd64-rumpuserxen-amd64 5 xen-boot fail baseline untested
test-amd64-amd64-xl-pcipt-intel 5 xen-boot fail baseline untested
test-amd64-amd64-xl-qemuu-debianhvm-amd64 5 xen-boot fail baseline untested
test-amd64-amd64-xl-qemuu-win7-amd64 5 xen-boot fail baseline untested
test-amd64-amd64-libvirt 5 xen-boot fail baseline untested
test-amd64-amd64-xl-qemuu-winxpsp3 5 xen-boot fail baseline untested
build-armhf-pvops 5 kernel-build fail baseline untested
test-amd64-amd64-pair 8 xen-boot/dst_host fail baseline untested
test-amd64-amd64-pair 7 xen-boot/src_host fail baseline untested
build-i386-pvops 5 kernel-build fail baseline untested
Tests which did not succeed, but are not blocking:
test-amd64-i386-xl-qemuu-winxpsp3-vcpus1 1 build-check(1) blocked n/a
test-amd64-i386-rhel6hvm-intel 1 build-check(1) blocked n/a
test-armhf-armhf-libvirt 1 build-check(1) blocked n/a
test-amd64-i386-qemuu-rhel6hvm-intel 1 build-check(1) blocked n/a
test-amd64-i386-xl-winxpsp3 1 build-check(1) blocked n/a
test-amd64-i386-qemut-rhel6hvm-amd 1 build-check(1) blocked n/a
test-amd64-i386-xl-qemut-debianhvm-amd64 1 build-check(1) blocked n/a
test-amd64-i386-rumpuserxen-i386 1 build-check(1) blocked n/a
test-amd64-i386-freebsd10-amd64 1 build-check(1) blocked n/a
test-amd64-i386-xl-qemut-win7-amd64 1 build-check(1) blocked n/a
test-amd64-i386-libvirt 1 build-check(1) blocked n/a
test-amd64-i386-xl-qemut-winxpsp3 1 build-check(1) blocked n/a
test-amd64-i386-freebsd10-i386 1 build-check(1) blocked n/a
test-amd64-i386-xl-qemuu-win7-amd64 1 build-check(1) blocked n/a
test-amd64-i386-xl-win7-amd64 1 build-check(1) blocked n/a
test-amd64-i386-rhel6hvm-amd 1 build-check(1) blocked n/a
test-amd64-i386-xl 1 build-check(1) blocked n/a
test-amd64-i386-xl-qemuu-ovmf-amd64 1 build-check(1) blocked n/a
test-amd64-i386-xl-qemuu-winxpsp3 1 build-check(1) blocked n/a
test-amd64-i386-xl-winxpsp3-vcpus1 1 build-check(1) blocked n/a
test-amd64-i386-qemut-rhel6hvm-intel 1 build-check(1) blocked n/a
test-amd64-i386-xl-qemuu-debianhvm-amd64 1 build-check(1) blocked n/a
test-amd64-i386-qemuu-rhel6hvm-amd 1 build-check(1) blocked n/a
test-armhf-armhf-xl 1 build-check(1) blocked n/a
test-amd64-i386-xl-qemut-winxpsp3-vcpus1 1 build-check(1) blocked n/a
test-amd64-i386-xl-multivcpu 1 build-check(1) blocked n/a
test-amd64-i386-xl-credit2 1 build-check(1) blocked n/a
test-amd64-i386-pair 1 build-check(1) blocked n/a
version targeted for testing:
linux 8dd2c81f5a94f4b44b7a2f0337caae75ed6a5386
baseline version:
linux 005f800508eb391480f463dad3d54e5b4ec67d57
jobs:
build-amd64 pass
build-armhf pass
build-i386 pass
build-amd64-libvirt pass
build-armhf-libvirt pass
build-i386-libvirt pass
build-amd64-pvops pass
build-armhf-pvops fail
build-i386-pvops fail
build-amd64-rumpuserxen pass
build-i386-rumpuserxen pass
test-amd64-amd64-xl fail
test-armhf-armhf-xl blocked
test-amd64-i386-xl blocked
test-amd64-i386-rhel6hvm-amd blocked
test-amd64-i386-qemut-rhel6hvm-amd blocked
test-amd64-i386-qemuu-rhel6hvm-amd blocked
test-amd64-amd64-xl-qemut-debianhvm-amd64 fail
test-amd64-i386-xl-qemut-debianhvm-amd64 blocked
test-amd64-amd64-xl-qemuu-debianhvm-amd64 fail
test-amd64-i386-xl-qemuu-debianhvm-amd64 blocked
test-amd64-i386-freebsd10-amd64 blocked
test-amd64-amd64-xl-qemuu-ovmf-amd64 fail
test-amd64-i386-xl-qemuu-ovmf-amd64 blocked
test-amd64-amd64-rumpuserxen-amd64 fail
test-amd64-amd64-xl-qemut-win7-amd64 fail
test-amd64-i386-xl-qemut-win7-amd64 blocked
test-amd64-amd64-xl-qemuu-win7-amd64 fail
test-amd64-i386-xl-qemuu-win7-amd64 blocked
test-amd64-amd64-xl-win7-amd64 fail
test-amd64-i386-xl-win7-amd64 blocked
test-amd64-i386-xl-credit2 blocked
test-amd64-i386-freebsd10-i386 blocked
test-amd64-i386-rumpuserxen-i386 blocked
test-amd64-amd64-xl-pcipt-intel fail
test-amd64-i386-rhel6hvm-intel blocked
test-amd64-i386-qemut-rhel6hvm-intel blocked
test-amd64-i386-qemuu-rhel6hvm-intel blocked
test-amd64-amd64-libvirt fail
test-armhf-armhf-libvirt blocked
test-amd64-i386-libvirt blocked
test-amd64-i386-xl-multivcpu blocked
test-amd64-amd64-pair fail
test-amd64-i386-pair blocked
test-amd64-amd64-xl-sedf-pin fail
test-amd64-amd64-xl-sedf fail
test-amd64-i386-xl-qemut-winxpsp3-vcpus1 blocked
test-amd64-i386-xl-qemuu-winxpsp3-vcpus1 blocked
test-amd64-i386-xl-winxpsp3-vcpus1 blocked
test-amd64-amd64-xl-qemut-winxpsp3 fail
test-amd64-i386-xl-qemut-winxpsp3 blocked
test-amd64-amd64-xl-qemuu-winxpsp3 fail
test-amd64-i386-xl-qemuu-winxpsp3 blocked
test-amd64-amd64-xl-winxpsp3 fail
test-amd64-i386-xl-winxpsp3 blocked
------------------------------------------------------------
sg-report-flight on osstest.cam.xci-test.com
logs: /home/xc_osstest/logs
images: /home/xc_osstest/images
Logs, config files, etc. are available at
http://www.chiark.greenend.org.uk/~xensrcts/logs
Test harness code can be found at
http://xenbits.xensource.com/gitweb?p=osstest.git;a=summary
Push not applicable.
^ permalink raw reply [flat|nested] only message in thread
only message in thread, other threads:[~2014-09-27 1:37 UTC | newest]
Thread overview: (only message) (download: mbox.gz follow: Atom feed
-- links below jump to the message on this page --
2014-09-27 1:37 [linux-next test] 30422: tolerable FAIL xen.org
This is a public inbox, see mirroring instructions
for how to clone and mirror all data and code used for this inbox;
as well as URLs for NNTP newsgroup(s).