* [linux-3.10 test] 30429: regressions - trouble: blocked/broken/fail/pass
@ 2014-09-27 11:27 xen.org
0 siblings, 0 replies; only message in thread
From: xen.org @ 2014-09-27 11:27 UTC (permalink / raw)
To: xen-devel; +Cc: ian.jackson
flight 30429 linux-3.10 real [real]
http://www.chiark.greenend.org.uk/~xensrcts/logs/30429/
Regressions :-(
Tests which did not succeed and are blocking,
including tests which could not be run:
test-amd64-amd64-xl-qemut-winxpsp3 7 windows-install fail REGR. vs. 26303
Tests which are failing intermittently (not blocking):
test-amd64-i386-qemuu-rhel6hvm-amd 10 guest-destroy fail pass in 30400
test-amd64-amd64-xl-sedf 13 guest-saverestore.2 fail pass in 30400
test-amd64-i386-xl 11 guest-saverestore fail pass in 30400
test-amd64-i386-xl-credit2 13 guest-saverestore.2 fail pass in 30400
test-amd64-i386-freebsd10-i386 10 guest-saverestore fail pass in 30400
test-amd64-i386-freebsd10-amd64 11 guest-localmigrate fail pass in 30400
test-amd64-amd64-pair 17 guest-migrate/src_host/dst_host fail pass in 30400
test-amd64-i386-pair 4 host-install/dst_host(4) broken pass in 30400
Regressions which are regarded as allowable (not blocking):
build-armhf-libvirt 3 host-install(3) broken blocked in 26303
test-amd64-i386-rumpuserxen-i386 9 guest-destroy fail blocked in 26303
build-armhf-pvops 3 host-install(3) broken blocked in 26303
test-amd64-amd64-xl-qemut-debianhvm-amd64 9 guest-saverestore fail blocked in 26303
test-amd64-amd64-xl-qemuu-debianhvm-amd64 9 guest-saverestore fail blocked in 26303
test-amd64-amd64-xl-winxpsp3 7 windows-install fail like 26303
test-amd64-i386-xl-qemuu-debianhvm-amd64 13 guest-localmigrate/x10 fail in 30400 blocked in 26303
test-amd64-i386-pair 17 guest-migrate/src_host/dst_host fail in 30400 like 26303
Tests which did not succeed, but are not blocking:
test-amd64-i386-libvirt 9 guest-start fail never pass
test-amd64-amd64-xl-pcipt-intel 9 guest-start fail never pass
test-amd64-amd64-libvirt 9 guest-start fail never pass
test-armhf-armhf-xl 1 build-check(1) blocked n/a
test-amd64-i386-xl-qemut-win7-amd64 14 guest-stop fail never pass
test-armhf-armhf-libvirt 1 build-check(1) blocked n/a
test-amd64-amd64-xl-qemuu-win7-amd64 14 guest-stop fail never pass
test-amd64-i386-xl-qemuu-winxpsp3-vcpus1 14 guest-stop fail never pass
test-amd64-amd64-xl-qemuu-winxpsp3 14 guest-stop fail never pass
test-amd64-i386-xl-winxpsp3-vcpus1 14 guest-stop fail never pass
test-amd64-amd64-xl-win7-amd64 14 guest-stop fail never pass
test-amd64-i386-xl-winxpsp3 14 guest-stop fail never pass
test-amd64-i386-xl-qemut-winxpsp3 14 guest-stop fail never pass
test-amd64-i386-xl-win7-amd64 14 guest-stop fail never pass
test-amd64-i386-xl-qemut-winxpsp3-vcpus1 14 guest-stop fail never pass
test-amd64-i386-xl-qemuu-win7-amd64 14 guest-stop fail never pass
test-amd64-amd64-xl-qemut-win7-amd64 14 guest-stop fail never pass
test-amd64-i386-xl-qemuu-winxpsp3 14 guest-stop fail never pass
test-armhf-armhf-xl 5 xen-boot fail in 30400 never pass
test-armhf-armhf-libvirt 5 xen-boot fail in 30400 never pass
version targeted for testing:
linux 339f8f37f0203884332585e38c06536c8477d475
baseline version:
linux be67db109090b17b56eb8eb2190cd70700f107aa
------------------------------------------------------------
587 people touched revisions under test,
not listing them all
------------------------------------------------------------
jobs:
build-amd64 pass
build-armhf pass
build-i386 pass
build-amd64-libvirt pass
build-armhf-libvirt broken
build-i386-libvirt pass
build-amd64-pvops pass
build-armhf-pvops broken
build-i386-pvops pass
build-amd64-rumpuserxen pass
build-i386-rumpuserxen pass
test-amd64-amd64-xl pass
test-armhf-armhf-xl blocked
test-amd64-i386-xl fail
test-amd64-i386-rhel6hvm-amd pass
test-amd64-i386-qemut-rhel6hvm-amd pass
test-amd64-i386-qemuu-rhel6hvm-amd fail
test-amd64-amd64-xl-qemut-debianhvm-amd64 fail
test-amd64-i386-xl-qemut-debianhvm-amd64 pass
test-amd64-amd64-xl-qemuu-debianhvm-amd64 fail
test-amd64-i386-xl-qemuu-debianhvm-amd64 pass
test-amd64-i386-freebsd10-amd64 fail
test-amd64-amd64-xl-qemuu-ovmf-amd64 pass
test-amd64-i386-xl-qemuu-ovmf-amd64 pass
test-amd64-amd64-rumpuserxen-amd64 pass
test-amd64-amd64-xl-qemut-win7-amd64 fail
test-amd64-i386-xl-qemut-win7-amd64 fail
test-amd64-amd64-xl-qemuu-win7-amd64 fail
test-amd64-i386-xl-qemuu-win7-amd64 fail
test-amd64-amd64-xl-win7-amd64 fail
test-amd64-i386-xl-win7-amd64 fail
test-amd64-i386-xl-credit2 fail
test-amd64-i386-freebsd10-i386 fail
test-amd64-i386-rumpuserxen-i386 fail
test-amd64-amd64-xl-pcipt-intel fail
test-amd64-i386-rhel6hvm-intel pass
test-amd64-i386-qemut-rhel6hvm-intel pass
test-amd64-i386-qemuu-rhel6hvm-intel pass
test-amd64-amd64-libvirt fail
test-armhf-armhf-libvirt blocked
test-amd64-i386-libvirt fail
test-amd64-i386-xl-multivcpu pass
test-amd64-amd64-pair fail
test-amd64-i386-pair broken
test-amd64-amd64-xl-sedf-pin pass
test-amd64-amd64-xl-sedf fail
test-amd64-i386-xl-qemut-winxpsp3-vcpus1 fail
test-amd64-i386-xl-qemuu-winxpsp3-vcpus1 fail
test-amd64-i386-xl-winxpsp3-vcpus1 fail
test-amd64-amd64-xl-qemut-winxpsp3 fail
test-amd64-i386-xl-qemut-winxpsp3 fail
test-amd64-amd64-xl-qemuu-winxpsp3 fail
test-amd64-i386-xl-qemuu-winxpsp3 fail
test-amd64-amd64-xl-winxpsp3 fail
test-amd64-i386-xl-winxpsp3 fail
------------------------------------------------------------
sg-report-flight on osstest.cam.xci-test.com
logs: /home/xc_osstest/logs
images: /home/xc_osstest/images
Logs, config files, etc. are available at
http://www.chiark.greenend.org.uk/~xensrcts/logs
Test harness code can be found at
http://xenbits.xensource.com/gitweb?p=osstest.git;a=summary
Not pushing.
(No revision log; it would be 21513 lines long.)
^ permalink raw reply [flat|nested] only message in thread
only message in thread, other threads:[~2014-09-27 11:27 UTC | newest]
Thread overview: (only message) (download: mbox.gz follow: Atom feed
-- links below jump to the message on this page --
2014-09-27 11:27 [linux-3.10 test] 30429: regressions - trouble: blocked/broken/fail/pass xen.org
This is a public inbox, see mirroring instructions
for how to clone and mirror all data and code used for this inbox;
as well as URLs for NNTP newsgroup(s).