xen-devel.lists.xenproject.org archive mirror
 help / color / mirror / Atom feed
From: xen.org <Ian.Jackson@eu.citrix.com>
To: xen-devel@lists.xensource.com
Cc: ian.jackson@eu.citrix.com
Subject: [xen-unstable test] 30448: regressions - trouble: blocked/broken/fail/pass
Date: Sun, 28 Sep 2014 04:42:30 +0100	[thread overview]
Message-ID: <osstest-30448-mainreport@xen.org> (raw)

[-- Attachment #1: Type: text/plain, Size: 8197 bytes --]

flight 30448 xen-unstable real [real]
http://www.chiark.greenend.org.uk/~xensrcts/logs/30448/

Regressions :-(

Tests which did not succeed and are blocking,
including tests which could not be run:
 build-armhf-libvirt           3 host-install(3)         broken REGR. vs. 30359
 build-armhf-pvops             3 host-install(3)         broken REGR. vs. 30359
 test-amd64-amd64-xl-qemut-winxpsp3  3 host-install(3)   broken REGR. vs. 30359
 test-amd64-amd64-xl-winxpsp3  3 host-install(3)         broken REGR. vs. 30359
 test-amd64-i386-xl-winxpsp3-vcpus1 12 guest-localmigrate.2 fail REGR. vs. 30359
 test-amd64-i386-xl-qemuu-win7-amd64  7 windows-install    fail REGR. vs. 30359
 test-amd64-i386-xl-winxpsp3   3 host-install(3)         broken REGR. vs. 30359
 test-amd64-amd64-xl-qemut-win7-amd64  7 windows-install   fail REGR. vs. 30359
 test-amd64-amd64-xl-qemuu-win7-amd64  7 windows-install   fail REGR. vs. 30359
 test-amd64-i386-xl-win7-amd64  3 host-install(3)        broken REGR. vs. 30359
 test-amd64-amd64-xl-win7-amd64  7 windows-install         fail REGR. vs. 30359
 test-amd64-i386-xl-qemut-win7-amd64  7 windows-install    fail REGR. vs. 30359

Regressions which are regarded as allowable (not blocking):
 test-amd64-amd64-xl-qemuu-winxpsp3 10 guest-localmigrate  fail REGR. vs. 30359

Tests which did not succeed, but are not blocking:
 test-amd64-amd64-libvirt      9 guest-start                  fail   never pass
 test-amd64-i386-libvirt       9 guest-start                  fail   never pass
 test-armhf-armhf-libvirt      1 build-check(1)               blocked  n/a
 test-amd64-amd64-xl-pcipt-intel  9 guest-start                 fail never pass
 test-armhf-armhf-xl           1 build-check(1)               blocked  n/a
 test-amd64-i386-xl-qemut-winxpsp3 14 guest-stop                fail never pass
 test-amd64-i386-xl-qemuu-winxpsp3 14 guest-stop                fail never pass
 test-amd64-i386-xl-qemut-winxpsp3-vcpus1 14 guest-stop         fail never pass
 test-amd64-i386-xl-qemuu-winxpsp3-vcpus1 14 guest-stop         fail never pass

version targeted for testing:
 xen                  a608c40d4ffc489a26e3677d060084ec3d29d88f
baseline version:
 xen                  e01fa4e223fc077e18936d890dbd4813c3e7c9b1

------------------------------------------------------------
People who touched revisions under test:
  Andrei LUTAS <vlutas@bitdefender.com>
  Andrew Cooper <andrew.cooper3@citrix.com>
  Anthony PERARD <anthony.perard@citrix.com>
  Daniel De Graaf <dgdegra@tycho.nsa.gov>
  Daniel Kiper <daniel.kiper@oracle.com>
  Dario Faggioli <dario.faggioli@citrix.com>
  David Vrabel <david.vrabel@citrix.com>
  George Dunlap <george.dunlap@eu.citrix.com>
  Ian Campbell <ian.campbell@citrix.com>
  Ian Jackson <ian.jackson@eu.citrix.com>
  Jan Beulich <jbeulich@suse.com>
  Keir Fraser <keir@xen.org>
  Kevin Tian <kevin.tian@intel.com>
  Konrad Rzeszutek Wilk <konrad.wilk@oracle.com>
  Lai Jiangshan <laijs@cn.fujitsu.com>
  Meng Xu <mengxu@cis.upenn.edu>
  Mukesh Rathor <mukesh.rathor@oracle.com>
  Olaf Hering <olaf@aepfle.de>
  Paul Durrant <paul.durrant@citrix.com>
  Roger Pau Monne <roger.pau@citrix.com>
  Roger Pau Monné <roger.pau@citrix.com>
  Roy Franz <roy.franz@linaro.org>
  Samuel Thibault <samuel.thibault@ens-lyon.org>
  Shriram Rajagopalan <rshriram@cs.ubc.ca>
  Sisu Xi <xisisu@gmail.com>
  Stefano Stabellini <stefano.stabellini@eu.citrix.com>
  Suriyan Ramasami <suriyan.r@gmail.com>
  Tamas K Lengyel <tklengyel@sec.in.tum.de>
  Tim Deegan <tim@xen.org>
  Vijaya Kumar K <Vijaya.Kumar@caviumnetworks.com>
  Vitaly Kuznetsov <vkuznets@redhat.com>
  Wei Liu <wei.liu2@citrix.com>
  Wen Congyang <wency@cn.fujitsu.com>
  Yang Hongyang <yanghy@cn.fujitsu.com>
------------------------------------------------------------

jobs:
 build-amd64                                                  pass
 build-armhf                                                  pass
 build-i386                                                   pass
 build-amd64-libvirt                                          pass
 build-armhf-libvirt                                          broken
 build-i386-libvirt                                           pass
 build-amd64-oldkern                                          pass
 build-i386-oldkern                                           pass
 build-amd64-pvops                                            pass
 build-armhf-pvops                                            broken
 build-i386-pvops                                             pass
 build-amd64-rumpuserxen                                      pass
 build-i386-rumpuserxen                                       pass
 test-amd64-amd64-xl                                          pass
 test-armhf-armhf-xl                                          blocked
 test-amd64-i386-xl                                           pass
 test-amd64-i386-rhel6hvm-amd                                 pass
 test-amd64-i386-qemut-rhel6hvm-amd                           pass
 test-amd64-i386-qemuu-rhel6hvm-amd                           pass
 test-amd64-amd64-xl-qemut-debianhvm-amd64                    pass
 test-amd64-i386-xl-qemut-debianhvm-amd64                     pass
 test-amd64-amd64-xl-qemuu-debianhvm-amd64                    pass
 test-amd64-i386-xl-qemuu-debianhvm-amd64                     pass
 test-amd64-i386-freebsd10-amd64                              pass
 test-amd64-amd64-xl-qemuu-ovmf-amd64                         pass
 test-amd64-i386-xl-qemuu-ovmf-amd64                          pass
 test-amd64-amd64-rumpuserxen-amd64                           pass
 test-amd64-amd64-xl-qemut-win7-amd64                         fail
 test-amd64-i386-xl-qemut-win7-amd64                          fail
 test-amd64-amd64-xl-qemuu-win7-amd64                         fail
 test-amd64-i386-xl-qemuu-win7-amd64                          fail
 test-amd64-amd64-xl-win7-amd64                               fail
 test-amd64-i386-xl-win7-amd64                                broken
 test-amd64-i386-xl-credit2                                   pass
 test-amd64-i386-freebsd10-i386                               pass
 test-amd64-i386-rumpuserxen-i386                             pass
 test-amd64-amd64-xl-pcipt-intel                              fail
 test-amd64-i386-rhel6hvm-intel                               pass
 test-amd64-i386-qemut-rhel6hvm-intel                         pass
 test-amd64-i386-qemuu-rhel6hvm-intel                         pass
 test-amd64-amd64-libvirt                                     fail
 test-armhf-armhf-libvirt                                     blocked
 test-amd64-i386-libvirt                                      fail
 test-amd64-i386-xl-multivcpu                                 pass
 test-amd64-amd64-pair                                        pass
 test-amd64-i386-pair                                         pass
 test-amd64-amd64-xl-sedf-pin                                 pass
 test-amd64-amd64-xl-sedf                                     pass
 test-amd64-i386-xl-qemut-winxpsp3-vcpus1                     fail
 test-amd64-i386-xl-qemuu-winxpsp3-vcpus1                     fail
 test-amd64-i386-xl-winxpsp3-vcpus1                           fail
 test-amd64-amd64-xl-qemut-winxpsp3                           broken
 test-amd64-i386-xl-qemut-winxpsp3                            fail
 test-amd64-amd64-xl-qemuu-winxpsp3                           fail
 test-amd64-i386-xl-qemuu-winxpsp3                            fail
 test-amd64-amd64-xl-winxpsp3                                 broken
 test-amd64-i386-xl-winxpsp3                                  broken


------------------------------------------------------------
sg-report-flight on osstest.cam.xci-test.com
logs: /home/xc_osstest/logs
images: /home/xc_osstest/images

Logs, config files, etc. are available at
    http://www.chiark.greenend.org.uk/~xensrcts/logs

Test harness code can be found at
    http://xenbits.xensource.com/gitweb?p=osstest.git;a=summary


Not pushing.

(No revision log; it would be 1688 lines long.)


[-- Attachment #2: Type: text/plain, Size: 126 bytes --]

_______________________________________________
Xen-devel mailing list
Xen-devel@lists.xen.org
http://lists.xen.org/xen-devel

                 reply	other threads:[~2014-09-28  3:42 UTC|newest]

Thread overview: [no followups] expand[flat|nested]  mbox.gz  Atom feed

Reply instructions:

You may reply publicly to this message via plain-text email
using any one of the following methods:

* Save the following mbox file, import it into your mail client,
  and reply-to-all from there: mbox

  Avoid top-posting and favor interleaved quoting:
  https://en.wikipedia.org/wiki/Posting_style#Interleaved_style

* Reply using the --to, --cc, and --in-reply-to
  switches of git-send-email(1):

  git send-email \
    --in-reply-to=osstest-30448-mainreport@xen.org \
    --to=ian.jackson@eu.citrix.com \
    --cc=xen-devel@lists.xensource.com \
    /path/to/YOUR_REPLY

  https://kernel.org/pub/software/scm/git/docs/git-send-email.html

* If your mail client supports setting the In-Reply-To header
  via mailto: links, try the mailto: link
Be sure your reply has a Subject: header at the top and a blank line before the message body.
This is a public inbox, see mirroring instructions
for how to clone and mirror all data and code used for this inbox;
as well as URLs for NNTP newsgroup(s).