From: xen.org <Ian.Jackson@eu.citrix.com>
To: xen-devel@lists.xensource.com
Cc: ian.jackson@eu.citrix.com
Subject: [linux-3.10 test] 30454: regressions - trouble: blocked/broken/fail/pass
Date: Sun, 28 Sep 2014 08:13:37 +0100 [thread overview]
Message-ID: <osstest-30454-mainreport@xen.org> (raw)
flight 30454 linux-3.10 real [real]
http://www.chiark.greenend.org.uk/~xensrcts/logs/30454/
Regressions :-(
Tests which did not succeed and are blocking,
including tests which could not be run:
test-amd64-amd64-xl-qemut-winxpsp3 7 windows-install fail REGR. vs. 26303
Tests which are failing intermittently (not blocking):
test-amd64-amd64-xl-pcipt-intel 3 host-install(3) broken pass in 30429
test-amd64-amd64-libvirt 3 host-install(3) broken pass in 30429
test-amd64-i386-rhel6hvm-amd 3 host-install(3) broken pass in 30429
test-amd64-i386-qemut-rhel6hvm-amd 3 host-install(3) broken pass in 30429
test-amd64-i386-xl-qemut-win7-amd64 9 guest-saverestore fail pass in 30429
test-amd64-amd64-xl-sedf 13 guest-saverestore.2 fail pass in 30400
test-amd64-i386-xl-multivcpu 9 guest-start fail pass in 30429
test-amd64-i386-xl 13 guest-saverestore.2 fail pass in 30400
test-amd64-amd64-xl 15 guest-localmigrate/x10 fail pass in 30429
test-amd64-i386-xl-credit2 11 guest-saverestore fail pass in 30429
test-amd64-amd64-xl-sedf-pin 13 guest-saverestore.2 fail pass in 30429
test-amd64-i386-rhel6hvm-intel 3 host-install(3) broken pass in 30429
test-amd64-i386-xl-qemut-winxpsp3 12 guest-localmigrate.2 fail pass in 30429
test-amd64-i386-xl-win7-amd64 3 host-install(3) broken pass in 30429
test-amd64-amd64-xl-qemuu-ovmf-amd64 10 guest-localmigrate fail pass in 30429
test-amd64-i386-xl-qemuu-win7-amd64 3 host-install(3) broken pass in 30429
test-amd64-i386-pair 4 host-install/dst_host(4) broken pass in 30400
test-amd64-i386-pair 3 host-install/src_host(3) broken pass in 30429
test-amd64-i386-qemuu-rhel6hvm-amd 10 guest-destroy fail in 30429 pass in 30400
test-amd64-i386-xl 11 guest-saverestore fail in 30429 pass in 30454
test-amd64-i386-xl-credit2 13 guest-saverestore.2 fail in 30429 pass in 30400
test-amd64-i386-freebsd10-i386 10 guest-saverestore fail in 30429 pass in 30454
test-amd64-i386-freebsd10-amd64 11 guest-localmigrate fail in 30429 pass in 30454
test-amd64-amd64-pair 17 guest-migrate/src_host/dst_host fail in 30429 pass in 30454
Regressions which are regarded as allowable (not blocking):
test-amd64-amd64-rumpuserxen-amd64 3 host-install(3) broken blocked in 26303
build-armhf-libvirt 3 host-install(3) broken blocked in 26303
test-amd64-i386-qemuu-rhel6hvm-amd 3 host-install(3) broken like 26303
build-armhf-pvops 3 host-install(3) broken blocked in 26303
test-amd64-i386-xl-qemut-debianhvm-amd64 7 debian-hvm-install fail blocked in 26303
test-amd64-amd64-xl-winxpsp3 7 windows-install fail like 26303
test-amd64-i386-rumpuserxen-i386 9 guest-destroy fail in 30429 blocked in 26303
test-amd64-amd64-xl-qemut-debianhvm-amd64 9 guest-saverestore fail in 30429 blocked in 26303
test-amd64-amd64-xl-qemuu-debianhvm-amd64 9 guest-saverestore fail in 30429 blocked in 26303
test-amd64-i386-xl-qemuu-debianhvm-amd64 13 guest-localmigrate/x10 fail in 30400 blocked in 26303
test-amd64-i386-pair 17 guest-migrate/src_host/dst_host fail in 30400 like 26303
Tests which did not succeed, but are not blocking:
test-amd64-i386-libvirt 9 guest-start fail never pass
test-armhf-armhf-xl 1 build-check(1) blocked n/a
test-armhf-armhf-libvirt 1 build-check(1) blocked n/a
test-amd64-amd64-xl-qemuu-win7-amd64 14 guest-stop fail never pass
test-amd64-i386-xl-qemuu-winxpsp3-vcpus1 14 guest-stop fail never pass
test-amd64-amd64-xl-qemuu-winxpsp3 14 guest-stop fail never pass
test-amd64-i386-xl-winxpsp3-vcpus1 14 guest-stop fail never pass
test-amd64-amd64-xl-win7-amd64 14 guest-stop fail never pass
test-amd64-i386-xl-winxpsp3 14 guest-stop fail never pass
test-amd64-i386-xl-qemut-winxpsp3-vcpus1 14 guest-stop fail never pass
test-amd64-amd64-xl-qemut-win7-amd64 14 guest-stop fail never pass
test-amd64-i386-xl-qemuu-winxpsp3 14 guest-stop fail never pass
test-amd64-amd64-xl-pcipt-intel 9 guest-start fail in 30429 never pass
test-amd64-amd64-libvirt 9 guest-start fail in 30429 never pass
test-amd64-i386-xl-qemut-win7-amd64 14 guest-stop fail in 30429 never pass
test-amd64-i386-xl-qemut-winxpsp3 14 guest-stop fail in 30429 never pass
test-amd64-i386-xl-win7-amd64 14 guest-stop fail in 30429 never pass
test-amd64-i386-xl-qemuu-win7-amd64 14 guest-stop fail in 30429 never pass
test-armhf-armhf-xl 5 xen-boot fail in 30400 never pass
test-armhf-armhf-libvirt 5 xen-boot fail in 30400 never pass
version targeted for testing:
linux 339f8f37f0203884332585e38c06536c8477d475
baseline version:
linux be67db109090b17b56eb8eb2190cd70700f107aa
------------------------------------------------------------
587 people touched revisions under test,
not listing them all
------------------------------------------------------------
jobs:
build-amd64 pass
build-armhf pass
build-i386 pass
build-amd64-libvirt pass
build-armhf-libvirt broken
build-i386-libvirt pass
build-amd64-pvops pass
build-armhf-pvops broken
build-i386-pvops pass
build-amd64-rumpuserxen pass
build-i386-rumpuserxen pass
test-amd64-amd64-xl fail
test-armhf-armhf-xl blocked
test-amd64-i386-xl fail
test-amd64-i386-rhel6hvm-amd broken
test-amd64-i386-qemut-rhel6hvm-amd broken
test-amd64-i386-qemuu-rhel6hvm-amd broken
test-amd64-amd64-xl-qemut-debianhvm-amd64 pass
test-amd64-i386-xl-qemut-debianhvm-amd64 fail
test-amd64-amd64-xl-qemuu-debianhvm-amd64 pass
test-amd64-i386-xl-qemuu-debianhvm-amd64 pass
test-amd64-i386-freebsd10-amd64 pass
test-amd64-amd64-xl-qemuu-ovmf-amd64 fail
test-amd64-i386-xl-qemuu-ovmf-amd64 pass
test-amd64-amd64-rumpuserxen-amd64 broken
test-amd64-amd64-xl-qemut-win7-amd64 fail
test-amd64-i386-xl-qemut-win7-amd64 fail
test-amd64-amd64-xl-qemuu-win7-amd64 fail
test-amd64-i386-xl-qemuu-win7-amd64 broken
test-amd64-amd64-xl-win7-amd64 fail
test-amd64-i386-xl-win7-amd64 broken
test-amd64-i386-xl-credit2 fail
test-amd64-i386-freebsd10-i386 pass
test-amd64-i386-rumpuserxen-i386 pass
test-amd64-amd64-xl-pcipt-intel broken
test-amd64-i386-rhel6hvm-intel broken
test-amd64-i386-qemut-rhel6hvm-intel pass
test-amd64-i386-qemuu-rhel6hvm-intel pass
test-amd64-amd64-libvirt broken
test-armhf-armhf-libvirt blocked
test-amd64-i386-libvirt fail
test-amd64-i386-xl-multivcpu fail
test-amd64-amd64-pair pass
test-amd64-i386-pair broken
test-amd64-amd64-xl-sedf-pin fail
test-amd64-amd64-xl-sedf fail
test-amd64-i386-xl-qemut-winxpsp3-vcpus1 fail
test-amd64-i386-xl-qemuu-winxpsp3-vcpus1 fail
test-amd64-i386-xl-winxpsp3-vcpus1 fail
test-amd64-amd64-xl-qemut-winxpsp3 fail
test-amd64-i386-xl-qemut-winxpsp3 fail
test-amd64-amd64-xl-qemuu-winxpsp3 fail
test-amd64-i386-xl-qemuu-winxpsp3 fail
test-amd64-amd64-xl-winxpsp3 fail
test-amd64-i386-xl-winxpsp3 fail
------------------------------------------------------------
sg-report-flight on osstest.cam.xci-test.com
logs: /home/xc_osstest/logs
images: /home/xc_osstest/images
Logs, config files, etc. are available at
http://www.chiark.greenend.org.uk/~xensrcts/logs
Test harness code can be found at
http://xenbits.xensource.com/gitweb?p=osstest.git;a=summary
Not pushing.
(No revision log; it would be 21513 lines long.)
reply other threads:[~2014-09-28 7:13 UTC|newest]
Thread overview: [no followups] expand[flat|nested] mbox.gz Atom feed
Reply instructions:
You may reply publicly to this message via plain-text email
using any one of the following methods:
* Save the following mbox file, import it into your mail client,
and reply-to-all from there: mbox
Avoid top-posting and favor interleaved quoting:
https://en.wikipedia.org/wiki/Posting_style#Interleaved_style
* Reply using the --to, --cc, and --in-reply-to
switches of git-send-email(1):
git send-email \
--in-reply-to=osstest-30454-mainreport@xen.org \
--to=ian.jackson@eu.citrix.com \
--cc=xen-devel@lists.xensource.com \
/path/to/YOUR_REPLY
https://kernel.org/pub/software/scm/git/docs/git-send-email.html
* If your mail client supports setting the In-Reply-To header
via mailto: links, try the mailto: link
Be sure your reply has a Subject: header at the top and a blank line
before the message body.
This is a public inbox, see mirroring instructions
for how to clone and mirror all data and code used for this inbox;
as well as URLs for NNTP newsgroup(s).